{"version":"1.0","provider_name":"Prefectura de Manab\u00ed","provider_url":"https:\/\/www.manabi.gob.ec","author_name":"admin","author_url":"https:\/\/www.manabi.gob.ec\/index.php\/author\/admin\/","title":"150 cafetaleros manabitas se muestran al mundo - Prefectura de Manab\u00ed","type":"rich","width":600,"height":338,"html":"<blockquote class=\"wp-embedded-content\" data-secret=\"I1S3w1Q78x\"><a href=\"https:\/\/www.manabi.gob.ec\/index.php\/150-cafetaleros-manabitas-se-muestran-al-mundo\/\">150 cafetaleros manabitas se muestran al mundo<\/a><\/blockquote><iframe sandbox=\"allow-scripts\" security=\"restricted\" src=\"https:\/\/www.manabi.gob.ec\/index.php\/150-cafetaleros-manabitas-se-muestran-al-mundo\/embed\/#?secret=I1S3w1Q78x\" width=\"600\" height=\"338\" title=\"\u00ab150 cafetaleros manabitas se muestran al mundo\u00bb \u2014 Prefectura de Manab\u00ed\" data-secret=\"I1S3w1Q78x\" frameborder=\"0\" marginwidth=\"0\" marginheight=\"0\" scrolling=\"no\" class=\"wp-embedded-content\"><\/iframe><script type=\"text\/javascript\">\n\/* <![CDATA[ *\/\n\/*! This file is auto-generated *\/\n!function(d,l){\"use strict\";l.querySelector&&d.addEventListener&&\"undefined\"!=typeof URL&&(d.wp=d.wp||{},d.wp.receiveEmbedMessage||(d.wp.receiveEmbedMessage=function(e){var t=e.data;if((t||t.secret||t.message||t.value)&&!\/[^a-zA-Z0-9]\/.test(t.secret)){for(var s,r,n,a=l.querySelectorAll('iframe[data-secret=\"'+t.secret+'\"]'),o=l.querySelectorAll('blockquote[data-secret=\"'+t.secret+'\"]'),c=new RegExp(\"^https?:$\",\"i\"),i=0;i<o.length;i++)o[i].style.display=\"none\";for(i=0;i<a.length;i++)s=a[i],e.source===s.contentWindow&&(s.removeAttribute(\"style\"),\"height\"===t.message?(1e3<(r=parseInt(t.value,10))?r=1e3:~~r<200&&(r=200),s.height=r):\"link\"===t.message&&(r=new URL(s.getAttribute(\"src\")),n=new URL(t.value),c.test(n.protocol))&&n.host===r.host&&l.activeElement===s&&(d.top.location.href=t.value))}},d.addEventListener(\"message\",d.wp.receiveEmbedMessage,!1),l.addEventListener(\"DOMContentLoaded\",function(){for(var e,t,s=l.querySelectorAll(\"iframe.wp-embedded-content\"),r=0;r<s.length;r++)(t=(e=s[r]).getAttribute(\"data-secret\"))||(t=Math.random().toString(36).substring(2,12),e.src+=\"#?secret=\"+t,e.setAttribute(\"data-secret\",t)),e.contentWindow.postMessage({message:\"ready\",secret:t},\"*\")},!1)))}(window,document);\n\/* ]]> *\/\n<\/script>\n","thumbnail_url":"https:\/\/www.manabi.gob.ec\/wp-content\/uploads\/2019\/10\/Evento-sobre-caf\u00e9-manabita-3.jpeg","thumbnail_width":1280,"thumbnail_height":853,"description":"M\u00e1s de 150 productores de caf\u00e9 manabita participan de una de las ferias m\u00e1s relevante del a\u00f1o denominada \u201cTe van a conocer Compa\u201d. La actividad es organizada por la empresa Wolfpack con el apoyo del Gobierno de Manab\u00ed. Del 23 hasta el 27 de octubre se realizan actividades que permiten poner en contacto representantes de [&hellip;]"}

Prefectura de Manabí

150 cafetaleros manabitas se muestran al mundo - Prefectura de Manabí

<blockquote class="wp-embedded-content" data-secret="I1S3w1Q78x"><a href="https://www.manabi.gob.ec/index.php/150-cafetaleros-manabitas-se-muestran-al-mundo/">150 cafetaleros manabitas se muestran al mundo</a></blockquote><iframe sandbox="allow-scripts" security="restricted" src="https://www.manabi.gob.ec/index.php/150-cafetaleros-manabitas-se-muestran-al-mundo/embed/#?secret=I1S3w1Q78x" width="600" height="338" title="«150 cafetaleros manabitas se muestran al mundo» — Prefectura de Manabí" data-secret="I1S3w1Q78x" frameborder="0" marginwidth="0" marginheight="0" scrolling="no" class="wp-embedded-content"></iframe><script type="text/javascript">
/* <![CDATA[ */
/*! This file is auto-generated */
!function(d,l){"use strict";l.querySelector&&d.addEventListener&&"undefined"!=typeof URL&&(d.wp=d.wp||{},d.wp.receiveEmbedMessage||(d.wp.receiveEmbedMessage=function(e){var t=e.data;if((t||t.secret||t.message||t.value)&&!/[^a-zA-Z0-9]/.test(t.secret)){for(var s,r,n,a=l.querySelectorAll('iframe[data-secret="'+t.secret+'"]'),o=l.querySelectorAll('blockquote[data-secret="'+t.secret+'"]'),c=new RegExp("^https?:$","i"),i=0;i<o.length;i++)o[i].style.display="none";for(i=0;i<a.length;i++)s=a[i],e.source===s.contentWindow&&(s.removeAttribute("style"),"height"===t.message?(1e3<(r=parseInt(t.value,10))?r=1e3:~~r<200&&(r=200),s.height=r):"link"===t.message&&(r=new URL(s.getAttribute("src")),n=new URL(t.value),c.test(n.protocol))&&n.host===r.host&&l.activeElement===s&&(d.top.location.href=t.value))}},d.addEventListener("message",d.wp.receiveEmbedMessage,!1),l.addEventListener("DOMContentLoaded",function(){for(var e,t,s=l.querySelectorAll("iframe.wp-embedded-content"),r=0;r<s.length;r++)(t=(e=s[r]).getAttribute("data-secret"))||(t=Math.random().toString(36).substring(2,12),e.src+="#?secret="+t,e.setAttribute("data-secret",t)),e.contentWindow.postMessage({message:"ready",secret:t},"*")},!1)))}(window,document);
/* ]]> */
</script>

https://www.manabi.gob.ec/wp-content/uploads/2019/10/Evento-sobre-café-manabita-3.jpeg

Más de 150 productores de café manabita participan de una de las ferias más relevante del año denominada “Te van a conocer Compa”. La actividad es organizada por la empresa Wolfpack con el apoyo del Gobierno de Manabí. Del 23 hasta el 27 de octubre se realizan actividades que permiten poner en contacto representantes de [&hellip;]
