{"version":"1.0","provider_name":"Prefectura de Manab\u00ed","provider_url":"https:\/\/www.manabi.gob.ec","author_name":"Lui Ochoa","author_url":"https:\/\/www.manabi.gob.ec\/index.php\/author\/lochoa\/","title":"\u00a1CON VISI\u00d3N INTEGRAMOS A PORTOVIEJO! - Prefectura de Manab\u00ed","type":"rich","width":600,"height":338,"html":"<blockquote class=\"wp-embedded-content\" data-secret=\"go6KL401ER\"><a href=\"https:\/\/www.manabi.gob.ec\/index.php\/con-vision-integramos-a-portoviejo\/\">\u00a1CON VISI\u00d3N INTEGRAMOS A PORTOVIEJO!<\/a><\/blockquote><iframe sandbox=\"allow-scripts\" security=\"restricted\" src=\"https:\/\/www.manabi.gob.ec\/index.php\/con-vision-integramos-a-portoviejo\/embed\/#?secret=go6KL401ER\" width=\"600\" height=\"338\" title=\"\u00ab\u00a1CON VISI\u00d3N INTEGRAMOS A PORTOVIEJO!\u00bb \u2014 Prefectura de Manab\u00ed\" data-secret=\"go6KL401ER\" frameborder=\"0\" marginwidth=\"0\" marginheight=\"0\" scrolling=\"no\" class=\"wp-embedded-content\"><\/iframe><script type=\"text\/javascript\">\n\/* <![CDATA[ *\/\n\/*! This file is auto-generated *\/\n!function(d,l){\"use strict\";l.querySelector&&d.addEventListener&&\"undefined\"!=typeof URL&&(d.wp=d.wp||{},d.wp.receiveEmbedMessage||(d.wp.receiveEmbedMessage=function(e){var t=e.data;if((t||t.secret||t.message||t.value)&&!\/[^a-zA-Z0-9]\/.test(t.secret)){for(var s,r,n,a=l.querySelectorAll('iframe[data-secret=\"'+t.secret+'\"]'),o=l.querySelectorAll('blockquote[data-secret=\"'+t.secret+'\"]'),c=new RegExp(\"^https?:$\",\"i\"),i=0;i<o.length;i++)o[i].style.display=\"none\";for(i=0;i<a.length;i++)s=a[i],e.source===s.contentWindow&&(s.removeAttribute(\"style\"),\"height\"===t.message?(1e3<(r=parseInt(t.value,10))?r=1e3:~~r<200&&(r=200),s.height=r):\"link\"===t.message&&(r=new URL(s.getAttribute(\"src\")),n=new URL(t.value),c.test(n.protocol))&&n.host===r.host&&l.activeElement===s&&(d.top.location.href=t.value))}},d.addEventListener(\"message\",d.wp.receiveEmbedMessage,!1),l.addEventListener(\"DOMContentLoaded\",function(){for(var e,t,s=l.querySelectorAll(\"iframe.wp-embedded-content\"),r=0;r<s.length;r++)(t=(e=s[r]).getAttribute(\"data-secret\"))||(t=Math.random().toString(36).substring(2,12),e.src+=\"#?secret=\"+t,e.setAttribute(\"data-secret\",t)),e.contentWindow.postMessage({message:\"ready\",secret:t},\"*\")},!1)))}(window,document);\n\/* ]]> *\/\n<\/script>\n","thumbnail_url":"https:\/\/www.manabi.gob.ec\/wp-content\/uploads\/2022\/10\/WhatsApp-Image-2022-10-22-at-10.19.57-AM.jpeg","thumbnail_width":1280,"thumbnail_height":855,"description":"Est\u00e1 terminada la v\u00eda Los Laureles - La Majagua construida por la PrefecturaEl prefecto de Manab\u00ed, Leonardo Orlando, socializ\u00f3 los trabajos terminados de la v\u00eda Los Laureles - La Majagua, de la parroquia Riochico del cant\u00f3n Portoviejo, de 1,24 kil\u00f3metros.\u201cM\u00e1s obras para mi Portoviejo profundo, seguiremos atendiendo las necesidades de los ciudadanos; planificando equitativamente para lograr conectar a m\u00e1s comunidades y que las obras lleguen donde nunca nadie ha estado\u201d, expres\u00f3 el prefecto, Leonardo Orlando.Habitantes de varias comunidades recibieron al Prefecto, quien lleg\u00f3 a realizar la socializaci\u00f3n de los trabajos terminados de la v\u00eda Los Laureles - La Majagua, cuya inversi\u00f3n supera los 177 mil d\u00f3lares.Esta importante v\u00eda reactiva la producci\u00f3n y permite facilidades para que su gente pueda sacar sus productos a los mercados. Facilita tambi\u00e9n la movilidad de 115 familias de las comunidades Los Laureles y Majagua.\u201cEs un privilegio y un honor tener al Prefecto en nuestra comunidad; recibimos y agradecemos con amor esta obra, tambi\u00e9n agradecemos por lo vendr\u00e1. Siempre ser\u00e1 bien recibido, se\u00f1or Prefecto, nuestro aprecio y gratitud son para usted\u201d, dijo Manuel Ch\u00e1vez, presidente de la comunidad Los Laureles."}

Prefectura de Manabí

¡CON VISIÓN INTEGRAMOS A PORTOVIEJO! - Prefectura de Manabí

<blockquote class="wp-embedded-content" data-secret="go6KL401ER"><a href="https://www.manabi.gob.ec/index.php/con-vision-integramos-a-portoviejo/">¡CON VISIÓN INTEGRAMOS A PORTOVIEJO!</a></blockquote><iframe sandbox="allow-scripts" security="restricted" src="https://www.manabi.gob.ec/index.php/con-vision-integramos-a-portoviejo/embed/#?secret=go6KL401ER" width="600" height="338" title="«¡CON VISIÓN INTEGRAMOS A PORTOVIEJO!» — Prefectura de Manabí" data-secret="go6KL401ER" frameborder="0" marginwidth="0" marginheight="0" scrolling="no" class="wp-embedded-content"></iframe><script type="text/javascript">
/* <![CDATA[ */
/*! This file is auto-generated */
!function(d,l){"use strict";l.querySelector&&d.addEventListener&&"undefined"!=typeof URL&&(d.wp=d.wp||{},d.wp.receiveEmbedMessage||(d.wp.receiveEmbedMessage=function(e){var t=e.data;if((t||t.secret||t.message||t.value)&&!/[^a-zA-Z0-9]/.test(t.secret)){for(var s,r,n,a=l.querySelectorAll('iframe[data-secret="'+t.secret+'"]'),o=l.querySelectorAll('blockquote[data-secret="'+t.secret+'"]'),c=new RegExp("^https?:$","i"),i=0;i<o.length;i++)o[i].style.display="none";for(i=0;i<a.length;i++)s=a[i],e.source===s.contentWindow&&(s.removeAttribute("style"),"height"===t.message?(1e3<(r=parseInt(t.value,10))?r=1e3:~~r<200&&(r=200),s.height=r):"link"===t.message&&(r=new URL(s.getAttribute("src")),n=new URL(t.value),c.test(n.protocol))&&n.host===r.host&&l.activeElement===s&&(d.top.location.href=t.value))}},d.addEventListener("message",d.wp.receiveEmbedMessage,!1),l.addEventListener("DOMContentLoaded",function(){for(var e,t,s=l.querySelectorAll("iframe.wp-embedded-content"),r=0;r<s.length;r++)(t=(e=s[r]).getAttribute("data-secret"))||(t=Math.random().toString(36).substring(2,12),e.src+="#?secret="+t,e.setAttribute("data-secret",t)),e.contentWindow.postMessage({message:"ready",secret:t},"*")},!1)))}(window,document);
/* ]]> */
</script>

Está terminada la vía Los Laureles - La Majagua construida por la PrefecturaEl prefecto de Manabí, Leonardo Orlando, socializó los trabajos terminados de la vía Los Laureles - La Majagua, de la parroquia Riochico del cantón Portoviejo, de 1,24 kilómetros.“Más obras para mi Portoviejo profundo, seguiremos atendiendo las necesidades de los ciudadanos; planificando equitativamente para lograr conectar a más comunidades y que las obras lleguen donde nunca nadie ha estado”, expresó el prefecto, Leonardo Orlando.Habitantes de varias comunidades recibieron al Prefecto, quien llegó a realizar la socialización de los trabajos terminados de la vía Los Laureles - La Majagua, cuya inversión supera los 177 mil dólares.Esta importante vía reactiva la producción y permite facilidades para que su gente pueda sacar sus productos a los mercados. Facilita también la movilidad de 115 familias de las comunidades Los Laureles y Majagua.“Es un privilegio y un honor tener al Prefecto en nuestra comunidad; recibimos y agradecemos con amor esta obra, también agradecemos por lo vendrá. Siempre será bien recibido, señor Prefecto, nuestro aprecio y gratitud son para usted”, dijo Manuel Chávez, presidente de la comunidad Los Laureles.
