{"version":"1.0","provider_name":"Prefectura de Manab\u00ed","provider_url":"https:\/\/www.manabi.gob.ec","author_name":"Lui Ochoa","author_url":"https:\/\/www.manabi.gob.ec\/index.php\/author\/lochoa\/","title":"\u00a1Continuamos llevando salud a los Manabitas! - Prefectura de Manab\u00ed","type":"rich","width":600,"height":338,"html":"<blockquote class=\"wp-embedded-content\" data-secret=\"g0zzWysq9I\"><a href=\"https:\/\/www.manabi.gob.ec\/index.php\/continuamos-llevando-salud-a-los-manabitas\/\">\u00a1Continuamos llevando salud a los Manabitas!<\/a><\/blockquote><iframe sandbox=\"allow-scripts\" security=\"restricted\" src=\"https:\/\/www.manabi.gob.ec\/index.php\/continuamos-llevando-salud-a-los-manabitas\/embed\/#?secret=g0zzWysq9I\" width=\"600\" height=\"338\" title=\"\u00ab\u00a1Continuamos llevando salud a los Manabitas!\u00bb \u2014 Prefectura de Manab\u00ed\" data-secret=\"g0zzWysq9I\" frameborder=\"0\" marginwidth=\"0\" marginheight=\"0\" scrolling=\"no\" class=\"wp-embedded-content\"><\/iframe><script type=\"text\/javascript\">\n\/* <![CDATA[ *\/\n\/*! This file is auto-generated *\/\n!function(d,l){\"use strict\";l.querySelector&&d.addEventListener&&\"undefined\"!=typeof URL&&(d.wp=d.wp||{},d.wp.receiveEmbedMessage||(d.wp.receiveEmbedMessage=function(e){var t=e.data;if((t||t.secret||t.message||t.value)&&!\/[^a-zA-Z0-9]\/.test(t.secret)){for(var s,r,n,a=l.querySelectorAll('iframe[data-secret=\"'+t.secret+'\"]'),o=l.querySelectorAll('blockquote[data-secret=\"'+t.secret+'\"]'),c=new RegExp(\"^https?:$\",\"i\"),i=0;i<o.length;i++)o[i].style.display=\"none\";for(i=0;i<a.length;i++)s=a[i],e.source===s.contentWindow&&(s.removeAttribute(\"style\"),\"height\"===t.message?(1e3<(r=parseInt(t.value,10))?r=1e3:~~r<200&&(r=200),s.height=r):\"link\"===t.message&&(r=new URL(s.getAttribute(\"src\")),n=new URL(t.value),c.test(n.protocol))&&n.host===r.host&&l.activeElement===s&&(d.top.location.href=t.value))}},d.addEventListener(\"message\",d.wp.receiveEmbedMessage,!1),l.addEventListener(\"DOMContentLoaded\",function(){for(var e,t,s=l.querySelectorAll(\"iframe.wp-embedded-content\"),r=0;r<s.length;r++)(t=(e=s[r]).getAttribute(\"data-secret\"))||(t=Math.random().toString(36).substring(2,12),e.src+=\"#?secret=\"+t,e.setAttribute(\"data-secret\",t)),e.contentWindow.postMessage({message:\"ready\",secret:t},\"*\")},!1)))}(window,document);\n\/* ]]> *\/\n<\/script>\n","thumbnail_url":"https:\/\/www.manabi.gob.ec\/wp-content\/uploads\/2022\/05\/WhatsApp-Image-2022-05-17-at-3.33.57-PM.jpg","thumbnail_width":1148,"thumbnail_height":576,"description":"Como lo hacemos de forma permanente y en todo el territorio manabita, seguimos llevando jornadas m\u00e9dicas integrales, como acci\u00f3n prioritaria, desde la Prefectura de Manab\u00ed. Llegamos hasta el sitio Las Pampas del cant\u00f3n Montecristi, donde desarrollamos jornadas especializadas en medicina general, optometr\u00eda y odontolog\u00eda, as\u00ed como la dotaci\u00f3n de la medicina correspondiente. Las jornadas de [&hellip;]"}

Prefectura de Manabí

¡Continuamos llevando salud a los Manabitas! - Prefectura de Manabí

<blockquote class="wp-embedded-content" data-secret="g0zzWysq9I"><a href="https://www.manabi.gob.ec/index.php/continuamos-llevando-salud-a-los-manabitas/">¡Continuamos llevando salud a los Manabitas!</a></blockquote><iframe sandbox="allow-scripts" security="restricted" src="https://www.manabi.gob.ec/index.php/continuamos-llevando-salud-a-los-manabitas/embed/#?secret=g0zzWysq9I" width="600" height="338" title="«¡Continuamos llevando salud a los Manabitas!» — Prefectura de Manabí" data-secret="g0zzWysq9I" frameborder="0" marginwidth="0" marginheight="0" scrolling="no" class="wp-embedded-content"></iframe><script type="text/javascript">
/* <![CDATA[ */
/*! This file is auto-generated */
!function(d,l){"use strict";l.querySelector&&d.addEventListener&&"undefined"!=typeof URL&&(d.wp=d.wp||{},d.wp.receiveEmbedMessage||(d.wp.receiveEmbedMessage=function(e){var t=e.data;if((t||t.secret||t.message||t.value)&&!/[^a-zA-Z0-9]/.test(t.secret)){for(var s,r,n,a=l.querySelectorAll('iframe[data-secret="'+t.secret+'"]'),o=l.querySelectorAll('blockquote[data-secret="'+t.secret+'"]'),c=new RegExp("^https?:$","i"),i=0;i<o.length;i++)o[i].style.display="none";for(i=0;i<a.length;i++)s=a[i],e.source===s.contentWindow&&(s.removeAttribute("style"),"height"===t.message?(1e3<(r=parseInt(t.value,10))?r=1e3:~~r<200&&(r=200),s.height=r):"link"===t.message&&(r=new URL(s.getAttribute("src")),n=new URL(t.value),c.test(n.protocol))&&n.host===r.host&&l.activeElement===s&&(d.top.location.href=t.value))}},d.addEventListener("message",d.wp.receiveEmbedMessage,!1),l.addEventListener("DOMContentLoaded",function(){for(var e,t,s=l.querySelectorAll("iframe.wp-embedded-content"),r=0;r<s.length;r++)(t=(e=s[r]).getAttribute("data-secret"))||(t=Math.random().toString(36).substring(2,12),e.src+="#?secret="+t,e.setAttribute("data-secret",t)),e.contentWindow.postMessage({message:"ready",secret:t},"*")},!1)))}(window,document);
/* ]]> */
</script>

Como lo hacemos de forma permanente y en todo el territorio manabita, seguimos llevando jornadas médicas integrales, como acción prioritaria, desde la Prefectura de Manabí. Llegamos hasta el sitio Las Pampas del cantón Montecristi, donde desarrollamos jornadas especializadas en medicina general, optometría y odontología, así como la dotación de la medicina correspondiente. Las jornadas de [&hellip;]
