{"version":"1.0","provider_name":"Prefectura de Manab\u00ed","provider_url":"https:\/\/www.manabi.gob.ec","author_name":"Lui Ochoa","author_url":"https:\/\/www.manabi.gob.ec\/index.php\/author\/lochoa\/","title":"\u00a1DERROCHE DE ALEGR\u00cdA EN DESFILE ESTUDIANTIL! - Prefectura de Manab\u00ed","type":"rich","width":600,"height":338,"html":"<blockquote class=\"wp-embedded-content\" data-secret=\"iUC78dVGLp\"><a href=\"https:\/\/www.manabi.gob.ec\/index.php\/derroche-de-alegria-en-desfile-estudiantil\/\">\u00a1DERROCHE DE ALEGR\u00cdA EN DESFILE ESTUDIANTIL!<\/a><\/blockquote><iframe sandbox=\"allow-scripts\" security=\"restricted\" src=\"https:\/\/www.manabi.gob.ec\/index.php\/derroche-de-alegria-en-desfile-estudiantil\/embed\/#?secret=iUC78dVGLp\" width=\"600\" height=\"338\" title=\"\u00ab\u00a1DERROCHE DE ALEGR\u00cdA EN DESFILE ESTUDIANTIL!\u00bb \u2014 Prefectura de Manab\u00ed\" data-secret=\"iUC78dVGLp\" frameborder=\"0\" marginwidth=\"0\" marginheight=\"0\" scrolling=\"no\" class=\"wp-embedded-content\"><\/iframe><script type=\"text\/javascript\">\n\/* <![CDATA[ *\/\n\/*! This file is auto-generated *\/\n!function(d,l){\"use strict\";l.querySelector&&d.addEventListener&&\"undefined\"!=typeof URL&&(d.wp=d.wp||{},d.wp.receiveEmbedMessage||(d.wp.receiveEmbedMessage=function(e){var t=e.data;if((t||t.secret||t.message||t.value)&&!\/[^a-zA-Z0-9]\/.test(t.secret)){for(var s,r,n,a=l.querySelectorAll('iframe[data-secret=\"'+t.secret+'\"]'),o=l.querySelectorAll('blockquote[data-secret=\"'+t.secret+'\"]'),c=new RegExp(\"^https?:$\",\"i\"),i=0;i<o.length;i++)o[i].style.display=\"none\";for(i=0;i<a.length;i++)s=a[i],e.source===s.contentWindow&&(s.removeAttribute(\"style\"),\"height\"===t.message?(1e3<(r=parseInt(t.value,10))?r=1e3:~~r<200&&(r=200),s.height=r):\"link\"===t.message&&(r=new URL(s.getAttribute(\"src\")),n=new URL(t.value),c.test(n.protocol))&&n.host===r.host&&l.activeElement===s&&(d.top.location.href=t.value))}},d.addEventListener(\"message\",d.wp.receiveEmbedMessage,!1),l.addEventListener(\"DOMContentLoaded\",function(){for(var e,t,s=l.querySelectorAll(\"iframe.wp-embedded-content\"),r=0;r<s.length;r++)(t=(e=s[r]).getAttribute(\"data-secret\"))||(t=Math.random().toString(36).substring(2,12),e.src+=\"#?secret=\"+t,e.setAttribute(\"data-secret\",t)),e.contentWindow.postMessage({message:\"ready\",secret:t},\"*\")},!1)))}(window,document);\n\/* ]]> *\/\n<\/script>\n","thumbnail_url":"https:\/\/www.manabi.gob.ec\/wp-content\/uploads\/2022\/12\/WhatsApp-Image-2022-12-11-at-12.28.50.jpeg","thumbnail_width":1024,"thumbnail_height":684,"description":"Abd\u00f3n Calder\u00f3n celebra 115 a\u00f1os de parroquializaci\u00f3n La parroquia Abd\u00f3n Calder\u00f3n del cant\u00f3n Portoviejo celebra este domingo 11 de diciembre 115 a\u00f1os de vida parroquial. El Prefecto de Manab\u00ed, Leonardo Orlando, se hizo presente para rendirle homenaje a esta productiva tierra de gente trabajadora y hospitalaria.Junto al presidente del Gobierno Parroquial, Pedro Navia, y otras [&hellip;]"}

Prefectura de Manabí

¡DERROCHE DE ALEGRÍA EN DESFILE ESTUDIANTIL! - Prefectura de Manabí

<blockquote class="wp-embedded-content" data-secret="iUC78dVGLp"><a href="https://www.manabi.gob.ec/index.php/derroche-de-alegria-en-desfile-estudiantil/">¡DERROCHE DE ALEGRÍA EN DESFILE ESTUDIANTIL!</a></blockquote><iframe sandbox="allow-scripts" security="restricted" src="https://www.manabi.gob.ec/index.php/derroche-de-alegria-en-desfile-estudiantil/embed/#?secret=iUC78dVGLp" width="600" height="338" title="«¡DERROCHE DE ALEGRÍA EN DESFILE ESTUDIANTIL!» — Prefectura de Manabí" data-secret="iUC78dVGLp" frameborder="0" marginwidth="0" marginheight="0" scrolling="no" class="wp-embedded-content"></iframe><script type="text/javascript">
/* <![CDATA[ */
/*! This file is auto-generated */
!function(d,l){"use strict";l.querySelector&&d.addEventListener&&"undefined"!=typeof URL&&(d.wp=d.wp||{},d.wp.receiveEmbedMessage||(d.wp.receiveEmbedMessage=function(e){var t=e.data;if((t||t.secret||t.message||t.value)&&!/[^a-zA-Z0-9]/.test(t.secret)){for(var s,r,n,a=l.querySelectorAll('iframe[data-secret="'+t.secret+'"]'),o=l.querySelectorAll('blockquote[data-secret="'+t.secret+'"]'),c=new RegExp("^https?:$","i"),i=0;i<o.length;i++)o[i].style.display="none";for(i=0;i<a.length;i++)s=a[i],e.source===s.contentWindow&&(s.removeAttribute("style"),"height"===t.message?(1e3<(r=parseInt(t.value,10))?r=1e3:~~r<200&&(r=200),s.height=r):"link"===t.message&&(r=new URL(s.getAttribute("src")),n=new URL(t.value),c.test(n.protocol))&&n.host===r.host&&l.activeElement===s&&(d.top.location.href=t.value))}},d.addEventListener("message",d.wp.receiveEmbedMessage,!1),l.addEventListener("DOMContentLoaded",function(){for(var e,t,s=l.querySelectorAll("iframe.wp-embedded-content"),r=0;r<s.length;r++)(t=(e=s[r]).getAttribute("data-secret"))||(t=Math.random().toString(36).substring(2,12),e.src+="#?secret="+t,e.setAttribute("data-secret",t)),e.contentWindow.postMessage({message:"ready",secret:t},"*")},!1)))}(window,document);
/* ]]> */
</script>

Abdón Calderón celebra 115 años de parroquialización La parroquia Abdón Calderón del cantón Portoviejo celebra este domingo 11 de diciembre 115 años de vida parroquial. El Prefecto de Manabí, Leonardo Orlando, se hizo presente para rendirle homenaje a esta productiva tierra de gente trabajadora y hospitalaria.Junto al presidente del Gobierno Parroquial, Pedro Navia, y otras [&hellip;]
