{"version":"1.0","provider_name":"Prefectura de Manab\u00ed","provider_url":"https:\/\/www.manabi.gob.ec","author_name":"Lui Ochoa","author_url":"https:\/\/www.manabi.gob.ec\/index.php\/author\/lochoa\/","title":"\u00a1El puente en Camarones es una bendici\u00f3n!\u00a0 - Prefectura de Manab\u00ed","type":"rich","width":600,"height":338,"html":"<blockquote class=\"wp-embedded-content\" data-secret=\"9lUEfN2Dot\"><a href=\"https:\/\/www.manabi.gob.ec\/index.php\/el-puente-en-camarones-es-una-bendicion\/\">\u00a1El puente en Camarones es una bendici\u00f3n!\u00a0<\/a><\/blockquote><iframe sandbox=\"allow-scripts\" security=\"restricted\" src=\"https:\/\/www.manabi.gob.ec\/index.php\/el-puente-en-camarones-es-una-bendicion\/embed\/#?secret=9lUEfN2Dot\" width=\"600\" height=\"338\" title=\"\u00ab\u00a1El puente en Camarones es una bendici\u00f3n!\u00a0\u00bb \u2014 Prefectura de Manab\u00ed\" data-secret=\"9lUEfN2Dot\" frameborder=\"0\" marginwidth=\"0\" marginheight=\"0\" scrolling=\"no\" class=\"wp-embedded-content\"><\/iframe><script type=\"text\/javascript\">\n\/* <![CDATA[ *\/\n\/*! This file is auto-generated *\/\n!function(d,l){\"use strict\";l.querySelector&&d.addEventListener&&\"undefined\"!=typeof URL&&(d.wp=d.wp||{},d.wp.receiveEmbedMessage||(d.wp.receiveEmbedMessage=function(e){var t=e.data;if((t||t.secret||t.message||t.value)&&!\/[^a-zA-Z0-9]\/.test(t.secret)){for(var s,r,n,a=l.querySelectorAll('iframe[data-secret=\"'+t.secret+'\"]'),o=l.querySelectorAll('blockquote[data-secret=\"'+t.secret+'\"]'),c=new RegExp(\"^https?:$\",\"i\"),i=0;i<o.length;i++)o[i].style.display=\"none\";for(i=0;i<a.length;i++)s=a[i],e.source===s.contentWindow&&(s.removeAttribute(\"style\"),\"height\"===t.message?(1e3<(r=parseInt(t.value,10))?r=1e3:~~r<200&&(r=200),s.height=r):\"link\"===t.message&&(r=new URL(s.getAttribute(\"src\")),n=new URL(t.value),c.test(n.protocol))&&n.host===r.host&&l.activeElement===s&&(d.top.location.href=t.value))}},d.addEventListener(\"message\",d.wp.receiveEmbedMessage,!1),l.addEventListener(\"DOMContentLoaded\",function(){for(var e,t,s=l.querySelectorAll(\"iframe.wp-embedded-content\"),r=0;r<s.length;r++)(t=(e=s[r]).getAttribute(\"data-secret\"))||(t=Math.random().toString(36).substring(2,12),e.src+=\"#?secret=\"+t,e.setAttribute(\"data-secret\",t)),e.contentWindow.postMessage({message:\"ready\",secret:t},\"*\")},!1)))}(window,document);\n\/* ]]> *\/\n<\/script>\n","thumbnail_url":"https:\/\/www.manabi.gob.ec\/wp-content\/uploads\/2022\/04\/EC986196-8033-4FF9-8710-8FAE2AEECC01.jpeg","thumbnail_width":1033,"thumbnail_height":841,"description":"\"Mi pueblo recuper\u00f3 el autoestima con est\u00e1 obra, ahora s\u00ed que se venga el invierno que sea\", manifest\u00f3 Ugalde Vaca, presidente de la comunidad Camarones de Jama. En este lugar la Prefectura de Manab\u00ed, realiz\u00f3 el acto de inauguraci\u00f3n del nuevo puente. En este evento particip\u00f3 en primera fila la familia Vaca Vaca, quienes expresaron su alegr\u00eda. \"Ahora ya podemos salir en invierno, sin ninguna preocupaci\u00f3n\", dijo Alejandro Vaca. Este viaducto de 17 metros de longitud y 8,20 de ancho fue constru\u00eddo por el Gobierno Provincial, por un valor superior a 207 mil d\u00f3lares, recursos provenientes del Banco de Desarrollo del Ecuador.\"Hoy sabemos que ya no tendr\u00e1n limitaciones, a partir de ahora muchas m\u00e1s personas deben venir a conocer el \u00e1rea de conservaci\u00f3n ambiental Camarones, una reserva de 762 hect\u00e1reas con m\u00e1s 300 especies de aves y variedad de fauna y microclimas\", expres\u00f3 el prefecto Leonardo Orlando. El puente camarones fue inaugurado este s\u00e1bado 23 de abril con la presencia del prefecto y la viceprefecta de Manab\u00ed, Leonardo Orlando y Kelly Buenaventura, respectivamente. El alcalde de Jama Robert Castro, y los presidentes de los GAD's parroquiales de Canoa, Diez de Agosto, Atahualpa y Chibunga, y ciudadan\u00eda en general tambi\u00e9n participaron de este importante acto."}

Prefectura de Manabí

¡El puente en Camarones es una bendición!  - Prefectura de Manabí

<blockquote class="wp-embedded-content" data-secret="9lUEfN2Dot"><a href="https://www.manabi.gob.ec/index.php/el-puente-en-camarones-es-una-bendicion/">¡El puente en Camarones es una bendición! </a></blockquote><iframe sandbox="allow-scripts" security="restricted" src="https://www.manabi.gob.ec/index.php/el-puente-en-camarones-es-una-bendicion/embed/#?secret=9lUEfN2Dot" width="600" height="338" title="«¡El puente en Camarones es una bendición! » — Prefectura de Manabí" data-secret="9lUEfN2Dot" frameborder="0" marginwidth="0" marginheight="0" scrolling="no" class="wp-embedded-content"></iframe><script type="text/javascript">
/* <![CDATA[ */
/*! This file is auto-generated */
!function(d,l){"use strict";l.querySelector&&d.addEventListener&&"undefined"!=typeof URL&&(d.wp=d.wp||{},d.wp.receiveEmbedMessage||(d.wp.receiveEmbedMessage=function(e){var t=e.data;if((t||t.secret||t.message||t.value)&&!/[^a-zA-Z0-9]/.test(t.secret)){for(var s,r,n,a=l.querySelectorAll('iframe[data-secret="'+t.secret+'"]'),o=l.querySelectorAll('blockquote[data-secret="'+t.secret+'"]'),c=new RegExp("^https?:$","i"),i=0;i<o.length;i++)o[i].style.display="none";for(i=0;i<a.length;i++)s=a[i],e.source===s.contentWindow&&(s.removeAttribute("style"),"height"===t.message?(1e3<(r=parseInt(t.value,10))?r=1e3:~~r<200&&(r=200),s.height=r):"link"===t.message&&(r=new URL(s.getAttribute("src")),n=new URL(t.value),c.test(n.protocol))&&n.host===r.host&&l.activeElement===s&&(d.top.location.href=t.value))}},d.addEventListener("message",d.wp.receiveEmbedMessage,!1),l.addEventListener("DOMContentLoaded",function(){for(var e,t,s=l.querySelectorAll("iframe.wp-embedded-content"),r=0;r<s.length;r++)(t=(e=s[r]).getAttribute("data-secret"))||(t=Math.random().toString(36).substring(2,12),e.src+="#?secret="+t,e.setAttribute("data-secret",t)),e.contentWindow.postMessage({message:"ready",secret:t},"*")},!1)))}(window,document);
/* ]]> */
</script>

"Mi pueblo recuperó el autoestima con está obra, ahora sí que se venga el invierno que sea", manifestó Ugalde Vaca, presidente de la comunidad Camarones de Jama. En este lugar la Prefectura de Manabí, realizó el acto de inauguración del nuevo puente. En este evento participó en primera fila la familia Vaca Vaca, quienes expresaron su alegría. "Ahora ya podemos salir en invierno, sin ninguna preocupación", dijo Alejandro Vaca. Este viaducto de 17 metros de longitud y 8,20 de ancho fue construído por el Gobierno Provincial, por un valor superior a 207 mil dólares, recursos provenientes del Banco de Desarrollo del Ecuador."Hoy sabemos que ya no tendrán limitaciones, a partir de ahora muchas más personas deben venir a conocer el área de conservación ambiental Camarones, una reserva de 762 hectáreas con más 300 especies de aves y variedad de fauna y microclimas", expresó el prefecto Leonardo Orlando. El puente camarones fue inaugurado este sábado 23 de abril con la presencia del prefecto y la viceprefecta de Manabí, Leonardo Orlando y Kelly Buenaventura, respectivamente. El alcalde de Jama Robert Castro, y los presidentes de los GAD's parroquiales de Canoa, Diez de Agosto, Atahualpa y Chibunga, y ciudadanía en general también participaron de este importante acto.
