{"version":"1.0","provider_name":"Prefectura de Manab\u00ed","provider_url":"https:\/\/www.manabi.gob.ec","author_name":"admin","author_url":"https:\/\/www.manabi.gob.ec\/index.php\/author\/admin\/","title":"EN OLMEDO SE TRABAJA POR MEJORES V\u00cdAS - Prefectura de Manab\u00ed","type":"rich","width":600,"height":338,"html":"<blockquote class=\"wp-embedded-content\" data-secret=\"B3hdKR1u8W\"><a href=\"https:\/\/www.manabi.gob.ec\/index.php\/en-olmedo-se-trabaja-por-mejores-vias\/\">EN OLMEDO SE TRABAJA POR MEJORES V\u00cdAS<\/a><\/blockquote><iframe sandbox=\"allow-scripts\" security=\"restricted\" src=\"https:\/\/www.manabi.gob.ec\/index.php\/en-olmedo-se-trabaja-por-mejores-vias\/embed\/#?secret=B3hdKR1u8W\" width=\"600\" height=\"338\" title=\"\u00abEN OLMEDO SE TRABAJA POR MEJORES V\u00cdAS\u00bb \u2014 Prefectura de Manab\u00ed\" data-secret=\"B3hdKR1u8W\" frameborder=\"0\" marginwidth=\"0\" marginheight=\"0\" scrolling=\"no\" class=\"wp-embedded-content\"><\/iframe><script type=\"text\/javascript\">\n\/* <![CDATA[ *\/\n\/*! This file is auto-generated *\/\n!function(d,l){\"use strict\";l.querySelector&&d.addEventListener&&\"undefined\"!=typeof URL&&(d.wp=d.wp||{},d.wp.receiveEmbedMessage||(d.wp.receiveEmbedMessage=function(e){var t=e.data;if((t||t.secret||t.message||t.value)&&!\/[^a-zA-Z0-9]\/.test(t.secret)){for(var s,r,n,a=l.querySelectorAll('iframe[data-secret=\"'+t.secret+'\"]'),o=l.querySelectorAll('blockquote[data-secret=\"'+t.secret+'\"]'),c=new RegExp(\"^https?:$\",\"i\"),i=0;i<o.length;i++)o[i].style.display=\"none\";for(i=0;i<a.length;i++)s=a[i],e.source===s.contentWindow&&(s.removeAttribute(\"style\"),\"height\"===t.message?(1e3<(r=parseInt(t.value,10))?r=1e3:~~r<200&&(r=200),s.height=r):\"link\"===t.message&&(r=new URL(s.getAttribute(\"src\")),n=new URL(t.value),c.test(n.protocol))&&n.host===r.host&&l.activeElement===s&&(d.top.location.href=t.value))}},d.addEventListener(\"message\",d.wp.receiveEmbedMessage,!1),l.addEventListener(\"DOMContentLoaded\",function(){for(var e,t,s=l.querySelectorAll(\"iframe.wp-embedded-content\"),r=0;r<s.length;r++)(t=(e=s[r]).getAttribute(\"data-secret\"))||(t=Math.random().toString(36).substring(2,12),e.src+=\"#?secret=\"+t,e.setAttribute(\"data-secret\",t)),e.contentWindow.postMessage({message:\"ready\",secret:t},\"*\")},!1)))}(window,document);\n\/* ]]> *\/\n<\/script>\n","thumbnail_url":null,"thumbnail_width":null,"thumbnail_height":null,"description":"El Gobierno de Manab\u00ed y el Municipio del cant\u00f3n Olmedo trabajan en varios frentes viales para que las comunidades de esta jurisdicci\u00f3n tengan caminos en buen estado que les permita una mejor conectividad. Hace dos semanas trabajan en&nbsp;el mantenimiento&nbsp;&nbsp;de la v\u00eda San Pablo \u2013 Pescado Abajo \u2013 Pescado Arriba en una distancia de 11, 5 [&hellip;]"}

Prefectura de Manabí

EN OLMEDO SE TRABAJA POR MEJORES VÍAS - Prefectura de Manabí

<blockquote class="wp-embedded-content" data-secret="B3hdKR1u8W"><a href="https://www.manabi.gob.ec/index.php/en-olmedo-se-trabaja-por-mejores-vias/">EN OLMEDO SE TRABAJA POR MEJORES VÍAS</a></blockquote><iframe sandbox="allow-scripts" security="restricted" src="https://www.manabi.gob.ec/index.php/en-olmedo-se-trabaja-por-mejores-vias/embed/#?secret=B3hdKR1u8W" width="600" height="338" title="«EN OLMEDO SE TRABAJA POR MEJORES VÍAS» — Prefectura de Manabí" data-secret="B3hdKR1u8W" frameborder="0" marginwidth="0" marginheight="0" scrolling="no" class="wp-embedded-content"></iframe><script type="text/javascript">
/* <![CDATA[ */
/*! This file is auto-generated */
!function(d,l){"use strict";l.querySelector&&d.addEventListener&&"undefined"!=typeof URL&&(d.wp=d.wp||{},d.wp.receiveEmbedMessage||(d.wp.receiveEmbedMessage=function(e){var t=e.data;if((t||t.secret||t.message||t.value)&&!/[^a-zA-Z0-9]/.test(t.secret)){for(var s,r,n,a=l.querySelectorAll('iframe[data-secret="'+t.secret+'"]'),o=l.querySelectorAll('blockquote[data-secret="'+t.secret+'"]'),c=new RegExp("^https?:$","i"),i=0;i<o.length;i++)o[i].style.display="none";for(i=0;i<a.length;i++)s=a[i],e.source===s.contentWindow&&(s.removeAttribute("style"),"height"===t.message?(1e3<(r=parseInt(t.value,10))?r=1e3:~~r<200&&(r=200),s.height=r):"link"===t.message&&(r=new URL(s.getAttribute("src")),n=new URL(t.value),c.test(n.protocol))&&n.host===r.host&&l.activeElement===s&&(d.top.location.href=t.value))}},d.addEventListener("message",d.wp.receiveEmbedMessage,!1),l.addEventListener("DOMContentLoaded",function(){for(var e,t,s=l.querySelectorAll("iframe.wp-embedded-content"),r=0;r<s.length;r++)(t=(e=s[r]).getAttribute("data-secret"))||(t=Math.random().toString(36).substring(2,12),e.src+="#?secret="+t,e.setAttribute("data-secret",t)),e.contentWindow.postMessage({message:"ready",secret:t},"*")},!1)))}(window,document);
/* ]]> */
</script>

El Gobierno de Manabí y el Municipio del cantón Olmedo trabajan en varios frentes viales para que las comunidades de esta jurisdicción tengan caminos en buen estado que les permita una mejor conectividad. Hace dos semanas trabajan en&nbsp;el mantenimiento&nbsp;&nbsp;de la vía San Pablo – Pescado Abajo – Pescado Arriba en una distancia de 11, 5 [&hellip;]
