{"version":"1.0","provider_name":"Prefectura de Manab\u00ed","provider_url":"https:\/\/www.manabi.gob.ec","author_name":"Lui Ochoa","author_url":"https:\/\/www.manabi.gob.ec\/index.php\/author\/lochoa\/","title":"\u00a1Gran d\u00eda para Manab\u00ed! - Prefectura de Manab\u00ed","type":"rich","width":600,"height":338,"html":"<blockquote class=\"wp-embedded-content\" data-secret=\"usBDFdCDxz\"><a href=\"https:\/\/www.manabi.gob.ec\/index.php\/gran-dia-para-manabi\/\">\u00a1Gran d\u00eda para Manab\u00ed!<\/a><\/blockquote><iframe sandbox=\"allow-scripts\" security=\"restricted\" src=\"https:\/\/www.manabi.gob.ec\/index.php\/gran-dia-para-manabi\/embed\/#?secret=usBDFdCDxz\" width=\"600\" height=\"338\" title=\"\u00ab\u00a1Gran d\u00eda para Manab\u00ed!\u00bb \u2014 Prefectura de Manab\u00ed\" data-secret=\"usBDFdCDxz\" frameborder=\"0\" marginwidth=\"0\" marginheight=\"0\" scrolling=\"no\" class=\"wp-embedded-content\"><\/iframe><script type=\"text\/javascript\">\n\/* <![CDATA[ *\/\n\/*! This file is auto-generated *\/\n!function(d,l){\"use strict\";l.querySelector&&d.addEventListener&&\"undefined\"!=typeof URL&&(d.wp=d.wp||{},d.wp.receiveEmbedMessage||(d.wp.receiveEmbedMessage=function(e){var t=e.data;if((t||t.secret||t.message||t.value)&&!\/[^a-zA-Z0-9]\/.test(t.secret)){for(var s,r,n,a=l.querySelectorAll('iframe[data-secret=\"'+t.secret+'\"]'),o=l.querySelectorAll('blockquote[data-secret=\"'+t.secret+'\"]'),c=new RegExp(\"^https?:$\",\"i\"),i=0;i<o.length;i++)o[i].style.display=\"none\";for(i=0;i<a.length;i++)s=a[i],e.source===s.contentWindow&&(s.removeAttribute(\"style\"),\"height\"===t.message?(1e3<(r=parseInt(t.value,10))?r=1e3:~~r<200&&(r=200),s.height=r):\"link\"===t.message&&(r=new URL(s.getAttribute(\"src\")),n=new URL(t.value),c.test(n.protocol))&&n.host===r.host&&l.activeElement===s&&(d.top.location.href=t.value))}},d.addEventListener(\"message\",d.wp.receiveEmbedMessage,!1),l.addEventListener(\"DOMContentLoaded\",function(){for(var e,t,s=l.querySelectorAll(\"iframe.wp-embedded-content\"),r=0;r<s.length;r++)(t=(e=s[r]).getAttribute(\"data-secret\"))||(t=Math.random().toString(36).substring(2,12),e.src+=\"#?secret=\"+t,e.setAttribute(\"data-secret\",t)),e.contentWindow.postMessage({message:\"ready\",secret:t},\"*\")},!1)))}(window,document);\n\/* ]]> *\/\n<\/script>\n","thumbnail_url":"https:\/\/www.manabi.gob.ec\/wp-content\/uploads\/2022\/06\/WhatsApp-Image-2022-06-25-at-10.05.13-AM.jpeg","thumbnail_width":1504,"thumbnail_height":1004,"description":"Hoy nuestra linda provincia conmemor\u00e1 198 a\u00f1os de vida pol\u00edtica, y tambi\u00e9n recordamos el natalicio del Gral. Eloy Alfaro Delgado, este ilutre personaje que protagoniz\u00f3 la Revoluci\u00f3n Liberal. En memoria de \u201cel mejor ecuatoriano de todos los tiempos\u201d, el prefecto, Leonardo Orlando y la viceprefecta, Kelly Buenaventura, acompa\u00f1ados de estudiantes de la unidad educativa conocida [&hellip;]"}

Prefectura de Manabí

¡Gran día para Manabí! - Prefectura de Manabí

<blockquote class="wp-embedded-content" data-secret="usBDFdCDxz"><a href="https://www.manabi.gob.ec/index.php/gran-dia-para-manabi/">¡Gran día para Manabí!</a></blockquote><iframe sandbox="allow-scripts" security="restricted" src="https://www.manabi.gob.ec/index.php/gran-dia-para-manabi/embed/#?secret=usBDFdCDxz" width="600" height="338" title="«¡Gran día para Manabí!» — Prefectura de Manabí" data-secret="usBDFdCDxz" frameborder="0" marginwidth="0" marginheight="0" scrolling="no" class="wp-embedded-content"></iframe><script type="text/javascript">
/* <![CDATA[ */
/*! This file is auto-generated */
!function(d,l){"use strict";l.querySelector&&d.addEventListener&&"undefined"!=typeof URL&&(d.wp=d.wp||{},d.wp.receiveEmbedMessage||(d.wp.receiveEmbedMessage=function(e){var t=e.data;if((t||t.secret||t.message||t.value)&&!/[^a-zA-Z0-9]/.test(t.secret)){for(var s,r,n,a=l.querySelectorAll('iframe[data-secret="'+t.secret+'"]'),o=l.querySelectorAll('blockquote[data-secret="'+t.secret+'"]'),c=new RegExp("^https?:$","i"),i=0;i<o.length;i++)o[i].style.display="none";for(i=0;i<a.length;i++)s=a[i],e.source===s.contentWindow&&(s.removeAttribute("style"),"height"===t.message?(1e3<(r=parseInt(t.value,10))?r=1e3:~~r<200&&(r=200),s.height=r):"link"===t.message&&(r=new URL(s.getAttribute("src")),n=new URL(t.value),c.test(n.protocol))&&n.host===r.host&&l.activeElement===s&&(d.top.location.href=t.value))}},d.addEventListener("message",d.wp.receiveEmbedMessage,!1),l.addEventListener("DOMContentLoaded",function(){for(var e,t,s=l.querySelectorAll("iframe.wp-embedded-content"),r=0;r<s.length;r++)(t=(e=s[r]).getAttribute("data-secret"))||(t=Math.random().toString(36).substring(2,12),e.src+="#?secret="+t,e.setAttribute("data-secret",t)),e.contentWindow.postMessage({message:"ready",secret:t},"*")},!1)))}(window,document);
/* ]]> */
</script>

Hoy nuestra linda provincia conmemorá 198 años de vida política, y también recordamos el natalicio del Gral. Eloy Alfaro Delgado, este ilutre personaje que protagonizó la Revolución Liberal. En memoria de “el mejor ecuatoriano de todos los tiempos”, el prefecto, Leonardo Orlando y la viceprefecta, Kelly Buenaventura, acompañados de estudiantes de la unidad educativa conocida [&hellip;]
