{"version":"1.0","provider_name":"Prefectura de Manab\u00ed","provider_url":"https:\/\/www.manabi.gob.ec","author_name":"Lui Ochoa","author_url":"https:\/\/www.manabi.gob.ec\/index.php\/author\/lochoa\/","title":"\u00a1LAS OBRAS EN OLMEDO NADIE LAS PUEDE OCULTAR! - Prefectura de Manab\u00ed","type":"rich","width":600,"height":338,"html":"<blockquote class=\"wp-embedded-content\" data-secret=\"hkai9N4B9L\"><a href=\"https:\/\/www.manabi.gob.ec\/index.php\/las-obras-en-olmedo-nadie-las-puede-ocultar\/\">\u00a1LAS OBRAS EN OLMEDO NADIE LAS PUEDE OCULTAR!<\/a><\/blockquote><iframe sandbox=\"allow-scripts\" security=\"restricted\" src=\"https:\/\/www.manabi.gob.ec\/index.php\/las-obras-en-olmedo-nadie-las-puede-ocultar\/embed\/#?secret=hkai9N4B9L\" width=\"600\" height=\"338\" title=\"\u00ab\u00a1LAS OBRAS EN OLMEDO NADIE LAS PUEDE OCULTAR!\u00bb \u2014 Prefectura de Manab\u00ed\" data-secret=\"hkai9N4B9L\" frameborder=\"0\" marginwidth=\"0\" marginheight=\"0\" scrolling=\"no\" class=\"wp-embedded-content\"><\/iframe><script type=\"text\/javascript\">\n\/* <![CDATA[ *\/\n\/*! This file is auto-generated *\/\n!function(d,l){\"use strict\";l.querySelector&&d.addEventListener&&\"undefined\"!=typeof URL&&(d.wp=d.wp||{},d.wp.receiveEmbedMessage||(d.wp.receiveEmbedMessage=function(e){var t=e.data;if((t||t.secret||t.message||t.value)&&!\/[^a-zA-Z0-9]\/.test(t.secret)){for(var s,r,n,a=l.querySelectorAll('iframe[data-secret=\"'+t.secret+'\"]'),o=l.querySelectorAll('blockquote[data-secret=\"'+t.secret+'\"]'),c=new RegExp(\"^https?:$\",\"i\"),i=0;i<o.length;i++)o[i].style.display=\"none\";for(i=0;i<a.length;i++)s=a[i],e.source===s.contentWindow&&(s.removeAttribute(\"style\"),\"height\"===t.message?(1e3<(r=parseInt(t.value,10))?r=1e3:~~r<200&&(r=200),s.height=r):\"link\"===t.message&&(r=new URL(s.getAttribute(\"src\")),n=new URL(t.value),c.test(n.protocol))&&n.host===r.host&&l.activeElement===s&&(d.top.location.href=t.value))}},d.addEventListener(\"message\",d.wp.receiveEmbedMessage,!1),l.addEventListener(\"DOMContentLoaded\",function(){for(var e,t,s=l.querySelectorAll(\"iframe.wp-embedded-content\"),r=0;r<s.length;r++)(t=(e=s[r]).getAttribute(\"data-secret\"))||(t=Math.random().toString(36).substring(2,12),e.src+=\"#?secret=\"+t,e.setAttribute(\"data-secret\",t)),e.contentWindow.postMessage({message:\"ready\",secret:t},\"*\")},!1)))}(window,document);\n\/* ]]> *\/\n<\/script>\n","thumbnail_url":"https:\/\/www.manabi.gob.ec\/wp-content\/uploads\/2022\/09\/WhatsApp-Image-2022-09-01-at-11.27.41-AM.jpeg","thumbnail_width":1280,"thumbnail_height":855,"description":"Este 31 de agosto, el prefecto de Manab\u00ed, Leonardo Orlando, particip\u00f3 en la sesi\u00f3n solemne por la conmemoraci\u00f3n de los 28 a\u00f1os de cantonizaci\u00f3n de Olmedo.La primera autoridad indic\u00f3 que la inversi\u00f3n en obras para este cant\u00f3n es de 3&#8217;598.090,92 d\u00f3lares.En su intervenci\u00f3n destac\u00f3 el trabajo articulado con el GAD municipal para ejecutar proyectos para [&hellip;]"}

Prefectura de Manabí

¡LAS OBRAS EN OLMEDO NADIE LAS PUEDE OCULTAR! - Prefectura de Manabí

<blockquote class="wp-embedded-content" data-secret="hkai9N4B9L"><a href="https://www.manabi.gob.ec/index.php/las-obras-en-olmedo-nadie-las-puede-ocultar/">¡LAS OBRAS EN OLMEDO NADIE LAS PUEDE OCULTAR!</a></blockquote><iframe sandbox="allow-scripts" security="restricted" src="https://www.manabi.gob.ec/index.php/las-obras-en-olmedo-nadie-las-puede-ocultar/embed/#?secret=hkai9N4B9L" width="600" height="338" title="«¡LAS OBRAS EN OLMEDO NADIE LAS PUEDE OCULTAR!» — Prefectura de Manabí" data-secret="hkai9N4B9L" frameborder="0" marginwidth="0" marginheight="0" scrolling="no" class="wp-embedded-content"></iframe><script type="text/javascript">
/* <![CDATA[ */
/*! This file is auto-generated */
!function(d,l){"use strict";l.querySelector&&d.addEventListener&&"undefined"!=typeof URL&&(d.wp=d.wp||{},d.wp.receiveEmbedMessage||(d.wp.receiveEmbedMessage=function(e){var t=e.data;if((t||t.secret||t.message||t.value)&&!/[^a-zA-Z0-9]/.test(t.secret)){for(var s,r,n,a=l.querySelectorAll('iframe[data-secret="'+t.secret+'"]'),o=l.querySelectorAll('blockquote[data-secret="'+t.secret+'"]'),c=new RegExp("^https?:$","i"),i=0;i<o.length;i++)o[i].style.display="none";for(i=0;i<a.length;i++)s=a[i],e.source===s.contentWindow&&(s.removeAttribute("style"),"height"===t.message?(1e3<(r=parseInt(t.value,10))?r=1e3:~~r<200&&(r=200),s.height=r):"link"===t.message&&(r=new URL(s.getAttribute("src")),n=new URL(t.value),c.test(n.protocol))&&n.host===r.host&&l.activeElement===s&&(d.top.location.href=t.value))}},d.addEventListener("message",d.wp.receiveEmbedMessage,!1),l.addEventListener("DOMContentLoaded",function(){for(var e,t,s=l.querySelectorAll("iframe.wp-embedded-content"),r=0;r<s.length;r++)(t=(e=s[r]).getAttribute("data-secret"))||(t=Math.random().toString(36).substring(2,12),e.src+="#?secret="+t,e.setAttribute("data-secret",t)),e.contentWindow.postMessage({message:"ready",secret:t},"*")},!1)))}(window,document);
/* ]]> */
</script>

Este 31 de agosto, el prefecto de Manabí, Leonardo Orlando, participó en la sesión solemne por la conmemoración de los 28 años de cantonización de Olmedo.La primera autoridad indicó que la inversión en obras para este cantón es de 3&#8217;598.090,92 dólares.En su intervención destacó el trabajo articulado con el GAD municipal para ejecutar proyectos para [&hellip;]
