{"version":"1.0","provider_name":"Prefectura de Manab\u00ed","provider_url":"https:\/\/www.manabi.gob.ec","author_name":"Lui Ochoa","author_url":"https:\/\/www.manabi.gob.ec\/index.php\/author\/lochoa\/","title":"Manab\u00ed celebr\u00f3 su identidad Cholo-Montuvia - Prefectura de Manab\u00ed","type":"rich","width":600,"height":338,"html":"<blockquote class=\"wp-embedded-content\" data-secret=\"79owRxBX9e\"><a href=\"https:\/\/www.manabi.gob.ec\/index.php\/manabi-celebro-su-identidad-cholo-montuvia\/\">Manab\u00ed celebr\u00f3 su identidad Cholo-Montuvia<\/a><\/blockquote><iframe sandbox=\"allow-scripts\" security=\"restricted\" src=\"https:\/\/www.manabi.gob.ec\/index.php\/manabi-celebro-su-identidad-cholo-montuvia\/embed\/#?secret=79owRxBX9e\" width=\"600\" height=\"338\" title=\"\u00abManab\u00ed celebr\u00f3 su identidad Cholo-Montuvia\u00bb \u2014 Prefectura de Manab\u00ed\" data-secret=\"79owRxBX9e\" frameborder=\"0\" marginwidth=\"0\" marginheight=\"0\" scrolling=\"no\" class=\"wp-embedded-content\"><\/iframe><script type=\"text\/javascript\">\n\/* <![CDATA[ *\/\n\/*! This file is auto-generated *\/\n!function(d,l){\"use strict\";l.querySelector&&d.addEventListener&&\"undefined\"!=typeof URL&&(d.wp=d.wp||{},d.wp.receiveEmbedMessage||(d.wp.receiveEmbedMessage=function(e){var t=e.data;if((t||t.secret||t.message||t.value)&&!\/[^a-zA-Z0-9]\/.test(t.secret)){for(var s,r,n,a=l.querySelectorAll('iframe[data-secret=\"'+t.secret+'\"]'),o=l.querySelectorAll('blockquote[data-secret=\"'+t.secret+'\"]'),c=new RegExp(\"^https?:$\",\"i\"),i=0;i<o.length;i++)o[i].style.display=\"none\";for(i=0;i<a.length;i++)s=a[i],e.source===s.contentWindow&&(s.removeAttribute(\"style\"),\"height\"===t.message?(1e3<(r=parseInt(t.value,10))?r=1e3:~~r<200&&(r=200),s.height=r):\"link\"===t.message&&(r=new URL(s.getAttribute(\"src\")),n=new URL(t.value),c.test(n.protocol))&&n.host===r.host&&l.activeElement===s&&(d.top.location.href=t.value))}},d.addEventListener(\"message\",d.wp.receiveEmbedMessage,!1),l.addEventListener(\"DOMContentLoaded\",function(){for(var e,t,s=l.querySelectorAll(\"iframe.wp-embedded-content\"),r=0;r<s.length;r++)(t=(e=s[r]).getAttribute(\"data-secret\"))||(t=Math.random().toString(36).substring(2,12),e.src+=\"#?secret=\"+t,e.setAttribute(\"data-secret\",t)),e.contentWindow.postMessage({message:\"ready\",secret:t},\"*\")},!1)))}(window,document);\n\/* ]]> *\/\n<\/script>\n","thumbnail_url":"https:\/\/www.manabi.gob.ec\/wp-content\/uploads\/2024\/06\/WhatsApp-Image-2024-06-06-at-11.17.43-AM-1.jpeg","thumbnail_width":1600,"thumbnail_height":1066,"description":"Con un evento art\u00edstico- cultural, Manab\u00ed celebr\u00f3 el segundo aniversario de la declaratoria de provincia con Identidad Cholo-Montuvia, distinci\u00f3n que fue aprobada por la Corporaci\u00f3n Provincial el 30 de mayo de 2022, que estableci\u00f3 desarrollar un acto conmemorativo cada 5 de junio para resaltar la cultura e historia chola y montuvia.Est\u00e1 celebraci\u00f3n fue parte de la agenda del Manabitismo y del Bicentenario de Manab\u00ed, aniversario de vida pol\u00edtica provincial que se cumple este 25 de junio. La actividad se desarroll\u00f3 en la Universidad San Gregorio de Portoviejo, instituci\u00f3n que realiz\u00f3 un valioso aporte al proyecto de investigaci\u00f3n que culmin\u00f3 en el reconocimiento y declaratoria de la Identidad Cholo-Montuvia de la provincia. La rese\u00f1a, de Manab\u00ed con Identidad de Cholo-Montuvia, estuvo a cargo de Daniel Valdiviezo, docente de la carrera de Comunicaci\u00f3n de la USGP y Director de San Gregorio radio, quien destac\u00f3 el orgullo manabita. Es a partir del estudio realizado en la Universidad San Gregorio de Portoviejo que se explican las bases hist\u00f3ricas sobre las que descansa la identidad cultural de Manab\u00ed, dentro de un territorio determinado y en un espacio geogr\u00e1fico semejante entre las poblaciones existentes, dijo..El prefecto, Leonardo Orlando, destac\u00f3 la importancia de este reconocimiento como un hito en la preservaci\u00f3n y promoci\u00f3n de la identidad cultural de Manab\u00ed. \u201cSomos un pueblo de cholos y montuvios, que durante 200 a\u00f1os hemos forjado nuestra historia, nuestra identidad y nuestra grandeza; dando siempre lo mejor de nosotros, luchando por nuestro desarrollo, entregando siempre el coraz\u00f3n y el alma\u201d, expres\u00f3 el prefecto Orlando \u201cHoy, es un d\u00eda de muchas connotaciones hist\u00f3ricas, pol\u00edticas, sociales y culturales para Manab\u00ed. Somos cuna de la revoluci\u00f3n y de las luchas colectivas por la justicia, la equidad, la igualdad, la inclusi\u00f3n y los derechos\u201d agreg\u00f3 el Prefecto, quien revalid\u00f3 el compromiso continuo de la administraci\u00f3n provincial con la valorizaci\u00f3n de las ra\u00edces y costumbres de Manab\u00ed para mantenerlas vivas. Durante el evento se presentaron diversas manifestaciones art\u00edsticas y culturales que resaltaron la rica herencia ancestral y tradiciones de la provincia.Este evento organizado por la Prefectura de Manab\u00ed y la Universidad San Gregorio de Portoviejo, cont\u00f3 con la presencia de autoridades locales y ciudadan\u00eda en general."}

Prefectura de Manabí

Manabí celebró su identidad Cholo-Montuvia - Prefectura de Manabí

<blockquote class="wp-embedded-content" data-secret="79owRxBX9e"><a href="https://www.manabi.gob.ec/index.php/manabi-celebro-su-identidad-cholo-montuvia/">Manabí celebró su identidad Cholo-Montuvia</a></blockquote><iframe sandbox="allow-scripts" security="restricted" src="https://www.manabi.gob.ec/index.php/manabi-celebro-su-identidad-cholo-montuvia/embed/#?secret=79owRxBX9e" width="600" height="338" title="«Manabí celebró su identidad Cholo-Montuvia» — Prefectura de Manabí" data-secret="79owRxBX9e" frameborder="0" marginwidth="0" marginheight="0" scrolling="no" class="wp-embedded-content"></iframe><script type="text/javascript">
/* <![CDATA[ */
/*! This file is auto-generated */
!function(d,l){"use strict";l.querySelector&&d.addEventListener&&"undefined"!=typeof URL&&(d.wp=d.wp||{},d.wp.receiveEmbedMessage||(d.wp.receiveEmbedMessage=function(e){var t=e.data;if((t||t.secret||t.message||t.value)&&!/[^a-zA-Z0-9]/.test(t.secret)){for(var s,r,n,a=l.querySelectorAll('iframe[data-secret="'+t.secret+'"]'),o=l.querySelectorAll('blockquote[data-secret="'+t.secret+'"]'),c=new RegExp("^https?:$","i"),i=0;i<o.length;i++)o[i].style.display="none";for(i=0;i<a.length;i++)s=a[i],e.source===s.contentWindow&&(s.removeAttribute("style"),"height"===t.message?(1e3<(r=parseInt(t.value,10))?r=1e3:~~r<200&&(r=200),s.height=r):"link"===t.message&&(r=new URL(s.getAttribute("src")),n=new URL(t.value),c.test(n.protocol))&&n.host===r.host&&l.activeElement===s&&(d.top.location.href=t.value))}},d.addEventListener("message",d.wp.receiveEmbedMessage,!1),l.addEventListener("DOMContentLoaded",function(){for(var e,t,s=l.querySelectorAll("iframe.wp-embedded-content"),r=0;r<s.length;r++)(t=(e=s[r]).getAttribute("data-secret"))||(t=Math.random().toString(36).substring(2,12),e.src+="#?secret="+t,e.setAttribute("data-secret",t)),e.contentWindow.postMessage({message:"ready",secret:t},"*")},!1)))}(window,document);
/* ]]> */
</script>

Con un evento artístico- cultural, Manabí celebró el segundo aniversario de la declaratoria de provincia con Identidad Cholo-Montuvia, distinción que fue aprobada por la Corporación Provincial el 30 de mayo de 2022, que estableció desarrollar un acto conmemorativo cada 5 de junio para resaltar la cultura e historia chola y montuvia.Está celebración fue parte de la agenda del Manabitismo y del Bicentenario de Manabí, aniversario de vida política provincial que se cumple este 25 de junio. La actividad se desarrolló en la Universidad San Gregorio de Portoviejo, institución que realizó un valioso aporte al proyecto de investigación que culminó en el reconocimiento y declaratoria de la Identidad Cholo-Montuvia de la provincia. La reseña, de Manabí con Identidad de Cholo-Montuvia, estuvo a cargo de Daniel Valdiviezo, docente de la carrera de Comunicación de la USGP y Director de San Gregorio radio, quien destacó el orgullo manabita. Es a partir del estudio realizado en la Universidad San Gregorio de Portoviejo que se explican las bases históricas sobre las que descansa la identidad cultural de Manabí, dentro de un territorio determinado y en un espacio geográfico semejante entre las poblaciones existentes, dijo..El prefecto, Leonardo Orlando, destacó la importancia de este reconocimiento como un hito en la preservación y promoción de la identidad cultural de Manabí. “Somos un pueblo de cholos y montuvios, que durante 200 años hemos forjado nuestra historia, nuestra identidad y nuestra grandeza; dando siempre lo mejor de nosotros, luchando por nuestro desarrollo, entregando siempre el corazón y el alma”, expresó el prefecto Orlando “Hoy, es un día de muchas connotaciones históricas, políticas, sociales y culturales para Manabí. Somos cuna de la revolución y de las luchas colectivas por la justicia, la equidad, la igualdad, la inclusión y los derechos” agregó el Prefecto, quien revalidó el compromiso continuo de la administración provincial con la valorización de las raíces y costumbres de Manabí para mantenerlas vivas. Durante el evento se presentaron diversas manifestaciones artísticas y culturales que resaltaron la rica herencia ancestral y tradiciones de la provincia.Este evento organizado por la Prefectura de Manabí y la Universidad San Gregorio de Portoviejo, contó con la presencia de autoridades locales y ciudadanía en general.
