{"version":"1.0","provider_name":"Prefectura de Manab\u00ed","provider_url":"https:\/\/www.manabi.gob.ec","author_name":"admin","author_url":"https:\/\/www.manabi.gob.ec\/index.php\/author\/admin\/","title":"Mes del Manabitismo llegar\u00e1 a los 22 cantones - Prefectura de Manab\u00ed","type":"rich","width":600,"height":338,"html":"<blockquote class=\"wp-embedded-content\" data-secret=\"DAiiDNdoJI\"><a href=\"https:\/\/www.manabi.gob.ec\/index.php\/mes-del-manabitismo-llegara-a-los-22-cantones\/\">Mes del Manabitismo llegar\u00e1 a los 22 cantones<\/a><\/blockquote><iframe sandbox=\"allow-scripts\" security=\"restricted\" src=\"https:\/\/www.manabi.gob.ec\/index.php\/mes-del-manabitismo-llegara-a-los-22-cantones\/embed\/#?secret=DAiiDNdoJI\" width=\"600\" height=\"338\" title=\"\u00abMes del Manabitismo llegar\u00e1 a los 22 cantones\u00bb \u2014 Prefectura de Manab\u00ed\" data-secret=\"DAiiDNdoJI\" frameborder=\"0\" marginwidth=\"0\" marginheight=\"0\" scrolling=\"no\" class=\"wp-embedded-content\"><\/iframe><script type=\"text\/javascript\">\n\/* <![CDATA[ *\/\n\/*! This file is auto-generated *\/\n!function(d,l){\"use strict\";l.querySelector&&d.addEventListener&&\"undefined\"!=typeof URL&&(d.wp=d.wp||{},d.wp.receiveEmbedMessage||(d.wp.receiveEmbedMessage=function(e){var t=e.data;if((t||t.secret||t.message||t.value)&&!\/[^a-zA-Z0-9]\/.test(t.secret)){for(var s,r,n,a=l.querySelectorAll('iframe[data-secret=\"'+t.secret+'\"]'),o=l.querySelectorAll('blockquote[data-secret=\"'+t.secret+'\"]'),c=new RegExp(\"^https?:$\",\"i\"),i=0;i<o.length;i++)o[i].style.display=\"none\";for(i=0;i<a.length;i++)s=a[i],e.source===s.contentWindow&&(s.removeAttribute(\"style\"),\"height\"===t.message?(1e3<(r=parseInt(t.value,10))?r=1e3:~~r<200&&(r=200),s.height=r):\"link\"===t.message&&(r=new URL(s.getAttribute(\"src\")),n=new URL(t.value),c.test(n.protocol))&&n.host===r.host&&l.activeElement===s&&(d.top.location.href=t.value))}},d.addEventListener(\"message\",d.wp.receiveEmbedMessage,!1),l.addEventListener(\"DOMContentLoaded\",function(){for(var e,t,s=l.querySelectorAll(\"iframe.wp-embedded-content\"),r=0;r<s.length;r++)(t=(e=s[r]).getAttribute(\"data-secret\"))||(t=Math.random().toString(36).substring(2,12),e.src+=\"#?secret=\"+t,e.setAttribute(\"data-secret\",t)),e.contentWindow.postMessage({message:\"ready\",secret:t},\"*\")},!1)))}(window,document);\n\/* ]]> *\/\n<\/script>\n","thumbnail_url":null,"thumbnail_width":null,"thumbnail_height":null,"description":"El prefecto Leonardo Orlando realiz\u00f3 este s\u00e1bado 1 de junio el inicio de las actividades por el Mes del Manabitismo. Se present\u00f3 la agenda oficial en un evento c\u00edvico donde se izaron las banderas de todos los cantones. La primera autoridad provincial destac\u00f3 que en todos los cantones habr\u00e1 eventos de diversa tem\u00e1tica con los [&hellip;]"}

Prefectura de Manabí

Mes del Manabitismo llegará a los 22 cantones - Prefectura de Manabí

<blockquote class="wp-embedded-content" data-secret="DAiiDNdoJI"><a href="https://www.manabi.gob.ec/index.php/mes-del-manabitismo-llegara-a-los-22-cantones/">Mes del Manabitismo llegará a los 22 cantones</a></blockquote><iframe sandbox="allow-scripts" security="restricted" src="https://www.manabi.gob.ec/index.php/mes-del-manabitismo-llegara-a-los-22-cantones/embed/#?secret=DAiiDNdoJI" width="600" height="338" title="«Mes del Manabitismo llegará a los 22 cantones» — Prefectura de Manabí" data-secret="DAiiDNdoJI" frameborder="0" marginwidth="0" marginheight="0" scrolling="no" class="wp-embedded-content"></iframe><script type="text/javascript">
/* <![CDATA[ */
/*! This file is auto-generated */
!function(d,l){"use strict";l.querySelector&&d.addEventListener&&"undefined"!=typeof URL&&(d.wp=d.wp||{},d.wp.receiveEmbedMessage||(d.wp.receiveEmbedMessage=function(e){var t=e.data;if((t||t.secret||t.message||t.value)&&!/[^a-zA-Z0-9]/.test(t.secret)){for(var s,r,n,a=l.querySelectorAll('iframe[data-secret="'+t.secret+'"]'),o=l.querySelectorAll('blockquote[data-secret="'+t.secret+'"]'),c=new RegExp("^https?:$","i"),i=0;i<o.length;i++)o[i].style.display="none";for(i=0;i<a.length;i++)s=a[i],e.source===s.contentWindow&&(s.removeAttribute("style"),"height"===t.message?(1e3<(r=parseInt(t.value,10))?r=1e3:~~r<200&&(r=200),s.height=r):"link"===t.message&&(r=new URL(s.getAttribute("src")),n=new URL(t.value),c.test(n.protocol))&&n.host===r.host&&l.activeElement===s&&(d.top.location.href=t.value))}},d.addEventListener("message",d.wp.receiveEmbedMessage,!1),l.addEventListener("DOMContentLoaded",function(){for(var e,t,s=l.querySelectorAll("iframe.wp-embedded-content"),r=0;r<s.length;r++)(t=(e=s[r]).getAttribute("data-secret"))||(t=Math.random().toString(36).substring(2,12),e.src+="#?secret="+t,e.setAttribute("data-secret",t)),e.contentWindow.postMessage({message:"ready",secret:t},"*")},!1)))}(window,document);
/* ]]> */
</script>

El prefecto Leonardo Orlando realizó este sábado 1 de junio el inicio de las actividades por el Mes del Manabitismo. Se presentó la agenda oficial en un evento cívico donde se izaron las banderas de todos los cantones. La primera autoridad provincial destacó que en todos los cantones habrá eventos de diversa temática con los [&hellip;]
