{"version":"1.0","provider_name":"Prefectura de Manab\u00ed","provider_url":"https:\/\/www.manabi.gob.ec","author_name":"admin","author_url":"https:\/\/www.manabi.gob.ec\/index.php\/author\/admin\/","title":"PREFECTURA REAPERTURA CAMINOS VERANEROS EN CHIRIJOS - Prefectura de Manab\u00ed","type":"rich","width":600,"height":338,"html":"<blockquote class=\"wp-embedded-content\" data-secret=\"bUSdaI47Ow\"><a href=\"https:\/\/www.manabi.gob.ec\/index.php\/prefectura-reapertura-caminos-veraneros-en-chirijos\/\">PREFECTURA REAPERTURA CAMINOS VERANEROS EN CHIRIJOS<\/a><\/blockquote><iframe sandbox=\"allow-scripts\" security=\"restricted\" src=\"https:\/\/www.manabi.gob.ec\/index.php\/prefectura-reapertura-caminos-veraneros-en-chirijos\/embed\/#?secret=bUSdaI47Ow\" width=\"600\" height=\"338\" title=\"\u00abPREFECTURA REAPERTURA CAMINOS VERANEROS EN CHIRIJOS\u00bb \u2014 Prefectura de Manab\u00ed\" data-secret=\"bUSdaI47Ow\" frameborder=\"0\" marginwidth=\"0\" marginheight=\"0\" scrolling=\"no\" class=\"wp-embedded-content\"><\/iframe><script type=\"text\/javascript\">\n\/* <![CDATA[ *\/\n\/*! This file is auto-generated *\/\n!function(d,l){\"use strict\";l.querySelector&&d.addEventListener&&\"undefined\"!=typeof URL&&(d.wp=d.wp||{},d.wp.receiveEmbedMessage||(d.wp.receiveEmbedMessage=function(e){var t=e.data;if((t||t.secret||t.message||t.value)&&!\/[^a-zA-Z0-9]\/.test(t.secret)){for(var s,r,n,a=l.querySelectorAll('iframe[data-secret=\"'+t.secret+'\"]'),o=l.querySelectorAll('blockquote[data-secret=\"'+t.secret+'\"]'),c=new RegExp(\"^https?:$\",\"i\"),i=0;i<o.length;i++)o[i].style.display=\"none\";for(i=0;i<a.length;i++)s=a[i],e.source===s.contentWindow&&(s.removeAttribute(\"style\"),\"height\"===t.message?(1e3<(r=parseInt(t.value,10))?r=1e3:~~r<200&&(r=200),s.height=r):\"link\"===t.message&&(r=new URL(s.getAttribute(\"src\")),n=new URL(t.value),c.test(n.protocol))&&n.host===r.host&&l.activeElement===s&&(d.top.location.href=t.value))}},d.addEventListener(\"message\",d.wp.receiveEmbedMessage,!1),l.addEventListener(\"DOMContentLoaded\",function(){for(var e,t,s=l.querySelectorAll(\"iframe.wp-embedded-content\"),r=0;r<s.length;r++)(t=(e=s[r]).getAttribute(\"data-secret\"))||(t=Math.random().toString(36).substring(2,12),e.src+=\"#?secret=\"+t,e.setAttribute(\"data-secret\",t)),e.contentWindow.postMessage({message:\"ready\",secret:t},\"*\")},!1)))}(window,document);\n\/* ]]> *\/\n<\/script>\n","thumbnail_url":"https:\/\/www.manabi.gob.ec\/wp-content\/uploads\/2021\/07\/Apertura-de-caminno-en-chirijo-1.jpg","thumbnail_width":1280,"thumbnail_height":720,"description":"Aproximadamente 18 kil\u00f3metros de v\u00edas veraneras ser\u00e1n reapertutadas por la Prefectura de Manab\u00ed en&nbsp; la parroquia Chirijos del cant\u00f3n Portoviejo, con maquinaria contratada mediante&nbsp; Feria Inclusiva. En el sector conocido como La Pita, actualmente &nbsp;se reapertura &nbsp;alrededor de 800 metros de camino rural, que beneficia a unas 50&nbsp; familias de agricultores que&nbsp; producen pl\u00e1tano, guineo, [&hellip;]"}

Prefectura de Manabí

PREFECTURA REAPERTURA CAMINOS VERANEROS EN CHIRIJOS - Prefectura de Manabí

<blockquote class="wp-embedded-content" data-secret="bUSdaI47Ow"><a href="https://www.manabi.gob.ec/index.php/prefectura-reapertura-caminos-veraneros-en-chirijos/">PREFECTURA REAPERTURA CAMINOS VERANEROS EN CHIRIJOS</a></blockquote><iframe sandbox="allow-scripts" security="restricted" src="https://www.manabi.gob.ec/index.php/prefectura-reapertura-caminos-veraneros-en-chirijos/embed/#?secret=bUSdaI47Ow" width="600" height="338" title="«PREFECTURA REAPERTURA CAMINOS VERANEROS EN CHIRIJOS» — Prefectura de Manabí" data-secret="bUSdaI47Ow" frameborder="0" marginwidth="0" marginheight="0" scrolling="no" class="wp-embedded-content"></iframe><script type="text/javascript">
/* <![CDATA[ */
/*! This file is auto-generated */
!function(d,l){"use strict";l.querySelector&&d.addEventListener&&"undefined"!=typeof URL&&(d.wp=d.wp||{},d.wp.receiveEmbedMessage||(d.wp.receiveEmbedMessage=function(e){var t=e.data;if((t||t.secret||t.message||t.value)&&!/[^a-zA-Z0-9]/.test(t.secret)){for(var s,r,n,a=l.querySelectorAll('iframe[data-secret="'+t.secret+'"]'),o=l.querySelectorAll('blockquote[data-secret="'+t.secret+'"]'),c=new RegExp("^https?:$","i"),i=0;i<o.length;i++)o[i].style.display="none";for(i=0;i<a.length;i++)s=a[i],e.source===s.contentWindow&&(s.removeAttribute("style"),"height"===t.message?(1e3<(r=parseInt(t.value,10))?r=1e3:~~r<200&&(r=200),s.height=r):"link"===t.message&&(r=new URL(s.getAttribute("src")),n=new URL(t.value),c.test(n.protocol))&&n.host===r.host&&l.activeElement===s&&(d.top.location.href=t.value))}},d.addEventListener("message",d.wp.receiveEmbedMessage,!1),l.addEventListener("DOMContentLoaded",function(){for(var e,t,s=l.querySelectorAll("iframe.wp-embedded-content"),r=0;r<s.length;r++)(t=(e=s[r]).getAttribute("data-secret"))||(t=Math.random().toString(36).substring(2,12),e.src+="#?secret="+t,e.setAttribute("data-secret",t)),e.contentWindow.postMessage({message:"ready",secret:t},"*")},!1)))}(window,document);
/* ]]> */
</script>

Aproximadamente 18 kilómetros de vías veraneras serán reapertutadas por la Prefectura de Manabí en&nbsp; la parroquia Chirijos del cantón Portoviejo, con maquinaria contratada mediante&nbsp; Feria Inclusiva. En el sector conocido como La Pita, actualmente &nbsp;se reapertura &nbsp;alrededor de 800 metros de camino rural, que beneficia a unas 50&nbsp; familias de agricultores que&nbsp; producen plátano, guineo, [&hellip;]
