{"version":"1.0","provider_name":"Prefectura de Manab\u00ed","provider_url":"https:\/\/www.manabi.gob.ec","author_name":"admin","author_url":"https:\/\/www.manabi.gob.ec\/index.php\/author\/admin\/","title":"RESTABLECIMOS PASO VEHICULAR HACIA MACONTA ADENTRO - Prefectura de Manab\u00ed","type":"rich","width":600,"height":338,"html":"<blockquote class=\"wp-embedded-content\" data-secret=\"fOOvnbKIUw\"><a href=\"https:\/\/www.manabi.gob.ec\/index.php\/restablecimos-paso-vehicular-hacia-maconta-adentro\/\">RESTABLECIMOS PASO VEHICULAR HACIA MACONTA ADENTRO<\/a><\/blockquote><iframe sandbox=\"allow-scripts\" security=\"restricted\" src=\"https:\/\/www.manabi.gob.ec\/index.php\/restablecimos-paso-vehicular-hacia-maconta-adentro\/embed\/#?secret=fOOvnbKIUw\" width=\"600\" height=\"338\" title=\"\u00abRESTABLECIMOS PASO VEHICULAR HACIA MACONTA ADENTRO\u00bb \u2014 Prefectura de Manab\u00ed\" data-secret=\"fOOvnbKIUw\" frameborder=\"0\" marginwidth=\"0\" marginheight=\"0\" scrolling=\"no\" class=\"wp-embedded-content\"><\/iframe><script type=\"text\/javascript\">\n\/* <![CDATA[ *\/\n\/*! This file is auto-generated *\/\n!function(d,l){\"use strict\";l.querySelector&&d.addEventListener&&\"undefined\"!=typeof URL&&(d.wp=d.wp||{},d.wp.receiveEmbedMessage||(d.wp.receiveEmbedMessage=function(e){var t=e.data;if((t||t.secret||t.message||t.value)&&!\/[^a-zA-Z0-9]\/.test(t.secret)){for(var s,r,n,a=l.querySelectorAll('iframe[data-secret=\"'+t.secret+'\"]'),o=l.querySelectorAll('blockquote[data-secret=\"'+t.secret+'\"]'),c=new RegExp(\"^https?:$\",\"i\"),i=0;i<o.length;i++)o[i].style.display=\"none\";for(i=0;i<a.length;i++)s=a[i],e.source===s.contentWindow&&(s.removeAttribute(\"style\"),\"height\"===t.message?(1e3<(r=parseInt(t.value,10))?r=1e3:~~r<200&&(r=200),s.height=r):\"link\"===t.message&&(r=new URL(s.getAttribute(\"src\")),n=new URL(t.value),c.test(n.protocol))&&n.host===r.host&&l.activeElement===s&&(d.top.location.href=t.value))}},d.addEventListener(\"message\",d.wp.receiveEmbedMessage,!1),l.addEventListener(\"DOMContentLoaded\",function(){for(var e,t,s=l.querySelectorAll(\"iframe.wp-embedded-content\"),r=0;r<s.length;r++)(t=(e=s[r]).getAttribute(\"data-secret\"))||(t=Math.random().toString(36).substring(2,12),e.src+=\"#?secret=\"+t,e.setAttribute(\"data-secret\",t)),e.contentWindow.postMessage({message:\"ready\",secret:t},\"*\")},!1)))}(window,document);\n\/* ]]> *\/\n<\/script>\n","thumbnail_url":"https:\/\/www.manabi.gob.ec\/wp-content\/uploads\/2021\/03\/Via-Mocora-Adentro-1.jpeg","thumbnail_width":1280,"thumbnail_height":958,"description":"La intervenci\u00f3n oportuna del Gobierno de Manab\u00ed permiti\u00f3 restablecer la conexi\u00f3n vial hacia la comunidad Maconta Adentro de la parroquia Calder\u00f3n de Portoviejo, que se vio afectada por las fuertes lluvias registradas en la zona, hace aproximadamente 15 d\u00edas. La v\u00eda de acceso hacia el sector se vio interrumpida en un tramo donde colapsaron las [&hellip;]"}

Prefectura de Manabí

RESTABLECIMOS PASO VEHICULAR HACIA MACONTA ADENTRO - Prefectura de Manabí

<blockquote class="wp-embedded-content" data-secret="fOOvnbKIUw"><a href="https://www.manabi.gob.ec/index.php/restablecimos-paso-vehicular-hacia-maconta-adentro/">RESTABLECIMOS PASO VEHICULAR HACIA MACONTA ADENTRO</a></blockquote><iframe sandbox="allow-scripts" security="restricted" src="https://www.manabi.gob.ec/index.php/restablecimos-paso-vehicular-hacia-maconta-adentro/embed/#?secret=fOOvnbKIUw" width="600" height="338" title="«RESTABLECIMOS PASO VEHICULAR HACIA MACONTA ADENTRO» — Prefectura de Manabí" data-secret="fOOvnbKIUw" frameborder="0" marginwidth="0" marginheight="0" scrolling="no" class="wp-embedded-content"></iframe><script type="text/javascript">
/* <![CDATA[ */
/*! This file is auto-generated */
!function(d,l){"use strict";l.querySelector&&d.addEventListener&&"undefined"!=typeof URL&&(d.wp=d.wp||{},d.wp.receiveEmbedMessage||(d.wp.receiveEmbedMessage=function(e){var t=e.data;if((t||t.secret||t.message||t.value)&&!/[^a-zA-Z0-9]/.test(t.secret)){for(var s,r,n,a=l.querySelectorAll('iframe[data-secret="'+t.secret+'"]'),o=l.querySelectorAll('blockquote[data-secret="'+t.secret+'"]'),c=new RegExp("^https?:$","i"),i=0;i<o.length;i++)o[i].style.display="none";for(i=0;i<a.length;i++)s=a[i],e.source===s.contentWindow&&(s.removeAttribute("style"),"height"===t.message?(1e3<(r=parseInt(t.value,10))?r=1e3:~~r<200&&(r=200),s.height=r):"link"===t.message&&(r=new URL(s.getAttribute("src")),n=new URL(t.value),c.test(n.protocol))&&n.host===r.host&&l.activeElement===s&&(d.top.location.href=t.value))}},d.addEventListener("message",d.wp.receiveEmbedMessage,!1),l.addEventListener("DOMContentLoaded",function(){for(var e,t,s=l.querySelectorAll("iframe.wp-embedded-content"),r=0;r<s.length;r++)(t=(e=s[r]).getAttribute("data-secret"))||(t=Math.random().toString(36).substring(2,12),e.src+="#?secret="+t,e.setAttribute("data-secret",t)),e.contentWindow.postMessage({message:"ready",secret:t},"*")},!1)))}(window,document);
/* ]]> */
</script>

La intervención oportuna del Gobierno de Manabí permitió restablecer la conexión vial hacia la comunidad Maconta Adentro de la parroquia Calderón de Portoviejo, que se vio afectada por las fuertes lluvias registradas en la zona, hace aproximadamente 15 días. La vía de acceso hacia el sector se vio interrumpida en un tramo donde colapsaron las [&hellip;]
