{"version":"1.0","provider_name":"Prefectura de Manab\u00ed","provider_url":"https:\/\/www.manabi.gob.ec","author_name":"Lui Ochoa","author_url":"https:\/\/www.manabi.gob.ec\/index.php\/author\/lochoa\/","title":"\u00a1SALIERON FELICES Y CON LENTES! - Prefectura de Manab\u00ed","type":"rich","width":600,"height":338,"html":"<blockquote class=\"wp-embedded-content\" data-secret=\"Slu9IdFVfB\"><a href=\"https:\/\/www.manabi.gob.ec\/index.php\/salieron-felices-y-con-lentes\/\">\u00a1SALIERON FELICES Y CON LENTES!<\/a><\/blockquote><iframe sandbox=\"allow-scripts\" security=\"restricted\" src=\"https:\/\/www.manabi.gob.ec\/index.php\/salieron-felices-y-con-lentes\/embed\/#?secret=Slu9IdFVfB\" width=\"600\" height=\"338\" title=\"\u00ab\u00a1SALIERON FELICES Y CON LENTES!\u00bb \u2014 Prefectura de Manab\u00ed\" data-secret=\"Slu9IdFVfB\" frameborder=\"0\" marginwidth=\"0\" marginheight=\"0\" scrolling=\"no\" class=\"wp-embedded-content\"><\/iframe><script type=\"text\/javascript\">\n\/* <![CDATA[ *\/\n\/*! This file is auto-generated *\/\n!function(d,l){\"use strict\";l.querySelector&&d.addEventListener&&\"undefined\"!=typeof URL&&(d.wp=d.wp||{},d.wp.receiveEmbedMessage||(d.wp.receiveEmbedMessage=function(e){var t=e.data;if((t||t.secret||t.message||t.value)&&!\/[^a-zA-Z0-9]\/.test(t.secret)){for(var s,r,n,a=l.querySelectorAll('iframe[data-secret=\"'+t.secret+'\"]'),o=l.querySelectorAll('blockquote[data-secret=\"'+t.secret+'\"]'),c=new RegExp(\"^https?:$\",\"i\"),i=0;i<o.length;i++)o[i].style.display=\"none\";for(i=0;i<a.length;i++)s=a[i],e.source===s.contentWindow&&(s.removeAttribute(\"style\"),\"height\"===t.message?(1e3<(r=parseInt(t.value,10))?r=1e3:~~r<200&&(r=200),s.height=r):\"link\"===t.message&&(r=new URL(s.getAttribute(\"src\")),n=new URL(t.value),c.test(n.protocol))&&n.host===r.host&&l.activeElement===s&&(d.top.location.href=t.value))}},d.addEventListener(\"message\",d.wp.receiveEmbedMessage,!1),l.addEventListener(\"DOMContentLoaded\",function(){for(var e,t,s=l.querySelectorAll(\"iframe.wp-embedded-content\"),r=0;r<s.length;r++)(t=(e=s[r]).getAttribute(\"data-secret\"))||(t=Math.random().toString(36).substring(2,12),e.src+=\"#?secret=\"+t,e.setAttribute(\"data-secret\",t)),e.contentWindow.postMessage({message:\"ready\",secret:t},\"*\")},!1)))}(window,document);\n\/* ]]> *\/\n<\/script>\n","thumbnail_url":"https:\/\/www.manabi.gob.ec\/wp-content\/uploads\/2022\/10\/WhatsApp-Image-2022-10-11-at-10.00.58-PM.jpeg","thumbnail_width":1599,"thumbnail_height":1066,"description":"Brigada m\u00e9dica de la Prefectura brind\u00f3 servicios en San Ignacio de Col\u00f3n Las brigadas m\u00e9dicas de la Prefectura de Manab\u00ed siguen recorriendo la provincia, cuidando la salud de adultos mayores, ni\u00f1os y adolescentes, personas con discapacidad, y otros pertenecientes a los grupos de atenci\u00f3n prioritaria, como parte del programa Operaci\u00f3n Justicia Social. La tarde de [&hellip;]"}

Prefectura de Manabí

¡SALIERON FELICES Y CON LENTES! - Prefectura de Manabí

<blockquote class="wp-embedded-content" data-secret="Slu9IdFVfB"><a href="https://www.manabi.gob.ec/index.php/salieron-felices-y-con-lentes/">¡SALIERON FELICES Y CON LENTES!</a></blockquote><iframe sandbox="allow-scripts" security="restricted" src="https://www.manabi.gob.ec/index.php/salieron-felices-y-con-lentes/embed/#?secret=Slu9IdFVfB" width="600" height="338" title="«¡SALIERON FELICES Y CON LENTES!» — Prefectura de Manabí" data-secret="Slu9IdFVfB" frameborder="0" marginwidth="0" marginheight="0" scrolling="no" class="wp-embedded-content"></iframe><script type="text/javascript">
/* <![CDATA[ */
/*! This file is auto-generated */
!function(d,l){"use strict";l.querySelector&&d.addEventListener&&"undefined"!=typeof URL&&(d.wp=d.wp||{},d.wp.receiveEmbedMessage||(d.wp.receiveEmbedMessage=function(e){var t=e.data;if((t||t.secret||t.message||t.value)&&!/[^a-zA-Z0-9]/.test(t.secret)){for(var s,r,n,a=l.querySelectorAll('iframe[data-secret="'+t.secret+'"]'),o=l.querySelectorAll('blockquote[data-secret="'+t.secret+'"]'),c=new RegExp("^https?:$","i"),i=0;i<o.length;i++)o[i].style.display="none";for(i=0;i<a.length;i++)s=a[i],e.source===s.contentWindow&&(s.removeAttribute("style"),"height"===t.message?(1e3<(r=parseInt(t.value,10))?r=1e3:~~r<200&&(r=200),s.height=r):"link"===t.message&&(r=new URL(s.getAttribute("src")),n=new URL(t.value),c.test(n.protocol))&&n.host===r.host&&l.activeElement===s&&(d.top.location.href=t.value))}},d.addEventListener("message",d.wp.receiveEmbedMessage,!1),l.addEventListener("DOMContentLoaded",function(){for(var e,t,s=l.querySelectorAll("iframe.wp-embedded-content"),r=0;r<s.length;r++)(t=(e=s[r]).getAttribute("data-secret"))||(t=Math.random().toString(36).substring(2,12),e.src+="#?secret="+t,e.setAttribute("data-secret",t)),e.contentWindow.postMessage({message:"ready",secret:t},"*")},!1)))}(window,document);
/* ]]> */
</script>

Brigada médica de la Prefectura brindó servicios en San Ignacio de Colón Las brigadas médicas de la Prefectura de Manabí siguen recorriendo la provincia, cuidando la salud de adultos mayores, niños y adolescentes, personas con discapacidad, y otros pertenecientes a los grupos de atención prioritaria, como parte del programa Operación Justicia Social. La tarde de [&hellip;]
