{"version":"1.0","provider_name":"Prefectura de Manab\u00ed","provider_url":"https:\/\/www.manabi.gob.ec","author_name":"admin","author_url":"https:\/\/www.manabi.gob.ec\/index.php\/author\/admin\/","title":"SE CUMPLI\u00d3 SUE\u00d1O DE LOS HABITANTES DE PLATANALES","type":"rich","width":600,"height":338,"html":"<blockquote class=\"wp-embedded-content\" data-secret=\"ZNEKONnzEL\"><a href=\"https:\/\/www.manabi.gob.ec\/index.php\/se-cumplio-sueno-de-los-habitantes-de-platanales\/\">SE CUMPLI\u00d3 SUE\u00d1O DE LOS HABITANTES DE PLATANALES<\/a><\/blockquote><iframe sandbox=\"allow-scripts\" security=\"restricted\" src=\"https:\/\/www.manabi.gob.ec\/index.php\/se-cumplio-sueno-de-los-habitantes-de-platanales\/embed\/#?secret=ZNEKONnzEL\" width=\"600\" height=\"338\" title=\"\u00abSE CUMPLI\u00d3 SUE\u00d1O DE LOS HABITANTES DE PLATANALES\u00bb \u2014 Prefectura de Manab\u00ed\" data-secret=\"ZNEKONnzEL\" frameborder=\"0\" marginwidth=\"0\" marginheight=\"0\" scrolling=\"no\" class=\"wp-embedded-content\"><\/iframe><script type=\"text\/javascript\">\n\/* <![CDATA[ *\/\n\/*! This file is auto-generated *\/\n!function(d,l){\"use strict\";l.querySelector&&d.addEventListener&&\"undefined\"!=typeof URL&&(d.wp=d.wp||{},d.wp.receiveEmbedMessage||(d.wp.receiveEmbedMessage=function(e){var t=e.data;if((t||t.secret||t.message||t.value)&&!\/[^a-zA-Z0-9]\/.test(t.secret)){for(var s,r,n,a=l.querySelectorAll('iframe[data-secret=\"'+t.secret+'\"]'),o=l.querySelectorAll('blockquote[data-secret=\"'+t.secret+'\"]'),c=new RegExp(\"^https?:$\",\"i\"),i=0;i<o.length;i++)o[i].style.display=\"none\";for(i=0;i<a.length;i++)s=a[i],e.source===s.contentWindow&&(s.removeAttribute(\"style\"),\"height\"===t.message?(1e3<(r=parseInt(t.value,10))?r=1e3:~~r<200&&(r=200),s.height=r):\"link\"===t.message&&(r=new URL(s.getAttribute(\"src\")),n=new URL(t.value),c.test(n.protocol))&&n.host===r.host&&l.activeElement===s&&(d.top.location.href=t.value))}},d.addEventListener(\"message\",d.wp.receiveEmbedMessage,!1),l.addEventListener(\"DOMContentLoaded\",function(){for(var e,t,s=l.querySelectorAll(\"iframe.wp-embedded-content\"),r=0;r<s.length;r++)(t=(e=s[r]).getAttribute(\"data-secret\"))||(t=Math.random().toString(36).substring(2,12),e.src+=\"#?secret=\"+t,e.setAttribute(\"data-secret\",t)),e.contentWindow.postMessage({message:\"ready\",secret:t},\"*\")},!1)))}(window,document);\n\/* ]]> *\/\n<\/script>\n","thumbnail_url":"https:\/\/www.manabi.gob.ec\/wp-content\/uploads\/2021\/03\/Via-Puerto-Lopez-Platanales-3.jpeg","thumbnail_width":1280,"thumbnail_height":720,"description":"Chistian Acebo L\u00f3pez, se moviliza desde el sitio Platanales hasta la cabecera cantonal de Puerto L\u00f3pez, con mayor facilidad y seguridad. En el pasado le resultaba dif\u00edcil transportarse sobre todo en \u00e9poca invernal. \" Antes para salir utiliz\u00e1bamos burrito, a los enfermos lo sac\u00e1bamos en hamaca. Era muy complicada la situaci\u00f3n, ahora a cada rato podemos salir caminando, en moto o en carro\" dijo Christian Acebo L\u00f3pez, presidente de comunidad Platanales. Los 3.38 kil\u00f3metros de ingreso a Platanales fueron rehabilitados a nivel de asfalto de 2 pulgadas. Intervenci\u00f3n del Gobierno de Manab\u00ed, que represent\u00f3 una inversi\u00f3n de 698 mil 501 d\u00f3lares con 58 centavos. La rehabilitaci\u00f3n vial realizada en Platanales, despierta la esperanza de los 300 habitantes aproximadamente de esta localidad; quienes han comenzado a emprender en nuevos negocios como el caso de la familia Figueroa Pincay, que inici\u00f3 la crianza de gallinas ponedoras. \" Hace unos 20 a\u00f1os criabamos pollos, pero dejamos esa actividad porque no ten\u00edamos agua, ni carretera. Ahora junto a mi familia decidimos retomar el negocio porque la situaci\u00f3n ha cambiado\", expres\u00f3 Carla Figueroa Figueroa. Esta obra vial fue inaugurada el viernes 12 de marzo por el prefecto, Leonardo Orlando, quien cumpli\u00f3 una amplia agenda territorial en el cant\u00f3n Puerto L\u00f3pez. Se mejora la conectividad y las condiciones de vida de los habitantes de Platanales, una poblaci\u00f3n que comienza a escribir una nueva historia de Desarrollo y Equidad."}

Prefectura de Manabí

SE CUMPLIÓ SUEÑO DE LOS HABITANTES DE PLATANALES

<blockquote class="wp-embedded-content" data-secret="ZNEKONnzEL"><a href="https://www.manabi.gob.ec/index.php/se-cumplio-sueno-de-los-habitantes-de-platanales/">SE CUMPLIÓ SUEÑO DE LOS HABITANTES DE PLATANALES</a></blockquote><iframe sandbox="allow-scripts" security="restricted" src="https://www.manabi.gob.ec/index.php/se-cumplio-sueno-de-los-habitantes-de-platanales/embed/#?secret=ZNEKONnzEL" width="600" height="338" title="«SE CUMPLIÓ SUEÑO DE LOS HABITANTES DE PLATANALES» — Prefectura de Manabí" data-secret="ZNEKONnzEL" frameborder="0" marginwidth="0" marginheight="0" scrolling="no" class="wp-embedded-content"></iframe><script type="text/javascript">
/* <![CDATA[ */
/*! This file is auto-generated */
!function(d,l){"use strict";l.querySelector&&d.addEventListener&&"undefined"!=typeof URL&&(d.wp=d.wp||{},d.wp.receiveEmbedMessage||(d.wp.receiveEmbedMessage=function(e){var t=e.data;if((t||t.secret||t.message||t.value)&&!/[^a-zA-Z0-9]/.test(t.secret)){for(var s,r,n,a=l.querySelectorAll('iframe[data-secret="'+t.secret+'"]'),o=l.querySelectorAll('blockquote[data-secret="'+t.secret+'"]'),c=new RegExp("^https?:$","i"),i=0;i<o.length;i++)o[i].style.display="none";for(i=0;i<a.length;i++)s=a[i],e.source===s.contentWindow&&(s.removeAttribute("style"),"height"===t.message?(1e3<(r=parseInt(t.value,10))?r=1e3:~~r<200&&(r=200),s.height=r):"link"===t.message&&(r=new URL(s.getAttribute("src")),n=new URL(t.value),c.test(n.protocol))&&n.host===r.host&&l.activeElement===s&&(d.top.location.href=t.value))}},d.addEventListener("message",d.wp.receiveEmbedMessage,!1),l.addEventListener("DOMContentLoaded",function(){for(var e,t,s=l.querySelectorAll("iframe.wp-embedded-content"),r=0;r<s.length;r++)(t=(e=s[r]).getAttribute("data-secret"))||(t=Math.random().toString(36).substring(2,12),e.src+="#?secret="+t,e.setAttribute("data-secret",t)),e.contentWindow.postMessage({message:"ready",secret:t},"*")},!1)))}(window,document);
/* ]]> */
</script>

Chistian Acebo López, se moviliza desde el sitio Platanales hasta la cabecera cantonal de Puerto López, con mayor facilidad y seguridad. En el pasado le resultaba difícil transportarse sobre todo en época invernal. " Antes para salir utilizábamos burrito, a los enfermos lo sacábamos en hamaca. Era muy complicada la situación, ahora a cada rato podemos salir caminando, en moto o en carro" dijo Christian Acebo López, presidente de comunidad Platanales. Los 3.38 kilómetros de ingreso a Platanales fueron rehabilitados a nivel de asfalto de 2 pulgadas. Intervención del Gobierno de Manabí, que representó una inversión de 698 mil 501 dólares con 58 centavos. La rehabilitación vial realizada en Platanales, despierta la esperanza de los 300 habitantes aproximadamente de esta localidad; quienes han comenzado a emprender en nuevos negocios como el caso de la familia Figueroa Pincay, que inició la crianza de gallinas ponedoras. " Hace unos 20 años criabamos pollos, pero dejamos esa actividad porque no teníamos agua, ni carretera. Ahora junto a mi familia decidimos retomar el negocio porque la situación ha cambiado", expresó Carla Figueroa Figueroa. Esta obra vial fue inaugurada el viernes 12 de marzo por el prefecto, Leonardo Orlando, quien cumplió una amplia agenda territorial en el cantón Puerto López. Se mejora la conectividad y las condiciones de vida de los habitantes de Platanales, una población que comienza a escribir una nueva historia de Desarrollo y Equidad.
