{"version":"1.0","provider_name":"Prefectura de Manab\u00ed","provider_url":"https:\/\/www.manabi.gob.ec","author_name":"admin","author_url":"https:\/\/www.manabi.gob.ec\/index.php\/author\/admin\/","title":"Seguimos asistiendo en domicilio a grupos prioritarios","type":"rich","width":600,"height":338,"html":"<blockquote class=\"wp-embedded-content\" data-secret=\"Na54pIwDT1\"><a href=\"https:\/\/www.manabi.gob.ec\/index.php\/seguimos-asistiendo-en-domicilio-a-grupos-prioritarios\/\">Seguimos asistiendo en domicilio a grupos prioritarios<\/a><\/blockquote><iframe sandbox=\"allow-scripts\" security=\"restricted\" src=\"https:\/\/www.manabi.gob.ec\/index.php\/seguimos-asistiendo-en-domicilio-a-grupos-prioritarios\/embed\/#?secret=Na54pIwDT1\" width=\"600\" height=\"338\" title=\"\u00abSeguimos asistiendo en domicilio a grupos prioritarios\u00bb \u2014 Prefectura de Manab\u00ed\" data-secret=\"Na54pIwDT1\" frameborder=\"0\" marginwidth=\"0\" marginheight=\"0\" scrolling=\"no\" class=\"wp-embedded-content\"><\/iframe><script type=\"text\/javascript\">\n\/* <![CDATA[ *\/\n\/*! This file is auto-generated *\/\n!function(d,l){\"use strict\";l.querySelector&&d.addEventListener&&\"undefined\"!=typeof URL&&(d.wp=d.wp||{},d.wp.receiveEmbedMessage||(d.wp.receiveEmbedMessage=function(e){var t=e.data;if((t||t.secret||t.message||t.value)&&!\/[^a-zA-Z0-9]\/.test(t.secret)){for(var s,r,n,a=l.querySelectorAll('iframe[data-secret=\"'+t.secret+'\"]'),o=l.querySelectorAll('blockquote[data-secret=\"'+t.secret+'\"]'),c=new RegExp(\"^https?:$\",\"i\"),i=0;i<o.length;i++)o[i].style.display=\"none\";for(i=0;i<a.length;i++)s=a[i],e.source===s.contentWindow&&(s.removeAttribute(\"style\"),\"height\"===t.message?(1e3<(r=parseInt(t.value,10))?r=1e3:~~r<200&&(r=200),s.height=r):\"link\"===t.message&&(r=new URL(s.getAttribute(\"src\")),n=new URL(t.value),c.test(n.protocol))&&n.host===r.host&&l.activeElement===s&&(d.top.location.href=t.value))}},d.addEventListener(\"message\",d.wp.receiveEmbedMessage,!1),l.addEventListener(\"DOMContentLoaded\",function(){for(var e,t,s=l.querySelectorAll(\"iframe.wp-embedded-content\"),r=0;r<s.length;r++)(t=(e=s[r]).getAttribute(\"data-secret\"))||(t=Math.random().toString(36).substring(2,12),e.src+=\"#?secret=\"+t,e.setAttribute(\"data-secret\",t)),e.contentWindow.postMessage({message:\"ready\",secret:t},\"*\")},!1)))}(window,document);\n\/* ]]> *\/\n<\/script>\n","thumbnail_url":"https:\/\/www.manabi.gob.ec\/wp-content\/uploads\/2021\/06\/E4Ft_4jVkAsgOIx.jpg","thumbnail_width":1280,"thumbnail_height":854,"description":"Con brigadas de salud comunitarias, el Gobierno de Manab\u00ed contin\u00faa asistiendo en domicilio a familias vulnerables de sectores urbanos y rurales de toda la provincia, con asistencia m\u00e9dica y detecci\u00f3n de COVID-19.Este mi\u00e9rcoles 16 de junio, se realizaron visitas puerta a puerta en la ciudadela Bellavista del cant\u00f3n Portoviejo. Los m\u00e9dicos evaluaron a ni\u00f1os, adultos mayores y personas con discapacidad.Gemita Vera Loor, de 28 a\u00f1os de edad, con problemas de par\u00e1lisis cerebral, recibi\u00f3 una dosis de fl\u00faor sobre sus dientes para evitar la aparici\u00f3n de caries. Su madre Dalinda Loor, de 65 a\u00f1os de edad agradeci\u00f3 la visita de los m\u00e9dicos. \"Para mi esto es algo muy bueno porque se me dificulta llevarla a un centro de salud en estos tiempos de pandemia y ella por su condici\u00f3n necesita atenci\u00f3n m\u00e9dica\", dijo la madre y adulta mayor. En esta jornada de atenci\u00f3n domiciliaria participaron 2 brigadas que estuvieron conformadas por 3 odont\u00f3logos y 2 m\u00e9dicos de medicina general, que identificaron casos especiales de grupos prioritarios y entregaron medicaci\u00f3n en casos que ameritaban, y hasta realizaron pruebas r\u00e1pidas de COVID-19 a personas que ten\u00edan s\u00edntomas con m\u00e1s de 10 d\u00edas. Yahaira Bazurto, m\u00e9dico y responsable de esta brigadas domiciliaria, dijo que como m\u00e9dicos tambi\u00e9n dan recomendaciones para que las personas sigan cuid\u00e1ndose del COVID-19. \"Nuestro deber como profesionales de la salud es asistir a las personas que por temor no quieren ir a una casa de salud. Si detectamos casos hacemos cercos epidemiol\u00f3gicos\", mencion\u00f3 la doctora."}

Prefectura de Manabí

<blockquote class="wp-embedded-content" data-secret="Na54pIwDT1"><a href="https://www.manabi.gob.ec/index.php/seguimos-asistiendo-en-domicilio-a-grupos-prioritarios/">Seguimos asistiendo en domicilio a grupos prioritarios</a></blockquote><iframe sandbox="allow-scripts" security="restricted" src="https://www.manabi.gob.ec/index.php/seguimos-asistiendo-en-domicilio-a-grupos-prioritarios/embed/#?secret=Na54pIwDT1" width="600" height="338" title="«Seguimos asistiendo en domicilio a grupos prioritarios» — Prefectura de Manabí" data-secret="Na54pIwDT1" frameborder="0" marginwidth="0" marginheight="0" scrolling="no" class="wp-embedded-content"></iframe><script type="text/javascript">
/* <![CDATA[ */
/*! This file is auto-generated */
!function(d,l){"use strict";l.querySelector&&d.addEventListener&&"undefined"!=typeof URL&&(d.wp=d.wp||{},d.wp.receiveEmbedMessage||(d.wp.receiveEmbedMessage=function(e){var t=e.data;if((t||t.secret||t.message||t.value)&&!/[^a-zA-Z0-9]/.test(t.secret)){for(var s,r,n,a=l.querySelectorAll('iframe[data-secret="'+t.secret+'"]'),o=l.querySelectorAll('blockquote[data-secret="'+t.secret+'"]'),c=new RegExp("^https?:$","i"),i=0;i<o.length;i++)o[i].style.display="none";for(i=0;i<a.length;i++)s=a[i],e.source===s.contentWindow&&(s.removeAttribute("style"),"height"===t.message?(1e3<(r=parseInt(t.value,10))?r=1e3:~~r<200&&(r=200),s.height=r):"link"===t.message&&(r=new URL(s.getAttribute("src")),n=new URL(t.value),c.test(n.protocol))&&n.host===r.host&&l.activeElement===s&&(d.top.location.href=t.value))}},d.addEventListener("message",d.wp.receiveEmbedMessage,!1),l.addEventListener("DOMContentLoaded",function(){for(var e,t,s=l.querySelectorAll("iframe.wp-embedded-content"),r=0;r<s.length;r++)(t=(e=s[r]).getAttribute("data-secret"))||(t=Math.random().toString(36).substring(2,12),e.src+="#?secret="+t,e.setAttribute("data-secret",t)),e.contentWindow.postMessage({message:"ready",secret:t},"*")},!1)))}(window,document);
/* ]]> */
</script>

Con brigadas de salud comunitarias, el Gobierno de Manabí continúa asistiendo en domicilio a familias vulnerables de sectores urbanos y rurales de toda la provincia, con asistencia médica y detección de COVID-19.Este miércoles 16 de junio, se realizaron visitas puerta a puerta en la ciudadela Bellavista del cantón Portoviejo. Los médicos evaluaron a niños, adultos mayores y personas con discapacidad.Gemita Vera Loor, de 28 años de edad, con problemas de parálisis cerebral, recibió una dosis de flúor sobre sus dientes para evitar la aparición de caries. Su madre Dalinda Loor, de 65 años de edad agradeció la visita de los médicos. "Para mi esto es algo muy bueno porque se me dificulta llevarla a un centro de salud en estos tiempos de pandemia y ella por su condición necesita atención médica", dijo la madre y adulta mayor. En esta jornada de atención domiciliaria participaron 2 brigadas que estuvieron conformadas por 3 odontólogos y 2 médicos de medicina general, que identificaron casos especiales de grupos prioritarios y entregaron medicación en casos que ameritaban, y hasta realizaron pruebas rápidas de COVID-19 a personas que tenían síntomas con más de 10 días. Yahaira Bazurto, médico y responsable de esta brigadas domiciliaria, dijo que como médicos también dan recomendaciones para que las personas sigan cuidándose del COVID-19. "Nuestro deber como profesionales de la salud es asistir a las personas que por temor no quieren ir a una casa de salud. Si detectamos casos hacemos cercos epidemiológicos", mencionó la doctora.
