{"version":"1.0","provider_name":"Prefectura de Manab\u00ed","provider_url":"https:\/\/www.manabi.gob.ec","author_name":"Lui Ochoa","author_url":"https:\/\/www.manabi.gob.ec\/index.php\/author\/lochoa\/","title":"\u00a1 Solsticio de verano en Coaque !\u00a0\u00a0 - Prefectura de Manab\u00ed","type":"rich","width":600,"height":338,"html":"<blockquote class=\"wp-embedded-content\" data-secret=\"dMMSG4Pyzs\"><a href=\"https:\/\/www.manabi.gob.ec\/index.php\/solsticio-de-verano-en-coaque\/\">\u00a1 Solsticio de verano en Coaque !\u00a0\u00a0<\/a><\/blockquote><iframe sandbox=\"allow-scripts\" security=\"restricted\" src=\"https:\/\/www.manabi.gob.ec\/index.php\/solsticio-de-verano-en-coaque\/embed\/#?secret=dMMSG4Pyzs\" width=\"600\" height=\"338\" title=\"\u00ab\u00a1 Solsticio de verano en Coaque !\u00a0\u00a0\u00bb \u2014 Prefectura de Manab\u00ed\" data-secret=\"dMMSG4Pyzs\" frameborder=\"0\" marginwidth=\"0\" marginheight=\"0\" scrolling=\"no\" class=\"wp-embedded-content\"><\/iframe><script type=\"text\/javascript\">\n\/* <![CDATA[ *\/\n\/*! This file is auto-generated *\/\n!function(d,l){\"use strict\";l.querySelector&&d.addEventListener&&\"undefined\"!=typeof URL&&(d.wp=d.wp||{},d.wp.receiveEmbedMessage||(d.wp.receiveEmbedMessage=function(e){var t=e.data;if((t||t.secret||t.message||t.value)&&!\/[^a-zA-Z0-9]\/.test(t.secret)){for(var s,r,n,a=l.querySelectorAll('iframe[data-secret=\"'+t.secret+'\"]'),o=l.querySelectorAll('blockquote[data-secret=\"'+t.secret+'\"]'),c=new RegExp(\"^https?:$\",\"i\"),i=0;i<o.length;i++)o[i].style.display=\"none\";for(i=0;i<a.length;i++)s=a[i],e.source===s.contentWindow&&(s.removeAttribute(\"style\"),\"height\"===t.message?(1e3<(r=parseInt(t.value,10))?r=1e3:~~r<200&&(r=200),s.height=r):\"link\"===t.message&&(r=new URL(s.getAttribute(\"src\")),n=new URL(t.value),c.test(n.protocol))&&n.host===r.host&&l.activeElement===s&&(d.top.location.href=t.value))}},d.addEventListener(\"message\",d.wp.receiveEmbedMessage,!1),l.addEventListener(\"DOMContentLoaded\",function(){for(var e,t,s=l.querySelectorAll(\"iframe.wp-embedded-content\"),r=0;r<s.length;r++)(t=(e=s[r]).getAttribute(\"data-secret\"))||(t=Math.random().toString(36).substring(2,12),e.src+=\"#?secret=\"+t,e.setAttribute(\"data-secret\",t)),e.contentWindow.postMessage({message:\"ready\",secret:t},\"*\")},!1)))}(window,document);\n\/* ]]> *\/\n<\/script>\n","thumbnail_url":"https:\/\/www.manabi.gob.ec\/wp-content\/uploads\/2022\/06\/DD4F925C-04C5-4061-8FB4-24016D225B0D.jpeg","thumbnail_width":1280,"thumbnail_height":853,"description":"En Plqyita de Coaque de Pedernales, se cumpli\u00f3 la ceremonia ancestral Solsticio de verano, fiesta de agradecimiento a la Madre Tierra. En el acto se le rindi\u00f3 tributo al astro sol, con los cuatro elementos: aire, agua, fuego y tierra, obra que fue realizada en la arena por el artista Ricardo Alc\u00edvar y habitantes de la comunidad. El prefecto, Leonardo Orlando y la viceprefecta, Kelly Buenaventura, participaron de la ceremonia, evento que fue organizado por el Colectivo Alma. Se cont\u00f3 con la participaci\u00f3n de miembros de la nacionalidad Chachi. \u201cEn el valor de apreciar la sencillez de las peque\u00f1as cosas, tenemos la fortaleza y la base para grandes proyectos y sue\u00f1os colectivos\u201d, expres\u00f3 el perfecto, Leonardo Orlando. \u201cLas obras de arte est\u00e1n en nuestra gente, en ese contacto arm\u00f3nico con nuestra Pachamama\", acot\u00f3 Orlando.En este lugar, Marisela Sabando present\u00f3 su propuesta Latitud Food, ruta gastron\u00f3mica que impulsa los platos t\u00edpicos de las comunidades Coaque (jaiba), La Cohorrera (langosta y langostino), Ca\u00f1averal de Cojom\u00edes (encocado), Puerto Tiza ( chame), y Eloy Alfaro (cangrejo azul)."}

Prefectura de Manabí

¡ Solsticio de verano en Coaque !   - Prefectura de Manabí

<blockquote class="wp-embedded-content" data-secret="dMMSG4Pyzs"><a href="https://www.manabi.gob.ec/index.php/solsticio-de-verano-en-coaque/">¡ Solsticio de verano en Coaque !  </a></blockquote><iframe sandbox="allow-scripts" security="restricted" src="https://www.manabi.gob.ec/index.php/solsticio-de-verano-en-coaque/embed/#?secret=dMMSG4Pyzs" width="600" height="338" title="«¡ Solsticio de verano en Coaque !  » — Prefectura de Manabí" data-secret="dMMSG4Pyzs" frameborder="0" marginwidth="0" marginheight="0" scrolling="no" class="wp-embedded-content"></iframe><script type="text/javascript">
/* <![CDATA[ */
/*! This file is auto-generated */
!function(d,l){"use strict";l.querySelector&&d.addEventListener&&"undefined"!=typeof URL&&(d.wp=d.wp||{},d.wp.receiveEmbedMessage||(d.wp.receiveEmbedMessage=function(e){var t=e.data;if((t||t.secret||t.message||t.value)&&!/[^a-zA-Z0-9]/.test(t.secret)){for(var s,r,n,a=l.querySelectorAll('iframe[data-secret="'+t.secret+'"]'),o=l.querySelectorAll('blockquote[data-secret="'+t.secret+'"]'),c=new RegExp("^https?:$","i"),i=0;i<o.length;i++)o[i].style.display="none";for(i=0;i<a.length;i++)s=a[i],e.source===s.contentWindow&&(s.removeAttribute("style"),"height"===t.message?(1e3<(r=parseInt(t.value,10))?r=1e3:~~r<200&&(r=200),s.height=r):"link"===t.message&&(r=new URL(s.getAttribute("src")),n=new URL(t.value),c.test(n.protocol))&&n.host===r.host&&l.activeElement===s&&(d.top.location.href=t.value))}},d.addEventListener("message",d.wp.receiveEmbedMessage,!1),l.addEventListener("DOMContentLoaded",function(){for(var e,t,s=l.querySelectorAll("iframe.wp-embedded-content"),r=0;r<s.length;r++)(t=(e=s[r]).getAttribute("data-secret"))||(t=Math.random().toString(36).substring(2,12),e.src+="#?secret="+t,e.setAttribute("data-secret",t)),e.contentWindow.postMessage({message:"ready",secret:t},"*")},!1)))}(window,document);
/* ]]> */
</script>

En Plqyita de Coaque de Pedernales, se cumplió la ceremonia ancestral Solsticio de verano, fiesta de agradecimiento a la Madre Tierra. En el acto se le rindió tributo al astro sol, con los cuatro elementos: aire, agua, fuego y tierra, obra que fue realizada en la arena por el artista Ricardo Alcívar y habitantes de la comunidad. El prefecto, Leonardo Orlando y la viceprefecta, Kelly Buenaventura, participaron de la ceremonia, evento que fue organizado por el Colectivo Alma. Se contó con la participación de miembros de la nacionalidad Chachi. “En el valor de apreciar la sencillez de las pequeñas cosas, tenemos la fortaleza y la base para grandes proyectos y sueños colectivos”, expresó el perfecto, Leonardo Orlando. “Las obras de arte están en nuestra gente, en ese contacto armónico con nuestra Pachamama", acotó Orlando.En este lugar, Marisela Sabando presentó su propuesta Latitud Food, ruta gastronómica que impulsa los platos típicos de las comunidades Coaque (jaiba), La Cohorrera (langosta y langostino), Cañaveral de Cojomíes (encocado), Puerto Tiza ( chame), y Eloy Alfaro (cangrejo azul).
