{"version":"1.0","provider_name":"Prefectura de Manab\u00ed","provider_url":"https:\/\/www.manabi.gob.ec","author_name":"Lui Ochoa","author_url":"https:\/\/www.manabi.gob.ec\/index.php\/author\/lochoa\/","title":"\u00a1 Unidos por elpor el turismo de Jo\u00e1! - Prefectura de Manab\u00ed","type":"rich","width":600,"height":338,"html":"<blockquote class=\"wp-embedded-content\" data-secret=\"zgsbsvHEGt\"><a href=\"https:\/\/www.manabi.gob.ec\/index.php\/unidos-por-elpor-el-turismo-de-joa\/\">\u00a1 Unidos por el<br>por el turismo de Jo\u00e1!<\/a><\/blockquote><iframe sandbox=\"allow-scripts\" security=\"restricted\" src=\"https:\/\/www.manabi.gob.ec\/index.php\/unidos-por-elpor-el-turismo-de-joa\/embed\/#?secret=zgsbsvHEGt\" width=\"600\" height=\"338\" title=\"\u00ab\u00a1 Unidos por el&lt;br&gt;por el turismo de Jo\u00e1!\u00bb \u2014 Prefectura de Manab\u00ed\" data-secret=\"zgsbsvHEGt\" frameborder=\"0\" marginwidth=\"0\" marginheight=\"0\" scrolling=\"no\" class=\"wp-embedded-content\"><\/iframe><script type=\"text\/javascript\">\n\/* <![CDATA[ *\/\n\/*! This file is auto-generated *\/\n!function(d,l){\"use strict\";l.querySelector&&d.addEventListener&&\"undefined\"!=typeof URL&&(d.wp=d.wp||{},d.wp.receiveEmbedMessage||(d.wp.receiveEmbedMessage=function(e){var t=e.data;if((t||t.secret||t.message||t.value)&&!\/[^a-zA-Z0-9]\/.test(t.secret)){for(var s,r,n,a=l.querySelectorAll('iframe[data-secret=\"'+t.secret+'\"]'),o=l.querySelectorAll('blockquote[data-secret=\"'+t.secret+'\"]'),c=new RegExp(\"^https?:$\",\"i\"),i=0;i<o.length;i++)o[i].style.display=\"none\";for(i=0;i<a.length;i++)s=a[i],e.source===s.contentWindow&&(s.removeAttribute(\"style\"),\"height\"===t.message?(1e3<(r=parseInt(t.value,10))?r=1e3:~~r<200&&(r=200),s.height=r):\"link\"===t.message&&(r=new URL(s.getAttribute(\"src\")),n=new URL(t.value),c.test(n.protocol))&&n.host===r.host&&l.activeElement===s&&(d.top.location.href=t.value))}},d.addEventListener(\"message\",d.wp.receiveEmbedMessage,!1),l.addEventListener(\"DOMContentLoaded\",function(){for(var e,t,s=l.querySelectorAll(\"iframe.wp-embedded-content\"),r=0;r<s.length;r++)(t=(e=s[r]).getAttribute(\"data-secret\"))||(t=Math.random().toString(36).substring(2,12),e.src+=\"#?secret=\"+t,e.setAttribute(\"data-secret\",t)),e.contentWindow.postMessage({message:\"ready\",secret:t},\"*\")},!1)))}(window,document);\n\/* ]]> *\/\n<\/script>\n","thumbnail_url":"https:\/\/www.manabi.gob.ec\/wp-content\/uploads\/2022\/05\/WhatsApp-Image-2022-05-05-at-7.31.38-PM.jpeg","thumbnail_width":1007,"thumbnail_height":793,"description":"Se firm\u00f3 la adjudicaci\u00f3n del contrato entre la Prefectura de Manab\u00ed, el GAD municipal de Jipijapa y Boris Holgu\u00edn, contratista de la regeneraci\u00f3n de los pozos de agua azufrada en Jo\u00e1, comuna del cant\u00f3n Jipijapa que conmemor\u00f3 este 5 de mayo, 14 a\u00f1os de constituci\u00f3n.\u201cQu\u00e9 grata y fel\u00edz coincidencia que podamos darle esta gran noticia a la comuna Jo\u00e1, en su fecha de creaci\u00f3n\u201d, dijo el prefecto, Leonardo Orlando.\u201cSus aguas medicinales tienen una connotaci\u00f3n inmensa a nivel nacional y en la historia\u201d, sostuvo Luis Genc\u00f3n, alcalde de Jipijapa.\"Por estas tierras estuvo Sim\u00f3n Bol\u00edvar y el Gral. Eloy Alfaro, s\u00edmbolos de la ecuatorianiedad\", acot\u00f3 Genc\u00f3n.TURISMO RURAL.Este proyecto busca promover el turismo rural de Jo\u00e1, destino m\u00e1gico del cant\u00f3n Jipijapa, que se encuentra a unos 6 kil\u00f3metros del centro urbano. Las aguas azufradas de los pozos provienen del volc\u00e1n inactivo Chocotete, las mismas que tienen propiedades curativas.En la regeneraci\u00f3n se invertir\u00e1 $191.863,96 y contempla lo siguiente: Mejoramiento de la laguna de agua azufrada, comedor, dos locales comerciales, vestidores, duchas, bater\u00edas sanitarias, camineras y vegetaci\u00f3nEn este acto particip\u00f3 Luz Quimis, presidenta de la comuna Jo\u00e1; Jimmy Miranda, director distrital del MAGAP y la comunidad."}

Prefectura de Manabí

¡ Unidos por elpor el turismo de Joá! - Prefectura de Manabí

<blockquote class="wp-embedded-content" data-secret="zgsbsvHEGt"><a href="https://www.manabi.gob.ec/index.php/unidos-por-elpor-el-turismo-de-joa/">¡ Unidos por el<br>por el turismo de Joá!</a></blockquote><iframe sandbox="allow-scripts" security="restricted" src="https://www.manabi.gob.ec/index.php/unidos-por-elpor-el-turismo-de-joa/embed/#?secret=zgsbsvHEGt" width="600" height="338" title="«¡ Unidos por el&lt;br&gt;por el turismo de Joá!» — Prefectura de Manabí" data-secret="zgsbsvHEGt" frameborder="0" marginwidth="0" marginheight="0" scrolling="no" class="wp-embedded-content"></iframe><script type="text/javascript">
/* <![CDATA[ */
/*! This file is auto-generated */
!function(d,l){"use strict";l.querySelector&&d.addEventListener&&"undefined"!=typeof URL&&(d.wp=d.wp||{},d.wp.receiveEmbedMessage||(d.wp.receiveEmbedMessage=function(e){var t=e.data;if((t||t.secret||t.message||t.value)&&!/[^a-zA-Z0-9]/.test(t.secret)){for(var s,r,n,a=l.querySelectorAll('iframe[data-secret="'+t.secret+'"]'),o=l.querySelectorAll('blockquote[data-secret="'+t.secret+'"]'),c=new RegExp("^https?:$","i"),i=0;i<o.length;i++)o[i].style.display="none";for(i=0;i<a.length;i++)s=a[i],e.source===s.contentWindow&&(s.removeAttribute("style"),"height"===t.message?(1e3<(r=parseInt(t.value,10))?r=1e3:~~r<200&&(r=200),s.height=r):"link"===t.message&&(r=new URL(s.getAttribute("src")),n=new URL(t.value),c.test(n.protocol))&&n.host===r.host&&l.activeElement===s&&(d.top.location.href=t.value))}},d.addEventListener("message",d.wp.receiveEmbedMessage,!1),l.addEventListener("DOMContentLoaded",function(){for(var e,t,s=l.querySelectorAll("iframe.wp-embedded-content"),r=0;r<s.length;r++)(t=(e=s[r]).getAttribute("data-secret"))||(t=Math.random().toString(36).substring(2,12),e.src+="#?secret="+t,e.setAttribute("data-secret",t)),e.contentWindow.postMessage({message:"ready",secret:t},"*")},!1)))}(window,document);
/* ]]> */
</script>

Se firmó la adjudicación del contrato entre la Prefectura de Manabí, el GAD municipal de Jipijapa y Boris Holguín, contratista de la regeneración de los pozos de agua azufrada en Joá, comuna del cantón Jipijapa que conmemoró este 5 de mayo, 14 años de constitución.“Qué grata y felíz coincidencia que podamos darle esta gran noticia a la comuna Joá, en su fecha de creación”, dijo el prefecto, Leonardo Orlando.“Sus aguas medicinales tienen una connotación inmensa a nivel nacional y en la historia”, sostuvo Luis Gencón, alcalde de Jipijapa."Por estas tierras estuvo Simón Bolívar y el Gral. Eloy Alfaro, símbolos de la ecuatorianiedad", acotó Gencón.TURISMO RURAL.Este proyecto busca promover el turismo rural de Joá, destino mágico del cantón Jipijapa, que se encuentra a unos 6 kilómetros del centro urbano. Las aguas azufradas de los pozos provienen del volcán inactivo Chocotete, las mismas que tienen propiedades curativas.En la regeneración se invertirá $191.863,96 y contempla lo siguiente: Mejoramiento de la laguna de agua azufrada, comedor, dos locales comerciales, vestidores, duchas, baterías sanitarias, camineras y vegetaciónEn este acto participó Luz Quimis, presidenta de la comuna Joá; Jimmy Miranda, director distrital del MAGAP y la comunidad.
