{"id":14664,"date":"2020-07-31T06:52:05","date_gmt":"2020-07-31T06:52:05","guid":{"rendered":"http:\/\/www.manabi.gob.ec\/?page_id=14664"},"modified":"2025-04-08T16:59:53","modified_gmt":"2025-04-08T16:59:53","slug":"vialidad","status":"publish","type":"page","link":"https:\/\/www.manabi.gob.ec\/index.php\/vialidad\/","title":{"rendered":"Vialidad"},"content":{"rendered":"<p>[vc_row color_skin=\u00bbskin-light\u00bb bg_overlay_mode=\u00bbcolor\u00bb bg_overlay_color=\u00bbrgba(255,255,255,0.95)\u00bb css=\u00bb.vc_custom_1591287752047{background-image: url(http:\/\/www.manabi.gob.ec\/wp-content\/uploads\/2020\/04\/excavadorr.jpg?id=2140) !important;background-position: center !important;background-repeat: no-repeat !important;background-size: cover !important;}\u00bb][vc_column][gsf_space desktop=\u00bb75&#8243; tablet=\u00bb80&#8243; tablet_portrait=\u00bb70&#8243; mobile_landscape=\u00bb60&#8243; mobile=\u00bb60&#8243;][vc_row_inner][vc_column_inner width=\u00bb4\/12&#8243;][vc_column_text]<\/p>\n<h4 class=\"primary-font fs-40\" style=\"line-height: 1.125; margin-top: 0px; letter-spacing: 0.02em; text-align: right;\">V\u00edas que unen<br \/>\n<span class=\"fw-light\">Vidas<\/span><\/h4>\n<p>[\/vc_column_text][\/vc_column_inner][vc_column_inner width=\u00bb7\/12&#8243;][vc_column_text css=\u00bb.vc_custom_1701461735470{margin-bottom: 45px !important;}\u00bb]Mejorar la conectividad vial del campo y brindar oportunidades de desarrollo a las comunidades ha sido esencial durante la administraci\u00f3n del Prefecto Leonardo Orlando. Su compromiso es pagar la deuda social con el sector rural.<\/p>\n<p>Es as\u00ed como la Corporaci\u00f3n Provincial declar\u00f3 prioritario el programa de construcci\u00f3n de puentes y v\u00edas en la provincia: 12 viaductos est\u00e1n en proceso de construcci\u00f3n en diferentes cantones y se han ejecutado 122 puentes.[\/vc_column_text][\/vc_column_inner][vc_column_inner width=\u00bb1\/12&#8243;][\/vc_column_inner][\/vc_row_inner][gsf_space desktop=\u00bb40&#8243; tablet=\u00bb70&#8243; tablet_portrait=\u00bb60&#8243; mobile_landscape=\u00bb50&#8243; mobile=\u00bb40&#8243;][vc_row_inner][vc_column_inner width=\u00bb1\/3&#8243;][gsf_counter icon_font=\u00bbflaticon-excavator\u00bb end=\u00bb122&#8243; separator=\u00bb.\u00bb decimal=\u00bb\u00bb title=\u00bbPuentes ejecutados\u00bb][gsf_space desktop=\u00bb15&#8243; tablet=\u00bb50&#8243; tablet_portrait=\u00bb40&#8243; mobile_landscape=\u00bb30&#8243; mobile=\u00bb15&#8243;][\/vc_column_inner][vc_column_inner width=\u00bb1\/3&#8243;][gsf_counter icon_font=\u00bbfa fa-road\u00bb start=\u00bb1000&#8243; end=\u00bb9452.43&#8243; separator=\u00bb.\u00bb decimal=\u00bb\u00bb suffix=\u00bbKm\u00bb title=\u00bbV\u00edas intervenidas\u00bb][gsf_space desktop=\u00bb15&#8243; tablet=\u00bb50&#8243; tablet_portrait=\u00bb40&#8243; mobile_landscape=\u00bb30&#8243; mobile=\u00bb15&#8243;][\/vc_column_inner][vc_column_inner width=\u00bb1\/3&#8243;][gsf_counter icon_font=\u00bbfa fa-line-chart\u00bb end=\u00bb14&#8243; separator=\u00bb.\u00bb decimal=\u00bb,\u00bb title=\u00bbPuentes postulados BDE\u00bb][gsf_space desktop=\u00bb15&#8243; tablet=\u00bb50&#8243; tablet_portrait=\u00bb40&#8243; mobile_landscape=\u00bb30&#8243; mobile=\u00bb15&#8243;][\/vc_column_inner][\/vc_row_inner][gsf_space desktop=\u00bb70&#8243; tablet=\u00bb80&#8243; tablet_portrait=\u00bb70&#8243; mobile_landscape=\u00bb60&#8243; mobile=\u00bb60&#8243;][\/vc_column][\/vc_row][vc_row color_skin=\u00bbskin-dark\u00bb parallax=\u00bbcontent-moving\u00bb bg_overlay_mode=\u00bbcolor\u00bb bg_overlay_color=\u00bbrgba(0,0,0,0.8)\u00bb css=\u00bb.vc_custom_1596182935358{background-image: url(http:\/\/www.manabi.gob.ec\/wp-content\/uploads\/2020\/07\/fondo001.jpg?id=14692) !important;background-position: center;background-repeat: no-repeat;background-size:cover;}\u00bb][vc_column][gsf_space desktop=\u00bb90&#8243; tablet=\u00bb70&#8243; tablet_portrait=\u00bb60&#8243; mobile_landscape=\u00bb60&#8243; mobile=\u00bb60&#8243;][gsf_heading sub_title=\u00bb\u00bb local_subtitle=\u00bbsubtitle-bottom\u00bb text_align=\u00bbtext-center\u00bb title=\u00bbCertificates of RubyBuild\u00bb]<strong class=\"uppercase\">V\u00edas<\/strong> <span class=\"accent-color\">intervenidas desde 2019 hasta noviembre 2023<\/span>[\/gsf_heading][vc_column_text]<\/p>\n<p style=\"text-align: center;\"><span style=\"color: #ebebeb;\">Se intervinieron <strong>9.924,63 km<\/strong> de v\u00edas con doble tratamiento superficial <\/span><span style=\"color: #ebebeb;\">bituminoso, carpeta asf\u00e1ltica, construcci\u00f3n de terrapl\u00e9n, mantenimiento, mejoramiento, apertura y reapertura de caminos veraneros.<\/span><\/p>\n<p>[\/vc_column_text][gsf_space desktop=\u00bb80&#8243; tablet=\u00bb70&#8243; tablet_portrait=\u00bb60&#8243; mobile_landscape=\u00bb60&#8243; mobile=\u00bb60&#8243;][vc_row_inner][vc_column_inner width=\u00bb1\/4&#8243;][gsf_heading sub_title=\u00bb\u00bb text_align=\u00bbtext-center\u00bb]<span style=\"color: #ffffff;\"><strong><span style=\"font-size: 45px; line-height: 5px;\">4.727 Km<\/span><\/strong><\/span><br \/>\n<span style=\"font-size: 24px; line-height: 5px; color: #e8e8e8;\">Intervenciones v\u00edas 2019-Mayo 2022<\/span>[\/gsf_heading][\/vc_column_inner][vc_column_inner width=\u00bb1\/4&#8243;][gsf_heading sub_title=\u00bb\u00bb text_align=\u00bbtext-center\u00bb]<span style=\"color: #ffffff;\"><strong><span style=\"font-size: 45px; line-height: 5px;\">2634.74 km<\/span><\/strong><\/span><br \/>\n<span style=\"font-size: 24px; line-height: 5px; color: #e8e8e8;\">V\u00edas Intervenidas en su estado, 2019-2022<\/span>[\/gsf_heading][\/vc_column_inner][vc_column_inner width=\u00bb1\/4&#8243;][gsf_heading sub_title=\u00bb\u00bb text_align=\u00bbtext-center\u00bb]<span style=\"color: #ffffff;\"><strong><span style=\"font-size: 45px; line-height: 5px;\">2090.69 km <\/span><\/strong><\/span><\/p>\n<p><span style=\"font-size: 24px; line-height: 5px; color: #e8e8e8;\">V\u00edas Intervenidas materialidad, 2019-2022<\/span>[\/gsf_heading][\/vc_column_inner][vc_column_inner width=\u00bb1\/4&#8243;][gsf_heading sub_title=\u00bb\u00bb text_align=\u00bbtext-center\u00bb]<span style=\"color: #ffffff;\"><strong><span style=\"font-size: 45px; line-height: 5px;\">8.831 Km<\/span><\/strong><\/span><br \/>\n<span style=\"font-size: 24px; line-height: 5px; color: #e8e8e8;\">Caminos veraneros<\/span>[\/gsf_heading][\/vc_column_inner][\/vc_row_inner][gsf_space desktop=\u00bb100&#8243; tablet=\u00bb70&#8243; tablet_portrait=\u00bb60&#8243; mobile_landscape=\u00bb60&#8243; mobile=\u00bb60&#8243;][\/vc_column][\/vc_row][vc_row][vc_column][gsf_space desktop=\u00bb90&#8243; tablet=\u00bb70&#8243; tablet_portrait=\u00bb60&#8243; mobile_landscape=\u00bb50&#8243; mobile=\u00bb40&#8243;][gsf_heading sub_title=\u00bb\u00bb]<\/p>\n<h2 style=\"text-align: center;\"><strong class=\"uppercase\">NOTICIAS<\/strong><\/h2>\n<p>[\/gsf_heading][gsf_posts posts_per_page=\u00bb6&#8243; is_slider=\u00bbon\u00bb nav_position=\u00bbnav-bottom-center\u00bb autoplay=\u00bbon\u00bb post_animation=\u00bb\u00bb category=\u00bbvias\u00bb columns=\u00bb3&#8243; columns_md=\u00bb2&#8243; columns_sm=\u00bb2&#8243; columns_xs=\u00bb1&#8243; columns_mb=\u00bb1&#8243; css_animation=\u00bbbottom-to-top\u00bb ids=\u00bb\u00bb][gsf_space desktop=\u00bb90&#8243; tablet=\u00bb70&#8243; tablet_portrait=\u00bb60&#8243; mobile_landscape=\u00bb50&#8243; mobile=\u00bb40&#8243;][\/vc_column][\/vc_row][vc_row css=\u00bb.vc_custom_1596187972160{background-color: #f2f2f2 !important;}\u00bb][vc_column][gsf_space desktop=\u00bb100&#8243; tablet=\u00bb70&#8243; tablet_portrait=\u00bb60&#8243; mobile_landscape=\u00bb60&#8243; mobile=\u00bb60&#8243;][gsf_heading sub_title=\u00bb\u00bb local_subtitle=\u00bbsubtitle-bottom\u00bb text_align=\u00bbtext-center\u00bb title=\u00bbCertificates of RubyBuild\u00bb]<strong class=\"uppercase\">Dinamizamos el sector<\/strong> <span class=\"accent-color\">de la construcci\u00f3n<\/span>[\/gsf_heading][vc_row_inner][vc_column_inner width=\u00bb1\/6&#8243;][\/vc_column_inner][vc_column_inner width=\u00bb4\/6&#8243;][vc_column_text]<\/p>\n<p style=\"text-align: center; font-size: 16px;\">Por primera vez en la historia de la Prefectura se realizaron Ferias Inclusivas para contratar el servicio de transporte de material p\u00e9treo y la maquinaria pesada. Garantizamos procesos m\u00e1s transparentes, con mayor oferta y dinamizando el sector de la construcci\u00f3n<\/p>\n<p>[\/vc_column_text][\/vc_column_inner][vc_column_inner width=\u00bb1\/6&#8243;][\/vc_column_inner][\/vc_row_inner][vc_row_inner][vc_column_inner width=\u00bb1\/6&#8243;][\/vc_column_inner][vc_column_inner width=\u00bb4\/6&#8243; css=\u00bb.vc_custom_1596185247094{padding-top: 30px !important;padding-left: 10px !important;background-color: #ededed !important;}\u00bb][vc_column_text]<\/p>\n<ul style=\"font-size: 16px;\">\n<li>261 Volquetas<\/li>\n<li>27 Cooperativas de Transporte<\/li>\n<li>2.577. 466,44 metros c\u00fabicos de material de mejoramiento<\/li>\n<li>103.558,00 metros c\u00fabicos de piedra escollera<\/li>\n<li>Inversi\u00f3n: 13. 6 millones de d\u00f3lares (13\u2019635.154.65)<\/li>\n<\/ul>\n<p>[\/vc_column_text][\/vc_column_inner][vc_column_inner width=\u00bb1\/6&#8243;][\/vc_column_inner][\/vc_row_inner][gsf_space desktop=\u00bb100&#8243; tablet=\u00bb70&#8243; tablet_portrait=\u00bb60&#8243; mobile_landscape=\u00bb60&#8243; mobile=\u00bb60&#8243;][\/vc_column][\/vc_row]<\/p>\n","protected":false},"excerpt":{"rendered":"<p>[vc_row color_skin=\u00bbskin-light\u00bb bg_overlay_mode=\u00bbcolor\u00bb bg_overlay_color=\u00bbrgba(255,255,255,0.95)\u00bb css=\u00bb.vc_custom_1591287752047{background-image: url(http:\/\/www.manabi.gob.ec\/wp-content\/uploads\/2020\/04\/excavadorr.jpg?id=2140) !important;background-position: center !important;background-repeat: no-repeat !important;background-size: cover !important;}\u00bb][vc_column][gsf_space desktop=\u00bb75&#8243; tablet=\u00bb80&#8243; tablet_portrait=\u00bb70&#8243; mobile_landscape=\u00bb60&#8243; mobile=\u00bb60&#8243;][vc_row_inner][vc_column_inner width=\u00bb4\/12&#8243;][vc_column_text] V\u00edas que unen Vidas [\/vc_column_text][\/vc_column_inner][vc_column_inner width=\u00bb7\/12&#8243;][vc_column_text css=\u00bb.vc_custom_1701461735470{margin-bottom: 45px !important;}\u00bb]Mejorar la conectividad vial del campo y brindar oportunidades de desarrollo a las comunidades ha sido esencial durante la administraci\u00f3n del Prefecto Leonardo Orlando. Su compromiso es pagar [&hellip;]<\/p>\n","protected":false},"author":1,"featured_media":0,"parent":0,"menu_order":0,"comment_status":"closed","ping_status":"closed","template":"","meta":{"_joinchat":[],"footnotes":""},"class_list":["post-14664","page","type-page","status-publish","hentry"],"yoast_head":"<!-- This site is optimized with the Yoast SEO plugin v27.4 - https:\/\/yoast.com\/product\/yoast-seo-wordpress\/ -->\n<title>Vialidad - Prefectura de Manab\u00ed<\/title>\n<meta name=\"robots\" content=\"index, follow, max-snippet:-1, max-image-preview:large, max-video-preview:-1\" \/>\n<link rel=\"canonical\" href=\"https:\/\/www.manabi.gob.ec\/index.php\/vialidad\/\" \/>\n<meta property=\"og:locale\" content=\"es_ES\" \/>\n<meta property=\"og:type\" content=\"article\" \/>\n<meta property=\"og:title\" content=\"Vialidad - Prefectura de Manab\u00ed\" \/>\n<meta property=\"og:description\" content=\"[vc_row color_skin=\u00bbskin-light\u00bb bg_overlay_mode=\u00bbcolor\u00bb bg_overlay_color=\u00bbrgba(255,255,255,0.95)\u00bb css=\u00bb.vc_custom_1591287752047{background-image: url(http:\/\/www.manabi.gob.ec\/wp-content\/uploads\/2020\/04\/excavadorr.jpg?id=2140) !important;background-position: center !important;background-repeat: no-repeat !important;background-size: cover !important;}\u00bb][vc_column][gsf_space desktop=\u00bb75&#8243; tablet=\u00bb80&#8243; tablet_portrait=\u00bb70&#8243; mobile_landscape=\u00bb60&#8243; mobile=\u00bb60&#8243;][vc_row_inner][vc_column_inner width=\u00bb4\/12&#8243;][vc_column_text] V\u00edas que unen Vidas [\/vc_column_text][\/vc_column_inner][vc_column_inner width=\u00bb7\/12&#8243;][vc_column_text css=\u00bb.vc_custom_1701461735470{margin-bottom: 45px !important;}\u00bb]Mejorar la conectividad vial del campo y brindar oportunidades de desarrollo a las comunidades ha sido esencial durante la administraci\u00f3n del Prefecto Leonardo Orlando. Su compromiso es pagar [&hellip;]\" \/>\n<meta property=\"og:url\" content=\"https:\/\/www.manabi.gob.ec\/index.php\/vialidad\/\" \/>\n<meta property=\"og:site_name\" content=\"Prefectura de Manab\u00ed\" \/>\n<meta property=\"article:modified_time\" content=\"2025-04-08T16:59:53+00:00\" \/>\n<meta name=\"twitter:card\" content=\"summary_large_image\" \/>\n<meta name=\"twitter:label1\" content=\"Tiempo de lectura\" \/>\n\t<meta name=\"twitter:data1\" content=\"2 minutos\" \/>\n<script type=\"application\/ld+json\" class=\"yoast-schema-graph\">{\"@context\":\"https:\\\/\\\/schema.org\",\"@graph\":[{\"@type\":\"WebPage\",\"@id\":\"https:\\\/\\\/www.manabi.gob.ec\\\/index.php\\\/vialidad\\\/\",\"url\":\"https:\\\/\\\/www.manabi.gob.ec\\\/index.php\\\/vialidad\\\/\",\"name\":\"Vialidad - Prefectura de Manab\u00ed\",\"isPartOf\":{\"@id\":\"https:\\\/\\\/www.manabi.gob.ec\\\/#website\"},\"datePublished\":\"2020-07-31T06:52:05+00:00\",\"dateModified\":\"2025-04-08T16:59:53+00:00\",\"breadcrumb\":{\"@id\":\"https:\\\/\\\/www.manabi.gob.ec\\\/index.php\\\/vialidad\\\/#breadcrumb\"},\"inLanguage\":\"es\",\"potentialAction\":[{\"@type\":\"ReadAction\",\"target\":[\"https:\\\/\\\/www.manabi.gob.ec\\\/index.php\\\/vialidad\\\/\"]}]},{\"@type\":\"BreadcrumbList\",\"@id\":\"https:\\\/\\\/www.manabi.gob.ec\\\/index.php\\\/vialidad\\\/#breadcrumb\",\"itemListElement\":[{\"@type\":\"ListItem\",\"position\":1,\"name\":\"Portada\",\"item\":\"https:\\\/\\\/www.manabi.gob.ec\\\/\"},{\"@type\":\"ListItem\",\"position\":2,\"name\":\"Vialidad\"}]},{\"@type\":\"WebSite\",\"@id\":\"https:\\\/\\\/www.manabi.gob.ec\\\/#website\",\"url\":\"https:\\\/\\\/www.manabi.gob.ec\\\/\",\"name\":\"Prefectura de Manab\u00ed\",\"description\":\"P\u00e1gina web de la prefectura\",\"potentialAction\":[{\"@type\":\"SearchAction\",\"target\":{\"@type\":\"EntryPoint\",\"urlTemplate\":\"https:\\\/\\\/www.manabi.gob.ec\\\/?s={search_term_string}\"},\"query-input\":{\"@type\":\"PropertyValueSpecification\",\"valueRequired\":true,\"valueName\":\"search_term_string\"}}],\"inLanguage\":\"es\"}]}<\/script>\n<!-- \/ Yoast SEO plugin. -->","yoast_head_json":{"title":"Vialidad - Prefectura de Manab\u00ed","robots":{"index":"index","follow":"follow","max-snippet":"max-snippet:-1","max-image-preview":"max-image-preview:large","max-video-preview":"max-video-preview:-1"},"canonical":"https:\/\/www.manabi.gob.ec\/index.php\/vialidad\/","og_locale":"es_ES","og_type":"article","og_title":"Vialidad - Prefectura de Manab\u00ed","og_description":"[vc_row color_skin=\u00bbskin-light\u00bb bg_overlay_mode=\u00bbcolor\u00bb bg_overlay_color=\u00bbrgba(255,255,255,0.95)\u00bb css=\u00bb.vc_custom_1591287752047{background-image: url(http:\/\/www.manabi.gob.ec\/wp-content\/uploads\/2020\/04\/excavadorr.jpg?id=2140) !important;background-position: center !important;background-repeat: no-repeat !important;background-size: cover !important;}\u00bb][vc_column][gsf_space desktop=\u00bb75&#8243; tablet=\u00bb80&#8243; tablet_portrait=\u00bb70&#8243; mobile_landscape=\u00bb60&#8243; mobile=\u00bb60&#8243;][vc_row_inner][vc_column_inner width=\u00bb4\/12&#8243;][vc_column_text] V\u00edas que unen Vidas [\/vc_column_text][\/vc_column_inner][vc_column_inner width=\u00bb7\/12&#8243;][vc_column_text css=\u00bb.vc_custom_1701461735470{margin-bottom: 45px !important;}\u00bb]Mejorar la conectividad vial del campo y brindar oportunidades de desarrollo a las comunidades ha sido esencial durante la administraci\u00f3n del Prefecto Leonardo Orlando. Su compromiso es pagar [&hellip;]","og_url":"https:\/\/www.manabi.gob.ec\/index.php\/vialidad\/","og_site_name":"Prefectura de Manab\u00ed","article_modified_time":"2025-04-08T16:59:53+00:00","twitter_card":"summary_large_image","twitter_misc":{"Tiempo de lectura":"2 minutos"},"schema":{"@context":"https:\/\/schema.org","@graph":[{"@type":"WebPage","@id":"https:\/\/www.manabi.gob.ec\/index.php\/vialidad\/","url":"https:\/\/www.manabi.gob.ec\/index.php\/vialidad\/","name":"Vialidad - Prefectura de Manab\u00ed","isPartOf":{"@id":"https:\/\/www.manabi.gob.ec\/#website"},"datePublished":"2020-07-31T06:52:05+00:00","dateModified":"2025-04-08T16:59:53+00:00","breadcrumb":{"@id":"https:\/\/www.manabi.gob.ec\/index.php\/vialidad\/#breadcrumb"},"inLanguage":"es","potentialAction":[{"@type":"ReadAction","target":["https:\/\/www.manabi.gob.ec\/index.php\/vialidad\/"]}]},{"@type":"BreadcrumbList","@id":"https:\/\/www.manabi.gob.ec\/index.php\/vialidad\/#breadcrumb","itemListElement":[{"@type":"ListItem","position":1,"name":"Portada","item":"https:\/\/www.manabi.gob.ec\/"},{"@type":"ListItem","position":2,"name":"Vialidad"}]},{"@type":"WebSite","@id":"https:\/\/www.manabi.gob.ec\/#website","url":"https:\/\/www.manabi.gob.ec\/","name":"Prefectura de Manab\u00ed","description":"P\u00e1gina web de la prefectura","potentialAction":[{"@type":"SearchAction","target":{"@type":"EntryPoint","urlTemplate":"https:\/\/www.manabi.gob.ec\/?s={search_term_string}"},"query-input":{"@type":"PropertyValueSpecification","valueRequired":true,"valueName":"search_term_string"}}],"inLanguage":"es"}]}},"_links":{"self":[{"href":"https:\/\/www.manabi.gob.ec\/index.php\/wp-json\/wp\/v2\/pages\/14664","targetHints":{"allow":["GET"]}}],"collection":[{"href":"https:\/\/www.manabi.gob.ec\/index.php\/wp-json\/wp\/v2\/pages"}],"about":[{"href":"https:\/\/www.manabi.gob.ec\/index.php\/wp-json\/wp\/v2\/types\/page"}],"author":[{"embeddable":true,"href":"https:\/\/www.manabi.gob.ec\/index.php\/wp-json\/wp\/v2\/users\/1"}],"replies":[{"embeddable":true,"href":"https:\/\/www.manabi.gob.ec\/index.php\/wp-json\/wp\/v2\/comments?post=14664"}],"version-history":[{"count":10,"href":"https:\/\/www.manabi.gob.ec\/index.php\/wp-json\/wp\/v2\/pages\/14664\/revisions"}],"predecessor-version":[{"id":30474,"href":"https:\/\/www.manabi.gob.ec\/index.php\/wp-json\/wp\/v2\/pages\/14664\/revisions\/30474"}],"wp:attachment":[{"href":"https:\/\/www.manabi.gob.ec\/index.php\/wp-json\/wp\/v2\/media?parent=14664"}],"curies":[{"name":"wp","href":"https:\/\/api.w.org\/{rel}","templated":true}]}}