{"id":14881,"date":"2020-07-31T22:46:45","date_gmt":"2020-07-31T22:46:45","guid":{"rendered":"http:\/\/www.manabi.gob.ec\/?page_id=14881"},"modified":"2023-11-22T18:22:35","modified_gmt":"2023-11-22T18:22:35","slug":"objetivos","status":"publish","type":"page","link":"https:\/\/www.manabi.gob.ec\/index.php\/objetivos\/","title":{"rendered":"Objetivos estrat\u00e9gicos"},"content":{"rendered":"<p>[vc_row][vc_column][vc_column_text el_class=\u00bb\u00bb css_animation=\u00bbappear\u00bb]<\/p>\n<h4>Manab\u00ed Vivo<\/h4>\n<ul>\n<li>Promover la protecci\u00f3n, conservaci\u00f3n y aprovechamiento sostenible de las \u00e1reas de alto valor natural, el recurso h\u00eddrico y el medio f\u00edsico Manabita.<\/li>\n<\/ul>\n<h4>Manab\u00ed Humane<\/h4>\n<ul>\n<li>Potenciar las capacidades productivas y de servicios de la provincia, con eficiencia en el manejo de la infraestructura para la producci\u00f3n, con la log\u00edstica, conectividad y accesibilidad necesaria para canalizar sus bienes y servicios hacia mercados nacionales e internacionales.<\/li>\n<li>Promover un desarrollo humano equitativo y de justicia social, tanto en contextos urbanos como rurales.<\/li>\n<\/ul>\n<h4>Manab\u00ed Articulado<\/h4>\n<ul>\n<li>Fortalecer al Gobierno Provincial de Manab\u00ed para que promueva una institucionalidad participativa, transparente, eficiente, din\u00e1mica y de servicio a la ciudadan\u00eda<\/li>\n<\/ul>\n<h4>Manab\u00ed Conectado<\/h4>\n<ul>\n<li>Garantizar que los sistemas de infraestructura del territorio ya sean enfocados al transporte o al riego, provean de cobertura y calidad el desarrollo socio-econ\u00f3mico local.<\/li>\n<\/ul>\n<h4>Manab\u00ed Sostenible<\/h4>\n<ul>\n<li>Impulsar el desarrollo territorial de Manab\u00ed de manera sostenible y equitativa desde la consolidaci\u00f3n de los v\u00ednculos urbanos rurales.<\/li>\n<\/ul>\n<p>[\/vc_column_text][\/vc_column][\/vc_row][vc_row][vc_column][gsf_space desktop=\u00bb90&#8243; tablet=\u00bb70&#8243; tablet_portrait=\u00bb60&#8243; mobile_landscape=\u00bb50&#8243; mobile=\u00bb40&#8243;][\/vc_column][\/vc_row]<\/p>\n","protected":false},"excerpt":{"rendered":"<p>[vc_row][vc_column][vc_column_text el_class=\u00bb\u00bb css_animation=\u00bbappear\u00bb] Manab\u00ed Vivo Promover la protecci\u00f3n, conservaci\u00f3n y aprovechamiento sostenible de las \u00e1reas de alto valor natural, el recurso h\u00eddrico y el medio f\u00edsico Manabita. Manab\u00ed Humane Potenciar las capacidades productivas y de servicios de la provincia, con eficiencia en el manejo de la infraestructura para la producci\u00f3n, con la log\u00edstica, conectividad y [&hellip;]<\/p>\n","protected":false},"author":1,"featured_media":0,"parent":0,"menu_order":0,"comment_status":"closed","ping_status":"closed","template":"","meta":{"_joinchat":[],"footnotes":""},"class_list":["post-14881","page","type-page","status-publish","hentry"],"yoast_head":"<!-- This site is optimized with the Yoast SEO plugin v27.4 - https:\/\/yoast.com\/product\/yoast-seo-wordpress\/ -->\n<title>Objetivos estrat\u00e9gicos - Prefectura de Manab\u00ed<\/title>\n<meta name=\"robots\" content=\"index, follow, max-snippet:-1, max-image-preview:large, max-video-preview:-1\" \/>\n<link rel=\"canonical\" href=\"https:\/\/www.manabi.gob.ec\/index.php\/objetivos\/\" \/>\n<meta property=\"og:locale\" content=\"es_ES\" \/>\n<meta property=\"og:type\" content=\"article\" \/>\n<meta property=\"og:title\" content=\"Objetivos estrat\u00e9gicos - Prefectura de Manab\u00ed\" \/>\n<meta property=\"og:description\" content=\"[vc_row][vc_column][vc_column_text el_class=\u00bb\u00bb css_animation=\u00bbappear\u00bb] Manab\u00ed Vivo Promover la protecci\u00f3n, conservaci\u00f3n y aprovechamiento sostenible de las \u00e1reas de alto valor natural, el recurso h\u00eddrico y el medio f\u00edsico Manabita. Manab\u00ed Humane Potenciar las capacidades productivas y de servicios de la provincia, con eficiencia en el manejo de la infraestructura para la producci\u00f3n, con la log\u00edstica, conectividad y [&hellip;]\" \/>\n<meta property=\"og:url\" content=\"https:\/\/www.manabi.gob.ec\/index.php\/objetivos\/\" \/>\n<meta property=\"og:site_name\" content=\"Prefectura de Manab\u00ed\" \/>\n<meta property=\"article:modified_time\" content=\"2023-11-22T18:22:35+00:00\" \/>\n<meta name=\"twitter:card\" content=\"summary_large_image\" \/>\n<meta name=\"twitter:label1\" content=\"Tiempo de lectura\" \/>\n\t<meta name=\"twitter:data1\" content=\"1 minuto\" \/>\n<script type=\"application\/ld+json\" class=\"yoast-schema-graph\">{\"@context\":\"https:\\\/\\\/schema.org\",\"@graph\":[{\"@type\":\"WebPage\",\"@id\":\"https:\\\/\\\/www.manabi.gob.ec\\\/index.php\\\/objetivos\\\/\",\"url\":\"https:\\\/\\\/www.manabi.gob.ec\\\/index.php\\\/objetivos\\\/\",\"name\":\"Objetivos estrat\u00e9gicos - Prefectura de Manab\u00ed\",\"isPartOf\":{\"@id\":\"https:\\\/\\\/www.manabi.gob.ec\\\/#website\"},\"datePublished\":\"2020-07-31T22:46:45+00:00\",\"dateModified\":\"2023-11-22T18:22:35+00:00\",\"breadcrumb\":{\"@id\":\"https:\\\/\\\/www.manabi.gob.ec\\\/index.php\\\/objetivos\\\/#breadcrumb\"},\"inLanguage\":\"es\",\"potentialAction\":[{\"@type\":\"ReadAction\",\"target\":[\"https:\\\/\\\/www.manabi.gob.ec\\\/index.php\\\/objetivos\\\/\"]}]},{\"@type\":\"BreadcrumbList\",\"@id\":\"https:\\\/\\\/www.manabi.gob.ec\\\/index.php\\\/objetivos\\\/#breadcrumb\",\"itemListElement\":[{\"@type\":\"ListItem\",\"position\":1,\"name\":\"Portada\",\"item\":\"https:\\\/\\\/www.manabi.gob.ec\\\/\"},{\"@type\":\"ListItem\",\"position\":2,\"name\":\"Objetivos estrat\u00e9gicos\"}]},{\"@type\":\"WebSite\",\"@id\":\"https:\\\/\\\/www.manabi.gob.ec\\\/#website\",\"url\":\"https:\\\/\\\/www.manabi.gob.ec\\\/\",\"name\":\"Prefectura de Manab\u00ed\",\"description\":\"P\u00e1gina web de la prefectura\",\"potentialAction\":[{\"@type\":\"SearchAction\",\"target\":{\"@type\":\"EntryPoint\",\"urlTemplate\":\"https:\\\/\\\/www.manabi.gob.ec\\\/?s={search_term_string}\"},\"query-input\":{\"@type\":\"PropertyValueSpecification\",\"valueRequired\":true,\"valueName\":\"search_term_string\"}}],\"inLanguage\":\"es\"}]}<\/script>\n<!-- \/ Yoast SEO plugin. -->","yoast_head_json":{"title":"Objetivos estrat\u00e9gicos - Prefectura de Manab\u00ed","robots":{"index":"index","follow":"follow","max-snippet":"max-snippet:-1","max-image-preview":"max-image-preview:large","max-video-preview":"max-video-preview:-1"},"canonical":"https:\/\/www.manabi.gob.ec\/index.php\/objetivos\/","og_locale":"es_ES","og_type":"article","og_title":"Objetivos estrat\u00e9gicos - Prefectura de Manab\u00ed","og_description":"[vc_row][vc_column][vc_column_text el_class=\u00bb\u00bb css_animation=\u00bbappear\u00bb] Manab\u00ed Vivo Promover la protecci\u00f3n, conservaci\u00f3n y aprovechamiento sostenible de las \u00e1reas de alto valor natural, el recurso h\u00eddrico y el medio f\u00edsico Manabita. Manab\u00ed Humane Potenciar las capacidades productivas y de servicios de la provincia, con eficiencia en el manejo de la infraestructura para la producci\u00f3n, con la log\u00edstica, conectividad y [&hellip;]","og_url":"https:\/\/www.manabi.gob.ec\/index.php\/objetivos\/","og_site_name":"Prefectura de Manab\u00ed","article_modified_time":"2023-11-22T18:22:35+00:00","twitter_card":"summary_large_image","twitter_misc":{"Tiempo de lectura":"1 minuto"},"schema":{"@context":"https:\/\/schema.org","@graph":[{"@type":"WebPage","@id":"https:\/\/www.manabi.gob.ec\/index.php\/objetivos\/","url":"https:\/\/www.manabi.gob.ec\/index.php\/objetivos\/","name":"Objetivos estrat\u00e9gicos - Prefectura de Manab\u00ed","isPartOf":{"@id":"https:\/\/www.manabi.gob.ec\/#website"},"datePublished":"2020-07-31T22:46:45+00:00","dateModified":"2023-11-22T18:22:35+00:00","breadcrumb":{"@id":"https:\/\/www.manabi.gob.ec\/index.php\/objetivos\/#breadcrumb"},"inLanguage":"es","potentialAction":[{"@type":"ReadAction","target":["https:\/\/www.manabi.gob.ec\/index.php\/objetivos\/"]}]},{"@type":"BreadcrumbList","@id":"https:\/\/www.manabi.gob.ec\/index.php\/objetivos\/#breadcrumb","itemListElement":[{"@type":"ListItem","position":1,"name":"Portada","item":"https:\/\/www.manabi.gob.ec\/"},{"@type":"ListItem","position":2,"name":"Objetivos estrat\u00e9gicos"}]},{"@type":"WebSite","@id":"https:\/\/www.manabi.gob.ec\/#website","url":"https:\/\/www.manabi.gob.ec\/","name":"Prefectura de Manab\u00ed","description":"P\u00e1gina web de la prefectura","potentialAction":[{"@type":"SearchAction","target":{"@type":"EntryPoint","urlTemplate":"https:\/\/www.manabi.gob.ec\/?s={search_term_string}"},"query-input":{"@type":"PropertyValueSpecification","valueRequired":true,"valueName":"search_term_string"}}],"inLanguage":"es"}]}},"_links":{"self":[{"href":"https:\/\/www.manabi.gob.ec\/index.php\/wp-json\/wp\/v2\/pages\/14881","targetHints":{"allow":["GET"]}}],"collection":[{"href":"https:\/\/www.manabi.gob.ec\/index.php\/wp-json\/wp\/v2\/pages"}],"about":[{"href":"https:\/\/www.manabi.gob.ec\/index.php\/wp-json\/wp\/v2\/types\/page"}],"author":[{"embeddable":true,"href":"https:\/\/www.manabi.gob.ec\/index.php\/wp-json\/wp\/v2\/users\/1"}],"replies":[{"embeddable":true,"href":"https:\/\/www.manabi.gob.ec\/index.php\/wp-json\/wp\/v2\/comments?post=14881"}],"version-history":[{"count":1,"href":"https:\/\/www.manabi.gob.ec\/index.php\/wp-json\/wp\/v2\/pages\/14881\/revisions"}],"predecessor-version":[{"id":26388,"href":"https:\/\/www.manabi.gob.ec\/index.php\/wp-json\/wp\/v2\/pages\/14881\/revisions\/26388"}],"wp:attachment":[{"href":"https:\/\/www.manabi.gob.ec\/index.php\/wp-json\/wp\/v2\/media?parent=14881"}],"curies":[{"name":"wp","href":"https:\/\/api.w.org\/{rel}","templated":true}]}}

Objetivos estratégicos

<p>[vc_row][vc_column][vc_column_text el_class=»» css_animation=»appear»]</p>
<h4>Manabí Vivo</h4>
<ul>
<li>Promover la protección, conservación y aprovechamiento sostenible de las áreas de alto valor natural, el recurso hídrico y el medio físico Manabita.</li>
</ul>
<h4>Manabí Humane</h4>
<ul>
<li>Potenciar las capacidades productivas y de servicios de la provincia, con eficiencia en el manejo de la infraestructura para la producción, con la logística, conectividad y accesibilidad necesaria para canalizar sus bienes y servicios hacia mercados nacionales e internacionales.</li>
<li>Promover un desarrollo humano equitativo y de justicia social, tanto en contextos urbanos como rurales.</li>
</ul>
<h4>Manabí Articulado</h4>
<ul>
<li>Fortalecer al Gobierno Provincial de Manabí para que promueva una institucionalidad participativa, transparente, eficiente, dinámica y de servicio a la ciudadanía</li>
</ul>
<h4>Manabí Conectado</h4>
<ul>
<li>Garantizar que los sistemas de infraestructura del territorio ya sean enfocados al transporte o al riego, provean de cobertura y calidad el desarrollo socio-económico local.</li>
</ul>
<h4>Manabí Sostenible</h4>
<ul>
<li>Impulsar el desarrollo territorial de Manabí de manera sostenible y equitativa desde la consolidación de los vínculos urbanos rurales.</li>
</ul>
<p>[/vc_column_text][/vc_column][/vc_row][vc_row][vc_column][gsf_space desktop=»90&#8243; tablet=»70&#8243; tablet_portrait=»60&#8243; mobile_landscape=»50&#8243; mobile=»40&#8243;][/vc_column][/vc_row]</p>

<p>[vc_row][vc_column][vc_column_text el_class=»» css_animation=»appear»] Manabí Vivo Promover la protección, conservación y aprovechamiento sostenible de las áreas de alto valor natural, el recurso hídrico y el medio físico Manabita. Manabí Humane Potenciar las capacidades productivas y de servicios de la provincia, con eficiencia en el manejo de la infraestructura para la producción, con la logística, conectividad y [&hellip;]</p>

<!-- This site is optimized with the Yoast SEO plugin v27.4 - https://yoast.com/product/yoast-seo-wordpress/ -->
<title>Objetivos estratégicos - Prefectura de Manabí</title>
<meta name="robots" content="index, follow, max-snippet:-1, max-image-preview:large, max-video-preview:-1" />
<link rel="canonical" href="https://www.manabi.gob.ec/index.php/objetivos/" />
<meta property="og:locale" content="es_ES" />
<meta property="og:type" content="article" />
<meta property="og:title" content="Objetivos estratégicos - Prefectura de Manabí" />
<meta property="og:description" content="[vc_row][vc_column][vc_column_text el_class=»» css_animation=»appear»] Manabí Vivo Promover la protección, conservación y aprovechamiento sostenible de las áreas de alto valor natural, el recurso hídrico y el medio físico Manabita. Manabí Humane Potenciar las capacidades productivas y de servicios de la provincia, con eficiencia en el manejo de la infraestructura para la producción, con la logística, conectividad y [&hellip;]" />
<meta property="og:url" content="https://www.manabi.gob.ec/index.php/objetivos/" />
<meta property="og:site_name" content="Prefectura de Manabí" />
<meta property="article:modified_time" content="2023-11-22T18:22:35+00:00" />
<meta name="twitter:card" content="summary_large_image" />
<meta name="twitter:label1" content="Tiempo de lectura" />
	<meta name="twitter:data1" content="1 minuto" />
<script type="application/ld+json" class="yoast-schema-graph">{"@context":"https:\/\/schema.org","@graph":[{"@type":"WebPage","@id":"https:\/\/www.manabi.gob.ec\/index.php\/objetivos\/","url":"https:\/\/www.manabi.gob.ec\/index.php\/objetivos\/","name":"Objetivos estratégicos - Prefectura de Manabí","isPartOf":{"@id":"https:\/\/www.manabi.gob.ec\/#website"},"datePublished":"2020-07-31T22:46:45+00:00","dateModified":"2023-11-22T18:22:35+00:00","breadcrumb":{"@id":"https:\/\/www.manabi.gob.ec\/index.php\/objetivos\/#breadcrumb"},"inLanguage":"es","potentialAction":[{"@type":"ReadAction","target":["https:\/\/www.manabi.gob.ec\/index.php\/objetivos\/"]}]},{"@type":"BreadcrumbList","@id":"https:\/\/www.manabi.gob.ec\/index.php\/objetivos\/#breadcrumb","itemListElement":[{"@type":"ListItem","position":1,"name":"Portada","item":"https:\/\/www.manabi.gob.ec\/"},{"@type":"ListItem","position":2,"name":"Objetivos estratégicos"}]},{"@type":"WebSite","@id":"https:\/\/www.manabi.gob.ec\/#website","url":"https:\/\/www.manabi.gob.ec\/","name":"Prefectura de Manabí","description":"Página web de la prefectura","potentialAction":[{"@type":"SearchAction","target":{"@type":"EntryPoint","urlTemplate":"https:\/\/www.manabi.gob.ec\/?s={search_term_string}"},"query-input":{"@type":"PropertyValueSpecification","valueRequired":true,"valueName":"search_term_string"}}],"inLanguage":"es"}]}</script>
<!-- / Yoast SEO plugin. -->

Objetivos estratégicos - Prefectura de Manabí

[vc_row][vc_column][vc_column_text el_class=»» css_animation=»appear»] Manabí Vivo Promover la protección, conservación y aprovechamiento sostenible de las áreas de alto valor natural, el recurso hídrico y el medio físico Manabita. Manabí Humane Potenciar las capacidades productivas y de servicios de la provincia, con eficiencia en el manejo de la infraestructura para la producción, con la logística, conectividad y [&hellip;]

Prefectura de Manabí

Página web de la prefectura
