{"id":14965,"date":"2020-08-19T17:29:40","date_gmt":"2020-08-19T17:29:40","guid":{"rendered":"http:\/\/www.manabi.gob.ec\/?page_id=14965"},"modified":"2020-09-01T09:09:28","modified_gmt":"2020-09-01T09:09:28","slug":"el-carmen","status":"publish","type":"page","link":"https:\/\/www.manabi.gob.ec\/index.php\/el-carmen\/","title":{"rendered":"El Carmen"},"content":{"rendered":"<p>[vc_row][vc_column width=\u00bb1\/4&#8243;][vc_empty_space][vc_column_text]<strong>Cabecera Cantonal<\/strong><br \/>\nEl Carmen (Ciudad)<br \/>\n<strong>Parroquias Urbanas<\/strong><br \/>\n4 de Diciembre , El Carmen (Parroquia)<br \/>\n<strong>Parroquias Rurales<\/strong><\/p>\n<p>San Pedro de Suma, Wilfrido Loor Moreira<\/p>\n<p><img loading=\"lazy\" decoding=\"async\" class=\"alignnone size-full wp-image-15012\" src=\"http:\/\/www.manabi.gob.ec\/wp-content\/uploads\/2020\/08\/bandera-de-el-carmen.gif\" alt=\"\" width=\"120\" height=\"155\" \/><\/p>\n<p><img loading=\"lazy\" decoding=\"async\" class=\"alignnone size-full wp-image-15013\" src=\"http:\/\/www.manabi.gob.ec\/wp-content\/uploads\/2020\/08\/escudo-de-el-carmen.gif\" alt=\"\" width=\"120\" height=\"136\" \/>[\/vc_column_text][\/vc_column][vc_column width=\u00bb3\/4&#8243;][vc_column_text]<\/p>\n<p data-wahfont=\"14\">Se la denomina \u201cLa Puerta de Oro de Manab\u00ed\u201d, por su producci\u00f3n de pl\u00e1tano barraganete, \u00fanico en el pa\u00eds y exportado al mundo.<\/p>\n<p data-wahfont=\"14\">Conserva muchos r\u00edos, donde se han instalado grandes balnearios, y grandes cascadas que son verdaderos atractivos tur\u00edsticos.<\/p>\n<p data-wahfont=\"14\">Son famosos los \u201cparadores\u201d, restaurantes al borde de la v\u00eda, donde los viajeros\u00a0disfrutan de su variada comida.<\/p>\n<p data-wahfont=\"14\">Son t\u00edpicos los bolones de queso, man\u00ed y chicharr\u00f3n; el seco de gallina y \u201cguanta\u201d,\u00a0animal que se cr\u00eda en las monta\u00f1as.<\/p>\n<h2 data-wahfont=\"21\"><span data-wahfont=\"21\">HIMNO DEL CANT\u00d3N EL CARMEN<\/span><\/h2>\n<div class=\"sc_line sc_line_position_center_center sc_line_style_solid\"><\/div>\n<p data-wahfont=\"14\"><strong>Letra:<\/strong>\u00a0Amador Vera Vera<br \/>\n<strong>M\u00fasica:<\/strong>\u00a0Nelson Segura<\/p>\n<p data-wahfont=\"14\"><b>CORO<\/b><\/p>\n<p data-wahfont=\"14\">Salve, \u00a1oh! Carmen tu pueblo se agranda,<br \/>\nEntusiasta y alegre entonando<br \/>\nEste canto de hermosas promesas,<br \/>\n\u00a1que elocuente es un himno de amor!<\/p>\n<p data-wahfont=\"14\"><b>ESTROFAS<\/b><\/p>\n<p data-wahfont=\"14\"><b>I<\/b><\/p>\n<p data-wahfont=\"14\">Ciudadano en pie de protesta<br \/>\nProclamando el derecho y la paz,<br \/>\nen la c\u00e1rcel vejados sufrieron<br \/>\nen sublime preg\u00f3n del amor.<br \/>\nCon airados clarines las notas,<br \/>\nelevando reclamos llevaron<br \/>\nal conf\u00edn de la patria clamando:<br \/>\nLa provincia el honor nacional.<\/p>\n<p data-wahfont=\"14\"><b>II<\/b><\/p>\n<p data-wahfont=\"14\">Que la Sierra y la Costa comprendan<br \/>\nes el Carmen tesoro preciado,<br \/>\nde heredad manabita un derecho<br \/>\ny de patria un deber de la uni\u00f3n.<br \/>\nUn preg\u00f3n de progreso que eleva<br \/>\nel esfuerzo de todos unidos,<br \/>\nsea ahora y siempre anhelante,<br \/>\npara El Carmen un himno de paz<\/p>\n<p data-wahfont=\"14\"><b>III<\/b><\/p>\n<p data-wahfont=\"14\">Que el esfuerzo viril de estudiantes,<br \/>\nen demanda, como fervientes, ca\u00eddos<br \/>\ncon respeto promesas hagamos,<br \/>\nen memoria, sus glorias vivir.<br \/>\nY surcando caminos de lauros<br \/>\nun ma\u00f1ana de acci\u00f3n y trabajo,<br \/>\njubilosos nos demos cantando,<br \/>\nel abrazo fraterno de amor.<\/p>\n<p data-wahfont=\"14\"><b>IV<\/b><\/p>\n<p data-wahfont=\"14\">No es posible que ahora tengamos,<br \/>\nintestinas, las luchas de hermanos,<br \/>\nsi m\u00e1s fuertes y unidos seremos<br \/>\nconvivir con el bien con raz\u00f3n.<br \/>\nJuventudes c\u00e1rmenes, promesas<br \/>\nDe un ma\u00f1ana ambicioso de ser;<br \/>\nAl progreso arribemos ansiosos<br \/>\nY la patria nos premie de honor<\/p>\n<p>[\/vc_column_text][\/vc_column][\/vc_row]<\/p>\n","protected":false},"excerpt":{"rendered":"<p>[vc_row][vc_column width=\u00bb1\/4&#8243;][vc_empty_space][vc_column_text]Cabecera Cantonal El Carmen (Ciudad) Parroquias Urbanas 4 de Diciembre , El Carmen (Parroquia) Parroquias Rurales San Pedro de Suma, Wilfrido Loor Moreira [\/vc_column_text][\/vc_column][vc_column width=\u00bb3\/4&#8243;][vc_column_text] Se la denomina \u201cLa Puerta de Oro de Manab\u00ed\u201d, por su producci\u00f3n de pl\u00e1tano barraganete, \u00fanico en el pa\u00eds y exportado al mundo. Conserva muchos r\u00edos, donde se han [&hellip;]<\/p>\n","protected":false},"author":1,"featured_media":0,"parent":0,"menu_order":0,"comment_status":"closed","ping_status":"closed","template":"","meta":{"_joinchat":[],"footnotes":""},"class_list":["post-14965","page","type-page","status-publish","hentry"],"yoast_head":"<!-- This site is optimized with the Yoast SEO plugin v27.4 - https:\/\/yoast.com\/product\/yoast-seo-wordpress\/ -->\n<title>El Carmen - Prefectura de Manab\u00ed<\/title>\n<meta name=\"robots\" content=\"index, follow, max-snippet:-1, max-image-preview:large, max-video-preview:-1\" \/>\n<link rel=\"canonical\" href=\"https:\/\/www.manabi.gob.ec\/index.php\/el-carmen\/\" \/>\n<meta property=\"og:locale\" content=\"es_ES\" \/>\n<meta property=\"og:type\" content=\"article\" \/>\n<meta property=\"og:title\" content=\"El Carmen - Prefectura de Manab\u00ed\" \/>\n<meta property=\"og:description\" content=\"[vc_row][vc_column width=\u00bb1\/4&#8243;][vc_empty_space][vc_column_text]Cabecera Cantonal El Carmen (Ciudad) Parroquias Urbanas 4 de Diciembre , El Carmen (Parroquia) Parroquias Rurales San Pedro de Suma, Wilfrido Loor Moreira [\/vc_column_text][\/vc_column][vc_column width=\u00bb3\/4&#8243;][vc_column_text] Se la denomina \u201cLa Puerta de Oro de Manab\u00ed\u201d, por su producci\u00f3n de pl\u00e1tano barraganete, \u00fanico en el pa\u00eds y exportado al mundo. Conserva muchos r\u00edos, donde se han [&hellip;]\" \/>\n<meta property=\"og:url\" content=\"https:\/\/www.manabi.gob.ec\/index.php\/el-carmen\/\" \/>\n<meta property=\"og:site_name\" content=\"Prefectura de Manab\u00ed\" \/>\n<meta property=\"article:modified_time\" content=\"2020-09-01T09:09:28+00:00\" \/>\n<meta property=\"og:image\" content=\"http:\/\/www.manabi.gob.ec\/wp-content\/uploads\/2020\/08\/bandera-de-el-carmen.gif\" \/>\n<meta name=\"twitter:card\" content=\"summary_large_image\" \/>\n<meta name=\"twitter:label1\" content=\"Tiempo de lectura\" \/>\n\t<meta name=\"twitter:data1\" content=\"2 minutos\" \/>\n<script type=\"application\/ld+json\" class=\"yoast-schema-graph\">{\"@context\":\"https:\\\/\\\/schema.org\",\"@graph\":[{\"@type\":\"WebPage\",\"@id\":\"https:\\\/\\\/www.manabi.gob.ec\\\/index.php\\\/el-carmen\\\/\",\"url\":\"https:\\\/\\\/www.manabi.gob.ec\\\/index.php\\\/el-carmen\\\/\",\"name\":\"El Carmen - Prefectura de Manab\u00ed\",\"isPartOf\":{\"@id\":\"https:\\\/\\\/www.manabi.gob.ec\\\/#website\"},\"primaryImageOfPage\":{\"@id\":\"https:\\\/\\\/www.manabi.gob.ec\\\/index.php\\\/el-carmen\\\/#primaryimage\"},\"image\":{\"@id\":\"https:\\\/\\\/www.manabi.gob.ec\\\/index.php\\\/el-carmen\\\/#primaryimage\"},\"thumbnailUrl\":\"http:\\\/\\\/www.manabi.gob.ec\\\/wp-content\\\/uploads\\\/2020\\\/08\\\/bandera-de-el-carmen.gif\",\"datePublished\":\"2020-08-19T17:29:40+00:00\",\"dateModified\":\"2020-09-01T09:09:28+00:00\",\"breadcrumb\":{\"@id\":\"https:\\\/\\\/www.manabi.gob.ec\\\/index.php\\\/el-carmen\\\/#breadcrumb\"},\"inLanguage\":\"es\",\"potentialAction\":[{\"@type\":\"ReadAction\",\"target\":[\"https:\\\/\\\/www.manabi.gob.ec\\\/index.php\\\/el-carmen\\\/\"]}]},{\"@type\":\"ImageObject\",\"inLanguage\":\"es\",\"@id\":\"https:\\\/\\\/www.manabi.gob.ec\\\/index.php\\\/el-carmen\\\/#primaryimage\",\"url\":\"https:\\\/\\\/www.manabi.gob.ec\\\/wp-content\\\/uploads\\\/2020\\\/08\\\/bandera-de-el-carmen.gif\",\"contentUrl\":\"https:\\\/\\\/www.manabi.gob.ec\\\/wp-content\\\/uploads\\\/2020\\\/08\\\/bandera-de-el-carmen.gif\",\"width\":120,\"height\":155},{\"@type\":\"BreadcrumbList\",\"@id\":\"https:\\\/\\\/www.manabi.gob.ec\\\/index.php\\\/el-carmen\\\/#breadcrumb\",\"itemListElement\":[{\"@type\":\"ListItem\",\"position\":1,\"name\":\"Portada\",\"item\":\"https:\\\/\\\/www.manabi.gob.ec\\\/\"},{\"@type\":\"ListItem\",\"position\":2,\"name\":\"El Carmen\"}]},{\"@type\":\"WebSite\",\"@id\":\"https:\\\/\\\/www.manabi.gob.ec\\\/#website\",\"url\":\"https:\\\/\\\/www.manabi.gob.ec\\\/\",\"name\":\"Prefectura de Manab\u00ed\",\"description\":\"P\u00e1gina web de la prefectura\",\"potentialAction\":[{\"@type\":\"SearchAction\",\"target\":{\"@type\":\"EntryPoint\",\"urlTemplate\":\"https:\\\/\\\/www.manabi.gob.ec\\\/?s={search_term_string}\"},\"query-input\":{\"@type\":\"PropertyValueSpecification\",\"valueRequired\":true,\"valueName\":\"search_term_string\"}}],\"inLanguage\":\"es\"}]}<\/script>\n<!-- \/ Yoast SEO plugin. -->","yoast_head_json":{"title":"El Carmen - Prefectura de Manab\u00ed","robots":{"index":"index","follow":"follow","max-snippet":"max-snippet:-1","max-image-preview":"max-image-preview:large","max-video-preview":"max-video-preview:-1"},"canonical":"https:\/\/www.manabi.gob.ec\/index.php\/el-carmen\/","og_locale":"es_ES","og_type":"article","og_title":"El Carmen - Prefectura de Manab\u00ed","og_description":"[vc_row][vc_column width=\u00bb1\/4&#8243;][vc_empty_space][vc_column_text]Cabecera Cantonal El Carmen (Ciudad) Parroquias Urbanas 4 de Diciembre , El Carmen (Parroquia) Parroquias Rurales San Pedro de Suma, Wilfrido Loor Moreira [\/vc_column_text][\/vc_column][vc_column width=\u00bb3\/4&#8243;][vc_column_text] Se la denomina \u201cLa Puerta de Oro de Manab\u00ed\u201d, por su producci\u00f3n de pl\u00e1tano barraganete, \u00fanico en el pa\u00eds y exportado al mundo. Conserva muchos r\u00edos, donde se han [&hellip;]","og_url":"https:\/\/www.manabi.gob.ec\/index.php\/el-carmen\/","og_site_name":"Prefectura de Manab\u00ed","article_modified_time":"2020-09-01T09:09:28+00:00","og_image":[{"url":"http:\/\/www.manabi.gob.ec\/wp-content\/uploads\/2020\/08\/bandera-de-el-carmen.gif","type":"","width":"","height":""}],"twitter_card":"summary_large_image","twitter_misc":{"Tiempo de lectura":"2 minutos"},"schema":{"@context":"https:\/\/schema.org","@graph":[{"@type":"WebPage","@id":"https:\/\/www.manabi.gob.ec\/index.php\/el-carmen\/","url":"https:\/\/www.manabi.gob.ec\/index.php\/el-carmen\/","name":"El Carmen - Prefectura de Manab\u00ed","isPartOf":{"@id":"https:\/\/www.manabi.gob.ec\/#website"},"primaryImageOfPage":{"@id":"https:\/\/www.manabi.gob.ec\/index.php\/el-carmen\/#primaryimage"},"image":{"@id":"https:\/\/www.manabi.gob.ec\/index.php\/el-carmen\/#primaryimage"},"thumbnailUrl":"http:\/\/www.manabi.gob.ec\/wp-content\/uploads\/2020\/08\/bandera-de-el-carmen.gif","datePublished":"2020-08-19T17:29:40+00:00","dateModified":"2020-09-01T09:09:28+00:00","breadcrumb":{"@id":"https:\/\/www.manabi.gob.ec\/index.php\/el-carmen\/#breadcrumb"},"inLanguage":"es","potentialAction":[{"@type":"ReadAction","target":["https:\/\/www.manabi.gob.ec\/index.php\/el-carmen\/"]}]},{"@type":"ImageObject","inLanguage":"es","@id":"https:\/\/www.manabi.gob.ec\/index.php\/el-carmen\/#primaryimage","url":"https:\/\/www.manabi.gob.ec\/wp-content\/uploads\/2020\/08\/bandera-de-el-carmen.gif","contentUrl":"https:\/\/www.manabi.gob.ec\/wp-content\/uploads\/2020\/08\/bandera-de-el-carmen.gif","width":120,"height":155},{"@type":"BreadcrumbList","@id":"https:\/\/www.manabi.gob.ec\/index.php\/el-carmen\/#breadcrumb","itemListElement":[{"@type":"ListItem","position":1,"name":"Portada","item":"https:\/\/www.manabi.gob.ec\/"},{"@type":"ListItem","position":2,"name":"El Carmen"}]},{"@type":"WebSite","@id":"https:\/\/www.manabi.gob.ec\/#website","url":"https:\/\/www.manabi.gob.ec\/","name":"Prefectura de Manab\u00ed","description":"P\u00e1gina web de la prefectura","potentialAction":[{"@type":"SearchAction","target":{"@type":"EntryPoint","urlTemplate":"https:\/\/www.manabi.gob.ec\/?s={search_term_string}"},"query-input":{"@type":"PropertyValueSpecification","valueRequired":true,"valueName":"search_term_string"}}],"inLanguage":"es"}]}},"_links":{"self":[{"href":"https:\/\/www.manabi.gob.ec\/index.php\/wp-json\/wp\/v2\/pages\/14965","targetHints":{"allow":["GET"]}}],"collection":[{"href":"https:\/\/www.manabi.gob.ec\/index.php\/wp-json\/wp\/v2\/pages"}],"about":[{"href":"https:\/\/www.manabi.gob.ec\/index.php\/wp-json\/wp\/v2\/types\/page"}],"author":[{"embeddable":true,"href":"https:\/\/www.manabi.gob.ec\/index.php\/wp-json\/wp\/v2\/users\/1"}],"replies":[{"embeddable":true,"href":"https:\/\/www.manabi.gob.ec\/index.php\/wp-json\/wp\/v2\/comments?post=14965"}],"version-history":[{"count":0,"href":"https:\/\/www.manabi.gob.ec\/index.php\/wp-json\/wp\/v2\/pages\/14965\/revisions"}],"wp:attachment":[{"href":"https:\/\/www.manabi.gob.ec\/index.php\/wp-json\/wp\/v2\/media?parent=14965"}],"curies":[{"name":"wp","href":"https:\/\/api.w.org\/{rel}","templated":true}]}}

<p>[vc_row][vc_column width=»1/4&#8243;][vc_empty_space][vc_column_text]<strong>Cabecera Cantonal</strong><br />
El Carmen (Ciudad)<br />
<strong>Parroquias Urbanas</strong><br />
4 de Diciembre , El Carmen (Parroquia)<br />
<strong>Parroquias Rurales</strong></p>
<p>San Pedro de Suma, Wilfrido Loor Moreira</p>
<p><img loading="lazy" decoding="async" class="alignnone size-full wp-image-15012" src="http://www.manabi.gob.ec/wp-content/uploads/2020/08/bandera-de-el-carmen.gif" alt="" width="120" height="155" /></p>
<p><img loading="lazy" decoding="async" class="alignnone size-full wp-image-15013" src="http://www.manabi.gob.ec/wp-content/uploads/2020/08/escudo-de-el-carmen.gif" alt="" width="120" height="136" />[/vc_column_text][/vc_column][vc_column width=»3/4&#8243;][vc_column_text]</p>
<p data-wahfont="14">Se la denomina “La Puerta de Oro de Manabí”, por su producción de plátano barraganete, único en el país y exportado al mundo.</p>
<p data-wahfont="14">Conserva muchos ríos, donde se han instalado grandes balnearios, y grandes cascadas que son verdaderos atractivos turísticos.</p>
<p data-wahfont="14">Son famosos los “paradores”, restaurantes al borde de la vía, donde los viajeros disfrutan de su variada comida.</p>
<p data-wahfont="14">Son típicos los bolones de queso, maní y chicharrón; el seco de gallina y “guanta”, animal que se cría en las montañas.</p>
<h2 data-wahfont="21"><span data-wahfont="21">HIMNO DEL CANTÓN EL CARMEN</span></h2>
<div class="sc_line sc_line_position_center_center sc_line_style_solid"></div>
<p data-wahfont="14"><strong>Letra:</strong> Amador Vera Vera<br />
<strong>Música:</strong> Nelson Segura</p>
<p data-wahfont="14"><b>CORO</b></p>
<p data-wahfont="14">Salve, ¡oh! Carmen tu pueblo se agranda,<br />
Entusiasta y alegre entonando<br />
Este canto de hermosas promesas,<br />
¡que elocuente es un himno de amor!</p>
<p data-wahfont="14"><b>ESTROFAS</b></p>
<p data-wahfont="14"><b>I</b></p>
<p data-wahfont="14">Ciudadano en pie de protesta<br />
Proclamando el derecho y la paz,<br />
en la cárcel vejados sufrieron<br />
en sublime pregón del amor.<br />
Con airados clarines las notas,<br />
elevando reclamos llevaron<br />
al confín de la patria clamando:<br />
La provincia el honor nacional.</p>
<p data-wahfont="14"><b>II</b></p>
<p data-wahfont="14">Que la Sierra y la Costa comprendan<br />
es el Carmen tesoro preciado,<br />
de heredad manabita un derecho<br />
y de patria un deber de la unión.<br />
Un pregón de progreso que eleva<br />
el esfuerzo de todos unidos,<br />
sea ahora y siempre anhelante,<br />
para El Carmen un himno de paz</p>
<p data-wahfont="14"><b>III</b></p>
<p data-wahfont="14">Que el esfuerzo viril de estudiantes,<br />
en demanda, como fervientes, caídos<br />
con respeto promesas hagamos,<br />
en memoria, sus glorias vivir.<br />
Y surcando caminos de lauros<br />
un mañana de acción y trabajo,<br />
jubilosos nos demos cantando,<br />
el abrazo fraterno de amor.</p>
<p data-wahfont="14"><b>IV</b></p>
<p data-wahfont="14">No es posible que ahora tengamos,<br />
intestinas, las luchas de hermanos,<br />
si más fuertes y unidos seremos<br />
convivir con el bien con razón.<br />
Juventudes cármenes, promesas<br />
De un mañana ambicioso de ser;<br />
Al progreso arribemos ansiosos<br />
Y la patria nos premie de honor</p>
<p>[/vc_column_text][/vc_column][/vc_row]</p>

<p>[vc_row][vc_column width=»1/4&#8243;][vc_empty_space][vc_column_text]Cabecera Cantonal El Carmen (Ciudad) Parroquias Urbanas 4 de Diciembre , El Carmen (Parroquia) Parroquias Rurales San Pedro de Suma, Wilfrido Loor Moreira [/vc_column_text][/vc_column][vc_column width=»3/4&#8243;][vc_column_text] Se la denomina “La Puerta de Oro de Manabí”, por su producción de plátano barraganete, único en el país y exportado al mundo. Conserva muchos ríos, donde se han [&hellip;]</p>

<!-- This site is optimized with the Yoast SEO plugin v27.4 - https://yoast.com/product/yoast-seo-wordpress/ -->
<title>El Carmen - Prefectura de Manabí</title>
<meta name="robots" content="index, follow, max-snippet:-1, max-image-preview:large, max-video-preview:-1" />
<link rel="canonical" href="https://www.manabi.gob.ec/index.php/el-carmen/" />
<meta property="og:locale" content="es_ES" />
<meta property="og:type" content="article" />
<meta property="og:title" content="El Carmen - Prefectura de Manabí" />
<meta property="og:description" content="[vc_row][vc_column width=»1/4&#8243;][vc_empty_space][vc_column_text]Cabecera Cantonal El Carmen (Ciudad) Parroquias Urbanas 4 de Diciembre , El Carmen (Parroquia) Parroquias Rurales San Pedro de Suma, Wilfrido Loor Moreira [/vc_column_text][/vc_column][vc_column width=»3/4&#8243;][vc_column_text] Se la denomina “La Puerta de Oro de Manabí”, por su producción de plátano barraganete, único en el país y exportado al mundo. Conserva muchos ríos, donde se han [&hellip;]" />
<meta property="og:url" content="https://www.manabi.gob.ec/index.php/el-carmen/" />
<meta property="og:site_name" content="Prefectura de Manabí" />
<meta property="article:modified_time" content="2020-09-01T09:09:28+00:00" />
<meta property="og:image" content="http://www.manabi.gob.ec/wp-content/uploads/2020/08/bandera-de-el-carmen.gif" />
<meta name="twitter:card" content="summary_large_image" />
<meta name="twitter:label1" content="Tiempo de lectura" />
	<meta name="twitter:data1" content="2 minutos" />
<script type="application/ld+json" class="yoast-schema-graph">{"@context":"https:\/\/schema.org","@graph":[{"@type":"WebPage","@id":"https:\/\/www.manabi.gob.ec\/index.php\/el-carmen\/","url":"https:\/\/www.manabi.gob.ec\/index.php\/el-carmen\/","name":"El Carmen - Prefectura de Manabí","isPartOf":{"@id":"https:\/\/www.manabi.gob.ec\/#website"},"primaryImageOfPage":{"@id":"https:\/\/www.manabi.gob.ec\/index.php\/el-carmen\/#primaryimage"},"image":{"@id":"https:\/\/www.manabi.gob.ec\/index.php\/el-carmen\/#primaryimage"},"thumbnailUrl":"http:\/\/www.manabi.gob.ec\/wp-content\/uploads\/2020\/08\/bandera-de-el-carmen.gif","datePublished":"2020-08-19T17:29:40+00:00","dateModified":"2020-09-01T09:09:28+00:00","breadcrumb":{"@id":"https:\/\/www.manabi.gob.ec\/index.php\/el-carmen\/#breadcrumb"},"inLanguage":"es","potentialAction":[{"@type":"ReadAction","target":["https:\/\/www.manabi.gob.ec\/index.php\/el-carmen\/"]}]},{"@type":"ImageObject","inLanguage":"es","@id":"https:\/\/www.manabi.gob.ec\/index.php\/el-carmen\/#primaryimage","url":"https:\/\/www.manabi.gob.ec\/wp-content\/uploads\/2020\/08\/bandera-de-el-carmen.gif","contentUrl":"https:\/\/www.manabi.gob.ec\/wp-content\/uploads\/2020\/08\/bandera-de-el-carmen.gif","width":120,"height":155},{"@type":"BreadcrumbList","@id":"https:\/\/www.manabi.gob.ec\/index.php\/el-carmen\/#breadcrumb","itemListElement":[{"@type":"ListItem","position":1,"name":"Portada","item":"https:\/\/www.manabi.gob.ec\/"},{"@type":"ListItem","position":2,"name":"El Carmen"}]},{"@type":"WebSite","@id":"https:\/\/www.manabi.gob.ec\/#website","url":"https:\/\/www.manabi.gob.ec\/","name":"Prefectura de Manabí","description":"Página web de la prefectura","potentialAction":[{"@type":"SearchAction","target":{"@type":"EntryPoint","urlTemplate":"https:\/\/www.manabi.gob.ec\/?s={search_term_string}"},"query-input":{"@type":"PropertyValueSpecification","valueRequired":true,"valueName":"search_term_string"}}],"inLanguage":"es"}]}</script>
<!-- / Yoast SEO plugin. -->

El Carmen - Prefectura de Manabí

[vc_row][vc_column width=»1/4&#8243;][vc_empty_space][vc_column_text]Cabecera Cantonal El Carmen (Ciudad) Parroquias Urbanas 4 de Diciembre , El Carmen (Parroquia) Parroquias Rurales San Pedro de Suma, Wilfrido Loor Moreira [/vc_column_text][/vc_column][vc_column width=»3/4&#8243;][vc_column_text] Se la denomina “La Puerta de Oro de Manabí”, por su producción de plátano barraganete, único en el país y exportado al mundo. Conserva muchos ríos, donde se han [&hellip;]

Prefectura de Manabí

Página web de la prefectura
