{"id":15944,"date":"2021-01-14T10:29:04","date_gmt":"2021-01-14T15:29:04","guid":{"rendered":"https:\/\/www.manabi.gob.ec\/?page_id=14961"},"modified":"2021-03-10T15:21:47","modified_gmt":"2021-03-10T15:21:47","slug":"remate-bienes-inmuebles-manabi-construye-ep-en-liquidacion","status":"publish","type":"page","link":"https:\/\/www.manabi.gob.ec\/index.php\/remate-bienes-inmuebles-manabi-construye-ep-en-liquidacion\/","title":{"rendered":"Aviso de remate &#8211; Primer llamamiento bienes muebles"},"content":{"rendered":"<p>[vc_row css=\u00bb.vc_custom_1614360116399{margin-top: 20px !important;}\u00bb][vc_column width=\u00bb2\/4&#8243;][vc_column_text el_class=\u00bb\u00bb]<\/p>\n<ul>\n<li><span style=\"color: #333399;\"><a style=\"color: #333399;\" href=\"https:\/\/www.manabi.gob.ec\/wp-content\/uploads\/2021\/03\/1.-Resolucion-Inicio-Proceso-de-Remate-Bienes-Muebles.pdf\">Resoluci\u00f3n Inicio Proceso de Remate &#8211; Bienes Muebles<\/a><\/span><\/li>\n<li><span lang=\"ES-MX\" style=\"color: #333399;\"><a style=\"color: #333399;\" href=\"https:\/\/www.manabi.gob.ec\/wp-content\/uploads\/2021\/01\/5.-Bases-para-el-remate-Bienes-Muebles-MC.pdf\">Bases del Concurso<\/a><u><\/u>\u00a0<u><\/u><\/span><\/li>\n<li><span style=\"color: #333399;\"><a style=\"color: #333399;\" href=\"https:\/\/www.manabi.gob.ec\/wp-content\/uploads\/2021\/03\/Aviso_de_remate.pdf\">Aviso de Remate<\/a><\/span><\/li>\n<li><span lang=\"ES-MX\" style=\"color: #333399;\"><a style=\"color: #333399;\" href=\"https:\/\/www.manabi.gob.ec\/wp-content\/uploads\/2021\/01\/ANEXO-1.-Bienes-disponibles-para-la-venta-ESTADO-BUENO.pdf\">Anexo 1 &#8211; Bienes disponibles para la venta ESTADO BUENO<\/a> <u><\/u><\/span><\/li>\n<li><span style=\"color: #333399;\"><a style=\"color: #333399;\" href=\"https:\/\/www.manabi.gob.ec\/wp-content\/uploads\/2021\/01\/ANEXO-2.-Bienes-disponibles-para-la-venta-ESTADO-DEFICIENTE.pdf\">Anexo 2 &#8211; Bienes disponibles para la venta ESTADO DEFICIENTE<\/a><\/span><\/li>\n<li><span style=\"color: #333399;\"><a style=\"color: #333399;\" href=\"https:\/\/www.manabi.gob.ec\/wp-content\/uploads\/2021\/01\/Cronograma-para-el-remate-Bienes-Muebles-MC.pdf\">Anexo 3 &#8211; Cronograma para el remate<\/a><\/span><\/li>\n<li><span style=\"color: #333399;\"><a style=\"color: #333399;\" href=\"https:\/\/www.manabi.gob.ec\/wp-content\/uploads\/2021\/01\/ANEXO-4.-Esquema-sugerido-para-DECLARACION-JURADA.docx\"><span lang=\"ES-MX\">Anexo 4 &#8211; Esquema sugerido para DECLARACI\u00d3N JURADA <\/span><\/a><\/span><\/li>\n<li><span style=\"color: #333399;\"><a style=\"color: #333399;\" href=\"https:\/\/www.manabi.gob.ec\/wp-content\/uploads\/2021\/01\/ANEXO-5.-FORMULARIO.xls\">Anexo 5 &#8211; formulario2<\/a><\/span><\/li>\n<li><span style=\"color: #333399;\"><a style=\"color: #333399;\" href=\"https:\/\/www.manabi.gob.ec\/wp-content\/uploads\/2021\/01\/a-VEHICULOS-1.pdf\">a) Veh\u00edculos<\/a><\/span><\/li>\n<li><span style=\"color: #333399;\"><a style=\"color: #333399;\" href=\"https:\/\/www.manabi.gob.ec\/wp-content\/uploads\/2021\/01\/b-MAQUINARIA-PESADA-1.pdf\">b) Maquinaria pesada<\/a><\/span><\/li>\n<li><span style=\"color: #333399;\"><a style=\"color: #333399;\" href=\"https:\/\/www.manabi.gob.ec\/wp-content\/uploads\/2021\/01\/c-EQUIPOS-LIVIANOS-Y-PESADOS.pdf\">c) Equipos livianos y pesados<\/a><\/span><\/li>\n<li><span style=\"color: #333399;\"><a style=\"color: #333399;\" href=\"https:\/\/www.manabi.gob.ec\/wp-content\/uploads\/2021\/01\/d-EQUIPOS-INFORMATICOS.pdf\">d) Equipos Inform\u00e1ticos<\/a><\/span><\/li>\n<li><span style=\"color: #333399;\"><a style=\"color: #333399;\" href=\"https:\/\/www.manabi.gob.ec\/wp-content\/uploads\/2021\/01\/e-MOBILIARIOS.pdf\">e) Mobiliario<\/a><\/span><\/li>\n<li><span style=\"color: #333399;\"><a style=\"color: #333399;\" href=\"https:\/\/www.manabi.gob.ec\/wp-content\/uploads\/2021\/01\/f-OTROS-BIENES.pdf\">f) Otros bienes<\/a><\/span><\/li>\n<li><span style=\"color: #333399;\"><a style=\"color: #333399;\" href=\"https:\/\/www.manabi.gob.ec\/wp-content\/uploads\/2021\/01\/g-BIENES-EN-ESTADO-DEFICIENTE.pdf\">g) Bienes en estado deficiente<\/a><\/span><\/li>\n<li><span style=\"color: #333399;\"><a style=\"color: #333399;\" href=\"https:\/\/www.manabi.gob.ec\/wp-content\/uploads\/2021\/03\/ACTA-DE-APERTURA-LECTURA-Y-CALIFICACION-Y-SELECCIONDE-OFERTA.pdf\">Acta de apertura, lectura y calificaci\u00f3n de ofertas<\/a><\/span><\/li>\n<li><span style=\"color: #333399;\"><a style=\"color: #333399;\" href=\"https:\/\/www.manabi.gob.ec\/wp-content\/uploads\/2021\/03\/ACTA-DE-ADJUDICACION-Nro.-JR-EPCMC-EP-LIQUIDACION-AA-2021-001.pdf\">Acta de adjudicaci\u00f3n de ofertas 1<\/a><\/span><\/li>\n<li><span style=\"color: #333399;\"><a style=\"color: #333399;\" href=\"https:\/\/www.manabi.gob.ec\/wp-content\/uploads\/2021\/03\/ACTA-DE-ADJUDICACION-Nro.-JR-EPCMC-EP-LIQUIDACION-AA-2021-002.pdf\">Acta de adjudicaci\u00f3n de ofertas 2<\/a><\/span><\/li>\n<li><span style=\"color: #333399;\"><a style=\"color: #333399;\" href=\"https:\/\/www.manabi.gob.ec\/wp-content\/uploads\/2021\/03\/ACTA-DE-ADJUDICACION-Nro.-JR-EPCMC-EP-LIQUIDACION-AA-2021-003.pdf\">Acta de adjudicaci\u00f3n de ofertas 3<\/a><\/span><\/li>\n<li><span style=\"color: #333399;\"><a style=\"color: #333399;\" href=\"https:\/\/www.manabi.gob.ec\/wp-content\/uploads\/2021\/03\/ACTA-DE-ADJUDICACION-Nro.-JR-EPCMC-EP-LIQUIDACION-AA-2021-004.pdf\">Acta de adjudicaci\u00f3n de ofertas 4<\/a><\/span><\/li>\n<li><span style=\"color: #333399;\"><a style=\"color: #333399;\" href=\"https:\/\/www.manabi.gob.ec\/wp-content\/uploads\/2021\/03\/ACTA-DE-ADJUDICACION-Nro.-JR-EPCMC-EP-LIQUIDACION-AA-2021-005.pdf\">Acta de adjudicaci\u00f3n de ofertas 5<\/a><\/span><\/li>\n<li><span style=\"color: #333399;\"><a style=\"color: #333399;\" href=\"https:\/\/www.manabi.gob.ec\/wp-content\/uploads\/2021\/03\/RESOLUCION-Nro.EPCMC-EP-LIQUIDACION-2021-03.pdf\">RESOLUCION No.EPCMC EP-LIQUIDACI\u00d3N-2021-03<\/a><\/span><\/li>\n<\/ul>\n<p>[\/vc_column_text][\/vc_column][vc_column width=\u00bb2\/4&#8243;][vc_single_image image=\u00bb15564&#8243; img_size=\u00bbfull\u00bb][\/vc_column][\/vc_row][vc_row css=\u00bb.vc_custom_1614360070115{padding-right: 20px !important;}\u00bb][vc_column][vc_empty_space height=\u00bb20px\u00bb][vc_column_text]\u201cArt\u00edculo 1.- AUTORIZAR el inicio del primer se\u00f1alamiento del proceso de remate de los bienes muebles de propiedad de la EMPRESA P\u00daBLICA DE CONSTRUCCI\u00d3N MANAB\u00cd CONSTRUYE EP EN LIQUIDACI\u00d3N, que se encuentran detallados en el anexo 01 y anexo 02 que forman parte de la presente resoluci\u00f3n, bajo la modalidad de concurso de ofertas en sobre cerrado, con base en la normativa vigente\u201d.<\/p>\n<p>1) Lugar, d\u00eda y hora del remate: El remate de bienes muebles se llevar\u00e1 a efecto el d\u00eda mi\u00e9rcoles 27 de enero de 2021, a las 10h00, en las instalaciones de la empresa, ubicadas en el Kil\u00f3metro 8 \u00bd V\u00eda Portoviejo \u2013 Manta, Sector R\u00edo de Oro, cant\u00f3n Portoviejo, provincia de Manab\u00ed.<\/p>\n<p>2) Descripci\u00f3n completa, estado o condici\u00f3n, y valor base de los bienes muebles: La descripci\u00f3n completa, el estado y\/o condici\u00f3n, y el valor base de los bienes muebles, se encuentran disponibles en la p\u00e1gina web institucional del Gobierno Aut\u00f3nomo Descentralizado Provincial de Manab\u00ed: https:\/\/www.manabi.gob.ec, clasificados de la siguiente manera:<\/p>\n<p>a. Veh\u00edculos<br \/>\nb. Maquinaria pesada<br \/>\nc. Equipos livianos y pesados<br \/>\nd. Equipos inform\u00e1ticos<br \/>\ne. Mobiliarios<br \/>\nf. Otros mobiliarios<br \/>\ng. Bienes en estado deficiente<\/p>\n<p>3) Inspecci\u00f3n de los bienes del remate: Los bienes muebles podr\u00e1n ser inspeccionados desde el lunes 18 hasta el martes 26 de enero de 2021, en d\u00edas laborables, en horario de 10h00 a 16h00.<\/p>\n<p>4) Forma de remate: De conformidad al art\u00edculo 1 de la Resoluci\u00f3n Nro. EPCMC EP \u2013 LIQUIDACI\u00d3N \u2013 2021\u201302, el primer se\u00f1alamiento del proceso de remate de bienes muebles, se efectuar\u00e1 mediante concurso de ofertas en sobre cerrado.<\/p>\n<p>Las bases del remate, as\u00ed como formularios y otros requisitos para la participaci\u00f3n en este proceso, se encuentran disponibles en la p\u00e1gina web institucional del Gobierno Aut\u00f3nomo Descentralizado Provincial de Manab\u00ed: https:\/\/www.manabi.gob.ec<\/p>\n<p>[\/vc_column_text][vc_empty_space height=\u00bb40px\u00bb][\/vc_column][\/vc_row]<\/p>\n","protected":false},"excerpt":{"rendered":"<p>[vc_row css=\u00bb.vc_custom_1614360116399{margin-top: 20px !important;}\u00bb][vc_column width=\u00bb2\/4&#8243;][vc_column_text el_class=\u00bb\u00bb] Resoluci\u00f3n Inicio Proceso de Remate &#8211; Bienes Muebles Bases del Concurso\u00a0 Aviso de Remate Anexo 1 &#8211; Bienes disponibles para la venta ESTADO BUENO Anexo 2 &#8211; Bienes disponibles para la venta ESTADO DEFICIENTE Anexo 3 &#8211; Cronograma para el remate Anexo 4 &#8211; Esquema sugerido para DECLARACI\u00d3N JURADA [&hellip;]<\/p>\n","protected":false},"author":1,"featured_media":0,"parent":0,"menu_order":0,"comment_status":"closed","ping_status":"closed","template":"","meta":{"_joinchat":[],"footnotes":""},"class_list":["post-15944","page","type-page","status-publish","hentry"],"yoast_head":"<!-- This site is optimized with the Yoast SEO plugin v27.4 - https:\/\/yoast.com\/product\/yoast-seo-wordpress\/ -->\n<title>Aviso de remate - Primer llamamiento bienes muebles - Prefectura de Manab\u00ed<\/title>\n<meta name=\"robots\" content=\"index, follow, max-snippet:-1, max-image-preview:large, max-video-preview:-1\" \/>\n<link rel=\"canonical\" href=\"https:\/\/www.manabi.gob.ec\/index.php\/remate-bienes-inmuebles-manabi-construye-ep-en-liquidacion\/\" \/>\n<meta property=\"og:locale\" content=\"es_ES\" \/>\n<meta property=\"og:type\" content=\"article\" \/>\n<meta property=\"og:title\" content=\"Aviso de remate - Primer llamamiento bienes muebles - Prefectura de Manab\u00ed\" \/>\n<meta property=\"og:description\" content=\"[vc_row css=\u00bb.vc_custom_1614360116399{margin-top: 20px !important;}\u00bb][vc_column width=\u00bb2\/4&#8243;][vc_column_text el_class=\u00bb\u00bb] Resoluci\u00f3n Inicio Proceso de Remate &#8211; Bienes Muebles Bases del Concurso\u00a0 Aviso de Remate Anexo 1 &#8211; Bienes disponibles para la venta ESTADO BUENO Anexo 2 &#8211; Bienes disponibles para la venta ESTADO DEFICIENTE Anexo 3 &#8211; Cronograma para el remate Anexo 4 &#8211; Esquema sugerido para DECLARACI\u00d3N JURADA [&hellip;]\" \/>\n<meta property=\"og:url\" content=\"https:\/\/www.manabi.gob.ec\/index.php\/remate-bienes-inmuebles-manabi-construye-ep-en-liquidacion\/\" \/>\n<meta property=\"og:site_name\" content=\"Prefectura de Manab\u00ed\" \/>\n<meta property=\"article:modified_time\" content=\"2021-03-10T15:21:47+00:00\" \/>\n<meta name=\"twitter:card\" content=\"summary_large_image\" \/>\n<meta name=\"twitter:label1\" content=\"Tiempo de lectura\" \/>\n\t<meta name=\"twitter:data1\" content=\"2 minutos\" \/>\n<script type=\"application\/ld+json\" class=\"yoast-schema-graph\">{\"@context\":\"https:\\\/\\\/schema.org\",\"@graph\":[{\"@type\":\"WebPage\",\"@id\":\"https:\\\/\\\/www.manabi.gob.ec\\\/index.php\\\/remate-bienes-inmuebles-manabi-construye-ep-en-liquidacion\\\/\",\"url\":\"https:\\\/\\\/www.manabi.gob.ec\\\/index.php\\\/remate-bienes-inmuebles-manabi-construye-ep-en-liquidacion\\\/\",\"name\":\"Aviso de remate - Primer llamamiento bienes muebles - Prefectura de Manab\u00ed\",\"isPartOf\":{\"@id\":\"https:\\\/\\\/www.manabi.gob.ec\\\/#website\"},\"datePublished\":\"2021-01-14T15:29:04+00:00\",\"dateModified\":\"2021-03-10T15:21:47+00:00\",\"breadcrumb\":{\"@id\":\"https:\\\/\\\/www.manabi.gob.ec\\\/index.php\\\/remate-bienes-inmuebles-manabi-construye-ep-en-liquidacion\\\/#breadcrumb\"},\"inLanguage\":\"es\",\"potentialAction\":[{\"@type\":\"ReadAction\",\"target\":[\"https:\\\/\\\/www.manabi.gob.ec\\\/index.php\\\/remate-bienes-inmuebles-manabi-construye-ep-en-liquidacion\\\/\"]}]},{\"@type\":\"BreadcrumbList\",\"@id\":\"https:\\\/\\\/www.manabi.gob.ec\\\/index.php\\\/remate-bienes-inmuebles-manabi-construye-ep-en-liquidacion\\\/#breadcrumb\",\"itemListElement\":[{\"@type\":\"ListItem\",\"position\":1,\"name\":\"Portada\",\"item\":\"https:\\\/\\\/www.manabi.gob.ec\\\/\"},{\"@type\":\"ListItem\",\"position\":2,\"name\":\"Aviso de remate &#8211; Primer llamamiento bienes muebles\"}]},{\"@type\":\"WebSite\",\"@id\":\"https:\\\/\\\/www.manabi.gob.ec\\\/#website\",\"url\":\"https:\\\/\\\/www.manabi.gob.ec\\\/\",\"name\":\"Prefectura de Manab\u00ed\",\"description\":\"P\u00e1gina web de la prefectura\",\"potentialAction\":[{\"@type\":\"SearchAction\",\"target\":{\"@type\":\"EntryPoint\",\"urlTemplate\":\"https:\\\/\\\/www.manabi.gob.ec\\\/?s={search_term_string}\"},\"query-input\":{\"@type\":\"PropertyValueSpecification\",\"valueRequired\":true,\"valueName\":\"search_term_string\"}}],\"inLanguage\":\"es\"}]}<\/script>\n<!-- \/ Yoast SEO plugin. -->","yoast_head_json":{"title":"Aviso de remate - Primer llamamiento bienes muebles - Prefectura de Manab\u00ed","robots":{"index":"index","follow":"follow","max-snippet":"max-snippet:-1","max-image-preview":"max-image-preview:large","max-video-preview":"max-video-preview:-1"},"canonical":"https:\/\/www.manabi.gob.ec\/index.php\/remate-bienes-inmuebles-manabi-construye-ep-en-liquidacion\/","og_locale":"es_ES","og_type":"article","og_title":"Aviso de remate - Primer llamamiento bienes muebles - Prefectura de Manab\u00ed","og_description":"[vc_row css=\u00bb.vc_custom_1614360116399{margin-top: 20px !important;}\u00bb][vc_column width=\u00bb2\/4&#8243;][vc_column_text el_class=\u00bb\u00bb] Resoluci\u00f3n Inicio Proceso de Remate &#8211; Bienes Muebles Bases del Concurso\u00a0 Aviso de Remate Anexo 1 &#8211; Bienes disponibles para la venta ESTADO BUENO Anexo 2 &#8211; Bienes disponibles para la venta ESTADO DEFICIENTE Anexo 3 &#8211; Cronograma para el remate Anexo 4 &#8211; Esquema sugerido para DECLARACI\u00d3N JURADA [&hellip;]","og_url":"https:\/\/www.manabi.gob.ec\/index.php\/remate-bienes-inmuebles-manabi-construye-ep-en-liquidacion\/","og_site_name":"Prefectura de Manab\u00ed","article_modified_time":"2021-03-10T15:21:47+00:00","twitter_card":"summary_large_image","twitter_misc":{"Tiempo de lectura":"2 minutos"},"schema":{"@context":"https:\/\/schema.org","@graph":[{"@type":"WebPage","@id":"https:\/\/www.manabi.gob.ec\/index.php\/remate-bienes-inmuebles-manabi-construye-ep-en-liquidacion\/","url":"https:\/\/www.manabi.gob.ec\/index.php\/remate-bienes-inmuebles-manabi-construye-ep-en-liquidacion\/","name":"Aviso de remate - Primer llamamiento bienes muebles - Prefectura de Manab\u00ed","isPartOf":{"@id":"https:\/\/www.manabi.gob.ec\/#website"},"datePublished":"2021-01-14T15:29:04+00:00","dateModified":"2021-03-10T15:21:47+00:00","breadcrumb":{"@id":"https:\/\/www.manabi.gob.ec\/index.php\/remate-bienes-inmuebles-manabi-construye-ep-en-liquidacion\/#breadcrumb"},"inLanguage":"es","potentialAction":[{"@type":"ReadAction","target":["https:\/\/www.manabi.gob.ec\/index.php\/remate-bienes-inmuebles-manabi-construye-ep-en-liquidacion\/"]}]},{"@type":"BreadcrumbList","@id":"https:\/\/www.manabi.gob.ec\/index.php\/remate-bienes-inmuebles-manabi-construye-ep-en-liquidacion\/#breadcrumb","itemListElement":[{"@type":"ListItem","position":1,"name":"Portada","item":"https:\/\/www.manabi.gob.ec\/"},{"@type":"ListItem","position":2,"name":"Aviso de remate &#8211; Primer llamamiento bienes muebles"}]},{"@type":"WebSite","@id":"https:\/\/www.manabi.gob.ec\/#website","url":"https:\/\/www.manabi.gob.ec\/","name":"Prefectura de Manab\u00ed","description":"P\u00e1gina web de la prefectura","potentialAction":[{"@type":"SearchAction","target":{"@type":"EntryPoint","urlTemplate":"https:\/\/www.manabi.gob.ec\/?s={search_term_string}"},"query-input":{"@type":"PropertyValueSpecification","valueRequired":true,"valueName":"search_term_string"}}],"inLanguage":"es"}]}},"_links":{"self":[{"href":"https:\/\/www.manabi.gob.ec\/index.php\/wp-json\/wp\/v2\/pages\/15944","targetHints":{"allow":["GET"]}}],"collection":[{"href":"https:\/\/www.manabi.gob.ec\/index.php\/wp-json\/wp\/v2\/pages"}],"about":[{"href":"https:\/\/www.manabi.gob.ec\/index.php\/wp-json\/wp\/v2\/types\/page"}],"author":[{"embeddable":true,"href":"https:\/\/www.manabi.gob.ec\/index.php\/wp-json\/wp\/v2\/users\/1"}],"replies":[{"embeddable":true,"href":"https:\/\/www.manabi.gob.ec\/index.php\/wp-json\/wp\/v2\/comments?post=15944"}],"version-history":[{"count":0,"href":"https:\/\/www.manabi.gob.ec\/index.php\/wp-json\/wp\/v2\/pages\/15944\/revisions"}],"wp:attachment":[{"href":"https:\/\/www.manabi.gob.ec\/index.php\/wp-json\/wp\/v2\/media?parent=15944"}],"curies":[{"name":"wp","href":"https:\/\/api.w.org\/{rel}","templated":true}]}}