{"id":17725,"date":"2021-06-08T17:51:00","date_gmt":"2021-06-08T17:51:00","guid":{"rendered":"https:\/\/www.manabi.gob.ec\/?page_id=17725"},"modified":"2021-06-08T17:52:38","modified_gmt":"2021-06-08T17:52:38","slug":"nuestras-autoridades","status":"publish","type":"page","link":"https:\/\/www.manabi.gob.ec\/index.php\/nuestras-autoridades\/","title":{"rendered":"Nuestras Autoridades"},"content":{"rendered":"<p>[vc_row color_skin=\u00bbskin-light\u00bb bg_overlay_mode=\u00bbcolor\u00bb css=\u00bb.vc_custom_1587627854348{background-position: center !important;background-repeat: no-repeat !important;background-size: cover !important;}\u00bb][vc_column][gsf_space desktop=\u00bb120&#8243; tablet=\u00bb70&#8243; tablet_portrait=\u00bb60&#8243; mobile_landscape=\u00bb60&#8243; mobile=\u00bb60&#8243;][vc_row_inner gap=\u00bb35&#8243;][vc_column_inner width=\u00bb1\/12&#8243;][\/vc_column_inner][vc_column_inner width=\u00bb10\/12&#8243; css=\u00bb.vc_custom_1587886356198{margin-bottom: 0px !important;}\u00bb][gsf_our_team our_team_layout=\u00bblist\u00bb our_team_per_page=\u00bb2&#8243; our_team_animation=\u00bb\u00bb][\/vc_column_inner][vc_column_inner width=\u00bb1\/12&#8243; css=\u00bb.vc_custom_1587630422574{margin-bottom: 0px !important;background-color: #efefef !important;}\u00bb][\/vc_column_inner][\/vc_row_inner][gsf_space desktop=\u00bb100&#8243; tablet=\u00bb70&#8243; tablet_portrait=\u00bb60&#8243; mobile_landscape=\u00bb60&#8243; mobile=\u00bb60&#8243;][\/vc_column][\/vc_row][vc_row color_skin=\u00bbskin-light\u00bb parallax=\u00bbcontent-moving\u00bb css=\u00bb.vc_custom_1588092715385{background-color: #f4f4f4 !important;background-position: center;background-repeat: no-repeat;background-size:cover;}\u00bb][vc_column][gsf_space desktop=\u00bb100&#8243; tablet=\u00bb70&#8243; tablet_portrait=\u00bb60&#8243; mobile_landscape=\u00bb60&#8243; mobile=\u00bb60&#8243;][gsf_heading sub_title=\u00bb\u00bb local_subtitle=\u00bbsubtitle-bottom\u00bb text_align=\u00bbtext-center\u00bb title=\u00bbCertificates of RubyBuild\u00bb]<strong class=\"uppercase\">Directorio<\/strong><span class=\"accent-color\"> GAD parroquiales<\/span>[\/gsf_heading][gsf_space desktop=\u00bb70&#8243; tablet=\u00bb70&#8243; tablet_portrait=\u00bb60&#8243; mobile_landscape=\u00bb60&#8243; mobile=\u00bb60&#8243;][vc_row_inner gap=\u00bb35&#8243;][vc_column_inner width=\u00bb1\/2&#8243;][vc_raw_html]JTVCZGV2dm5faWhvdHNwb3QlMjBpZCUzRCUyMjI1OTIlMjIlNUQ=[\/vc_raw_html][\/vc_column_inner][vc_column_inner width=\u00bb1\/2&#8243; css=\u00bb.vc_custom_1587886356198{margin-bottom: 0px !important;}\u00bb][gsf_space desktop=\u00bb100&#8243; tablet=\u00bb70&#8243; tablet_portrait=\u00bb60&#8243; mobile_landscape=\u00bb50&#8243; mobile=\u00bb40&#8243;][gsf_heading sub_title=\u00bb\u00bb]<strong class=\"uppercase\"><span style=\"font-size: 60px; line-height: 5px;\">22<\/span><\/strong><br \/>\n<span class=\"accent-color\" style=\"font-size: 24px; line-height: 5px;\">cantones<\/span>[\/gsf_heading][gsf_space desktop=\u00bb50&#8243; tablet=\u00bb70&#8243; tablet_portrait=\u00bb60&#8243; mobile_landscape=\u00bb50&#8243; mobile=\u00bb40&#8243;][gsf_heading sub_title=\u00bb\u00bb]<strong class=\"uppercase\"><span style=\"font-size: 60px; line-height: 5px;\">55<\/span><\/strong><br \/>\n<span class=\"accent-color\" style=\"font-size: 24px; line-height: 5px;\">Parroquias Rurales<\/span>[\/gsf_heading][gsf_space desktop=\u00bb70&#8243; tablet=\u00bb70&#8243; tablet_portrait=\u00bb60&#8243; mobile_landscape=\u00bb50&#8243; mobile=\u00bb40&#8243;][vc_column_text css=\u00bb.vc_custom_1614325661268{padding-right: 50px !important;}\u00bb]Manab\u00ed tiene 55 parroquias rurales en sus 22 cantones, el Gobierno de Manab\u00ed trabaja de cerca con cada uno de los Gobiernos Aut\u00f3nomos Descentralizados Rurales para lograr una acc\u00ed\u00f3n r\u00e1pida y eficaz en su labor de llevar obras a todos los rincones de Manab\u00ed.[\/vc_column_text][gsf_space desktop=\u00bb25&#8243; tablet=\u00bb70&#8243; tablet_portrait=\u00bb60&#8243; mobile_landscape=\u00bb50&#8243; mobile=\u00bb40&#8243;][gsf_button title=\u00bbir al directorio\u00bb link=\u00bburl:https%3A%2F%2Fwww.manabi.gob.ec%2F%3Fpage_id%3D14886|||\u00bb][\/vc_column_inner][\/vc_row_inner][gsf_space desktop=\u00bb70&#8243; tablet=\u00bb70&#8243; tablet_portrait=\u00bb60&#8243; mobile_landscape=\u00bb60&#8243; mobile=\u00bb60&#8243;][\/vc_column][\/vc_row][vc_row color_skin=\u00bbskin-light\u00bb parallax=\u00bbcontent-moving\u00bb disable_element=\u00bbyes\u00bb css=\u00bb.vc_custom_1619460262816{background-color: #ffffff !important;}\u00bb][vc_column][gsf_space desktop=\u00bb100&#8243; tablet=\u00bb70&#8243; tablet_portrait=\u00bb60&#8243; mobile_landscape=\u00bb60&#8243; mobile=\u00bb60&#8243;][gsf_heading sub_title=\u00bb\u00bb local_subtitle=\u00bbsubtitle-bottom\u00bb text_align=\u00bbtext-center\u00bb title=\u00bbCertificates of RubyBuild\u00bb]<strong class=\"uppercase\">CANTONES<\/strong><span class=\"accent-color\"> De Manab\u00ed<\/span>[\/gsf_heading][gsf_space desktop=\u00bb70&#8243; tablet=\u00bb70&#8243; tablet_portrait=\u00bb60&#8243; mobile_landscape=\u00bb60&#8243; mobile=\u00bb60&#8243;][vc_row_inner gap=\u00bb35&#8243; css=\u00bb.vc_custom_1598941175689{background-color: #ffffff !important;}\u00bb][vc_column_inner width=\u00bb2\/6&#8243; offset=\u00bbvc_hidden-xs\u00bb][vc_single_image image=\u00bb15772&#8243; img_size=\u00bbfull\u00bb alignment=\u00bbright\u00bb][\/vc_column_inner][vc_column_inner width=\u00bb4\/6&#8243; css=\u00bb.vc_custom_1587886356198{margin-bottom: 0px !important;}\u00bb][vc_raw_html]JTVCZHJhd2F0dGVudGlvbiU1RA==[\/vc_raw_html][gsf_space desktop=\u00bb100&#8243; tablet=\u00bb70&#8243; tablet_portrait=\u00bb60&#8243; mobile_landscape=\u00bb50&#8243; mobile=\u00bb40&#8243;][\/vc_column_inner][\/vc_row_inner][gsf_space desktop=\u00bb70&#8243; tablet=\u00bb70&#8243; tablet_portrait=\u00bb60&#8243; mobile_landscape=\u00bb60&#8243; mobile=\u00bb60&#8243;][\/vc_column][\/vc_row]<\/p>\n","protected":false},"excerpt":{"rendered":"<p>[vc_row color_skin=\u00bbskin-light\u00bb bg_overlay_mode=\u00bbcolor\u00bb css=\u00bb.vc_custom_1587627854348{background-position: center !important;background-repeat: no-repeat !important;background-size: cover !important;}\u00bb][vc_column][gsf_space desktop=\u00bb120&#8243; tablet=\u00bb70&#8243; tablet_portrait=\u00bb60&#8243; mobile_landscape=\u00bb60&#8243; mobile=\u00bb60&#8243;][vc_row_inner gap=\u00bb35&#8243;][vc_column_inner width=\u00bb1\/12&#8243;][\/vc_column_inner][vc_column_inner width=\u00bb10\/12&#8243; css=\u00bb.vc_custom_1587886356198{margin-bottom: 0px !important;}\u00bb][gsf_our_team our_team_layout=\u00bblist\u00bb our_team_per_page=\u00bb2&#8243; our_team_animation=\u00bb\u00bb][\/vc_column_inner][vc_column_inner width=\u00bb1\/12&#8243; css=\u00bb.vc_custom_1587630422574{margin-bottom: 0px !important;background-color: #efefef !important;}\u00bb][\/vc_column_inner][\/vc_row_inner][gsf_space desktop=\u00bb100&#8243; tablet=\u00bb70&#8243; tablet_portrait=\u00bb60&#8243; mobile_landscape=\u00bb60&#8243; mobile=\u00bb60&#8243;][\/vc_column][\/vc_row][vc_row color_skin=\u00bbskin-light\u00bb parallax=\u00bbcontent-moving\u00bb css=\u00bb.vc_custom_1588092715385{background-color: #f4f4f4 !important;background-position: center;background-repeat: no-repeat;background-size:cover;}\u00bb][vc_column][gsf_space desktop=\u00bb100&#8243; tablet=\u00bb70&#8243; tablet_portrait=\u00bb60&#8243; mobile_landscape=\u00bb60&#8243; mobile=\u00bb60&#8243;][gsf_heading sub_title=\u00bb\u00bb local_subtitle=\u00bbsubtitle-bottom\u00bb text_align=\u00bbtext-center\u00bb title=\u00bbCertificates of RubyBuild\u00bb]Directorio GAD parroquiales[\/gsf_heading][gsf_space [&hellip;]<\/p>\n","protected":false},"author":1,"featured_media":0,"parent":0,"menu_order":0,"comment_status":"closed","ping_status":"closed","template":"","meta":{"_joinchat":[],"footnotes":""},"class_list":["post-17725","page","type-page","status-publish","hentry"],"yoast_head":"<!-- This site is optimized with the Yoast SEO plugin v27.4 - https:\/\/yoast.com\/product\/yoast-seo-wordpress\/ -->\n<title>Nuestras Autoridades - Prefectura de Manab\u00ed<\/title>\n<meta name=\"robots\" content=\"index, follow, max-snippet:-1, max-image-preview:large, max-video-preview:-1\" \/>\n<link rel=\"canonical\" href=\"https:\/\/www.manabi.gob.ec\/index.php\/nuestras-autoridades\/\" \/>\n<meta property=\"og:locale\" content=\"es_ES\" \/>\n<meta property=\"og:type\" content=\"article\" \/>\n<meta property=\"og:title\" content=\"Nuestras Autoridades - Prefectura de Manab\u00ed\" \/>\n<meta property=\"og:description\" content=\"[vc_row color_skin=\u00bbskin-light\u00bb bg_overlay_mode=\u00bbcolor\u00bb css=\u00bb.vc_custom_1587627854348{background-position: center !important;background-repeat: no-repeat !important;background-size: cover !important;}\u00bb][vc_column][gsf_space desktop=\u00bb120&#8243; tablet=\u00bb70&#8243; tablet_portrait=\u00bb60&#8243; mobile_landscape=\u00bb60&#8243; mobile=\u00bb60&#8243;][vc_row_inner gap=\u00bb35&#8243;][vc_column_inner width=\u00bb1\/12&#8243;][\/vc_column_inner][vc_column_inner width=\u00bb10\/12&#8243; css=\u00bb.vc_custom_1587886356198{margin-bottom: 0px !important;}\u00bb][gsf_our_team our_team_layout=\u00bblist\u00bb our_team_per_page=\u00bb2&#8243; our_team_animation=\u00bb\u00bb][\/vc_column_inner][vc_column_inner width=\u00bb1\/12&#8243; css=\u00bb.vc_custom_1587630422574{margin-bottom: 0px !important;background-color: #efefef !important;}\u00bb][\/vc_column_inner][\/vc_row_inner][gsf_space desktop=\u00bb100&#8243; tablet=\u00bb70&#8243; tablet_portrait=\u00bb60&#8243; mobile_landscape=\u00bb60&#8243; mobile=\u00bb60&#8243;][\/vc_column][\/vc_row][vc_row color_skin=\u00bbskin-light\u00bb parallax=\u00bbcontent-moving\u00bb css=\u00bb.vc_custom_1588092715385{background-color: #f4f4f4 !important;background-position: center;background-repeat: no-repeat;background-size:cover;}\u00bb][vc_column][gsf_space desktop=\u00bb100&#8243; tablet=\u00bb70&#8243; tablet_portrait=\u00bb60&#8243; mobile_landscape=\u00bb60&#8243; mobile=\u00bb60&#8243;][gsf_heading sub_title=\u00bb\u00bb local_subtitle=\u00bbsubtitle-bottom\u00bb text_align=\u00bbtext-center\u00bb title=\u00bbCertificates of RubyBuild\u00bb]Directorio GAD parroquiales[\/gsf_heading][gsf_space [&hellip;]\" \/>\n<meta property=\"og:url\" content=\"https:\/\/www.manabi.gob.ec\/index.php\/nuestras-autoridades\/\" \/>\n<meta property=\"og:site_name\" content=\"Prefectura de Manab\u00ed\" \/>\n<meta property=\"article:modified_time\" content=\"2021-06-08T17:52:38+00:00\" \/>\n<meta name=\"twitter:card\" content=\"summary_large_image\" \/>\n<meta name=\"twitter:label1\" content=\"Tiempo de lectura\" \/>\n\t<meta name=\"twitter:data1\" content=\"1 minuto\" \/>\n<script type=\"application\/ld+json\" class=\"yoast-schema-graph\">{\"@context\":\"https:\\\/\\\/schema.org\",\"@graph\":[{\"@type\":\"WebPage\",\"@id\":\"https:\\\/\\\/www.manabi.gob.ec\\\/index.php\\\/nuestras-autoridades\\\/\",\"url\":\"https:\\\/\\\/www.manabi.gob.ec\\\/index.php\\\/nuestras-autoridades\\\/\",\"name\":\"Nuestras Autoridades - Prefectura de Manab\u00ed\",\"isPartOf\":{\"@id\":\"https:\\\/\\\/www.manabi.gob.ec\\\/#website\"},\"datePublished\":\"2021-06-08T17:51:00+00:00\",\"dateModified\":\"2021-06-08T17:52:38+00:00\",\"breadcrumb\":{\"@id\":\"https:\\\/\\\/www.manabi.gob.ec\\\/index.php\\\/nuestras-autoridades\\\/#breadcrumb\"},\"inLanguage\":\"es\",\"potentialAction\":[{\"@type\":\"ReadAction\",\"target\":[\"https:\\\/\\\/www.manabi.gob.ec\\\/index.php\\\/nuestras-autoridades\\\/\"]}]},{\"@type\":\"BreadcrumbList\",\"@id\":\"https:\\\/\\\/www.manabi.gob.ec\\\/index.php\\\/nuestras-autoridades\\\/#breadcrumb\",\"itemListElement\":[{\"@type\":\"ListItem\",\"position\":1,\"name\":\"Portada\",\"item\":\"https:\\\/\\\/www.manabi.gob.ec\\\/\"},{\"@type\":\"ListItem\",\"position\":2,\"name\":\"Nuestras Autoridades\"}]},{\"@type\":\"WebSite\",\"@id\":\"https:\\\/\\\/www.manabi.gob.ec\\\/#website\",\"url\":\"https:\\\/\\\/www.manabi.gob.ec\\\/\",\"name\":\"Prefectura de Manab\u00ed\",\"description\":\"P\u00e1gina web de la prefectura\",\"potentialAction\":[{\"@type\":\"SearchAction\",\"target\":{\"@type\":\"EntryPoint\",\"urlTemplate\":\"https:\\\/\\\/www.manabi.gob.ec\\\/?s={search_term_string}\"},\"query-input\":{\"@type\":\"PropertyValueSpecification\",\"valueRequired\":true,\"valueName\":\"search_term_string\"}}],\"inLanguage\":\"es\"}]}<\/script>\n<!-- \/ Yoast SEO plugin. -->","yoast_head_json":{"title":"Nuestras Autoridades - Prefectura de Manab\u00ed","robots":{"index":"index","follow":"follow","max-snippet":"max-snippet:-1","max-image-preview":"max-image-preview:large","max-video-preview":"max-video-preview:-1"},"canonical":"https:\/\/www.manabi.gob.ec\/index.php\/nuestras-autoridades\/","og_locale":"es_ES","og_type":"article","og_title":"Nuestras Autoridades - Prefectura de Manab\u00ed","og_description":"[vc_row color_skin=\u00bbskin-light\u00bb bg_overlay_mode=\u00bbcolor\u00bb css=\u00bb.vc_custom_1587627854348{background-position: center !important;background-repeat: no-repeat !important;background-size: cover !important;}\u00bb][vc_column][gsf_space desktop=\u00bb120&#8243; tablet=\u00bb70&#8243; tablet_portrait=\u00bb60&#8243; mobile_landscape=\u00bb60&#8243; mobile=\u00bb60&#8243;][vc_row_inner gap=\u00bb35&#8243;][vc_column_inner width=\u00bb1\/12&#8243;][\/vc_column_inner][vc_column_inner width=\u00bb10\/12&#8243; css=\u00bb.vc_custom_1587886356198{margin-bottom: 0px !important;}\u00bb][gsf_our_team our_team_layout=\u00bblist\u00bb our_team_per_page=\u00bb2&#8243; our_team_animation=\u00bb\u00bb][\/vc_column_inner][vc_column_inner width=\u00bb1\/12&#8243; css=\u00bb.vc_custom_1587630422574{margin-bottom: 0px !important;background-color: #efefef !important;}\u00bb][\/vc_column_inner][\/vc_row_inner][gsf_space desktop=\u00bb100&#8243; tablet=\u00bb70&#8243; tablet_portrait=\u00bb60&#8243; mobile_landscape=\u00bb60&#8243; mobile=\u00bb60&#8243;][\/vc_column][\/vc_row][vc_row color_skin=\u00bbskin-light\u00bb parallax=\u00bbcontent-moving\u00bb css=\u00bb.vc_custom_1588092715385{background-color: #f4f4f4 !important;background-position: center;background-repeat: no-repeat;background-size:cover;}\u00bb][vc_column][gsf_space desktop=\u00bb100&#8243; tablet=\u00bb70&#8243; tablet_portrait=\u00bb60&#8243; mobile_landscape=\u00bb60&#8243; mobile=\u00bb60&#8243;][gsf_heading sub_title=\u00bb\u00bb local_subtitle=\u00bbsubtitle-bottom\u00bb text_align=\u00bbtext-center\u00bb title=\u00bbCertificates of RubyBuild\u00bb]Directorio GAD parroquiales[\/gsf_heading][gsf_space [&hellip;]","og_url":"https:\/\/www.manabi.gob.ec\/index.php\/nuestras-autoridades\/","og_site_name":"Prefectura de Manab\u00ed","article_modified_time":"2021-06-08T17:52:38+00:00","twitter_card":"summary_large_image","twitter_misc":{"Tiempo de lectura":"1 minuto"},"schema":{"@context":"https:\/\/schema.org","@graph":[{"@type":"WebPage","@id":"https:\/\/www.manabi.gob.ec\/index.php\/nuestras-autoridades\/","url":"https:\/\/www.manabi.gob.ec\/index.php\/nuestras-autoridades\/","name":"Nuestras Autoridades - Prefectura de Manab\u00ed","isPartOf":{"@id":"https:\/\/www.manabi.gob.ec\/#website"},"datePublished":"2021-06-08T17:51:00+00:00","dateModified":"2021-06-08T17:52:38+00:00","breadcrumb":{"@id":"https:\/\/www.manabi.gob.ec\/index.php\/nuestras-autoridades\/#breadcrumb"},"inLanguage":"es","potentialAction":[{"@type":"ReadAction","target":["https:\/\/www.manabi.gob.ec\/index.php\/nuestras-autoridades\/"]}]},{"@type":"BreadcrumbList","@id":"https:\/\/www.manabi.gob.ec\/index.php\/nuestras-autoridades\/#breadcrumb","itemListElement":[{"@type":"ListItem","position":1,"name":"Portada","item":"https:\/\/www.manabi.gob.ec\/"},{"@type":"ListItem","position":2,"name":"Nuestras Autoridades"}]},{"@type":"WebSite","@id":"https:\/\/www.manabi.gob.ec\/#website","url":"https:\/\/www.manabi.gob.ec\/","name":"Prefectura de Manab\u00ed","description":"P\u00e1gina web de la prefectura","potentialAction":[{"@type":"SearchAction","target":{"@type":"EntryPoint","urlTemplate":"https:\/\/www.manabi.gob.ec\/?s={search_term_string}"},"query-input":{"@type":"PropertyValueSpecification","valueRequired":true,"valueName":"search_term_string"}}],"inLanguage":"es"}]}},"_links":{"self":[{"href":"https:\/\/www.manabi.gob.ec\/index.php\/wp-json\/wp\/v2\/pages\/17725","targetHints":{"allow":["GET"]}}],"collection":[{"href":"https:\/\/www.manabi.gob.ec\/index.php\/wp-json\/wp\/v2\/pages"}],"about":[{"href":"https:\/\/www.manabi.gob.ec\/index.php\/wp-json\/wp\/v2\/types\/page"}],"author":[{"embeddable":true,"href":"https:\/\/www.manabi.gob.ec\/index.php\/wp-json\/wp\/v2\/users\/1"}],"replies":[{"embeddable":true,"href":"https:\/\/www.manabi.gob.ec\/index.php\/wp-json\/wp\/v2\/comments?post=17725"}],"version-history":[{"count":0,"href":"https:\/\/www.manabi.gob.ec\/index.php\/wp-json\/wp\/v2\/pages\/17725\/revisions"}],"wp:attachment":[{"href":"https:\/\/www.manabi.gob.ec\/index.php\/wp-json\/wp\/v2\/media?parent=17725"}],"curies":[{"name":"wp","href":"https:\/\/api.w.org\/{rel}","templated":true}]}}