{"id":18870,"date":"2021-11-05T13:57:53","date_gmt":"2021-11-05T13:57:53","guid":{"rendered":"https:\/\/www.manabi.gob.ec\/?page_id=18870"},"modified":"2026-03-26T16:52:39","modified_gmt":"2026-03-26T16:52:39","slug":"transparencia-en-los-procesos","status":"publish","type":"page","link":"https:\/\/www.manabi.gob.ec\/index.php\/transparencia-en-los-procesos\/","title":{"rendered":"Transparencia en los procesos"},"content":{"rendered":"<p>[vc_row][vc_column][vc_empty_space height=\u00bb50px\u00bb][\/vc_column][\/vc_row][vc_row][vc_column width=\u00bb1\/6&#8243;][\/vc_column][vc_column width=\u00bb4\/6&#8243;][vc_column_text]<\/p>\n<h4 style=\"text-align: center;\"><em><strong>TRANSPARENTAMOS LOS PROCESOS<br \/>\nDE CONTRATACI\u00d3N P\u00daBLICA.<\/strong><\/em><\/h4>\n<p style=\"text-align: center; font-size: 18px;\">Se pone a disposici\u00f3n de la ciudadan\u00eda en general, informaci\u00f3n de los procesos de contrataci\u00f3n p\u00fablica elevados a la plataforma SERCOP, por cada una de las direcciones que conforman el Gobierno Provincial de Manab\u00ed.<\/p>\n<p>[\/vc_column_text][\/vc_column][vc_column width=\u00bb1\/6&#8243;][\/vc_column][\/vc_row][vc_row][vc_column][vc_empty_space height=\u00bb55px\u00bb][\/vc_column][\/vc_row][vc_row color_skin=\u00bbskin-light\u00bb gap=\u00bb1&#8243; equal_height=\u00bbyes\u00bb parallax=\u00bbcontent-moving\u00bb css=\u00bb.vc_custom_1636120792766{background-position: center;background-repeat: no-repeat;background-size:cover !important;}\u00bb][vc_column color_skin=\u00bbskin-light\u00bb width=\u00bb1\/6&#8243;][vc_hoverbox image=\u00bb18887&#8243; primary_title=\u00bb\u00bb hover_title=\u00bb\u00bb shape=\u00bbsquare\u00bb hover_background_color=\u00bbgreen\u00bb hover_btn_title=\u00bbVer m\u00e1s\u00bb hover_btn_style=\u00bboutline\u00bb hover_btn_color=\u00bbdefault\u00bb hover_btn_size=\u00bbsm\u00bb hover_add_button=\u00bbtrue\u00bb hover_btn_link=\u00bburl:https%3A%2F%2Fwww.manabi.gob.ec%2Findex.php%2Fdireccion-administrativa%2F|||\u00bb]<span style=\"color: #ffffff;\">Direcci\u00f3n Administrativa<\/span>[\/vc_hoverbox][vc_column_text css=\u00bb.vc_custom_1636562332458{margin-top: 10px !important;}\u00bb]<\/p>\n<p style=\"text-align: center; font-size: 18px;\"><strong>Administrativa<\/strong><\/p>\n<p>[\/vc_column_text][\/vc_column][vc_column width=\u00bb1\/6&#8243; css=\u00bb.vc_custom_1622148120192{background-position: center !important;background-repeat: no-repeat !important;background-size: cover !important;}\u00bb offset=\u00bbvc_col-xs-12&#8243;][vc_hoverbox image=\u00bb18888&#8243; primary_title=\u00bb\u00bb hover_title=\u00bb\u00bb shape=\u00bbsquare\u00bb hover_background_color=\u00bbgreen\u00bb hover_btn_title=\u00bbVer m\u00e1s\u00bb hover_add_button=\u00bbtrue\u00bb hover_btn_link=\u00bburl:https%3A%2F%2Fwww.manabi.gob.ec%2Findex.php%2Fdireccion-ambiente%2F|||\u00bb]<span style=\"color: #ffffff;\">Ambiente y Riesgo<\/span>[\/vc_hoverbox][vc_column_text css=\u00bb.vc_custom_1636490010976{margin-top: 10px !important;}\u00bb]<\/p>\n<p style=\"text-align: center; font-size: 18px;\"><strong>Ambiente y Riesgo<\/strong><\/p>\n<p>[\/vc_column_text][\/vc_column][vc_column width=\u00bb1\/6&#8243;][vc_hoverbox image=\u00bb18889&#8243; primary_title=\u00bb\u00bb hover_title=\u00bb\u00bb shape=\u00bbsquare\u00bb hover_background_color=\u00bbgreen\u00bb hover_btn_title=\u00bbVer m\u00e1s\u00bb hover_add_button=\u00bbtrue\u00bb hover_btn_link=\u00bburl:https%3A%2F%2Fwww.manabi.gob.ec%2Findex.php%2Fdireccion-comunicacion|||\u00bb]<span style=\"color: #ffffff;\">Comunicaci\u00f3n Institucional<\/span>[\/vc_hoverbox][vc_column_text css=\u00bb.vc_custom_1774469272102{margin-top: 10px !important;}\u00bb]<\/p>\n<p style=\"text-align: center; font-size: 18px;\"><strong>Comunicaci\u00f3n<\/strong><\/p>\n<p>[\/vc_column_text][\/vc_column][vc_column width=\u00bb1\/6&#8243;][vc_hoverbox image=\u00bb33682&#8243; primary_title=\u00bb\u00bb hover_title=\u00bb\u00bb shape=\u00bbsquare\u00bb hover_background_color=\u00bbgreen\u00bb hover_btn_title=\u00bbVer m\u00e1s\u00bb hover_add_button=\u00bbtrue\u00bb hover_btn_link=\u00bburl:https%3A%2F%2Fwww.manabi.gob.ec%2Findex.php%2Fcooperacion-internacional%2F|||\u00bb]<span style=\"color: #ffffff;\">Cooperaci\u00f3n Internacional<\/span>[\/vc_hoverbox][vc_column_text css=\u00bb.vc_custom_1774539904508{margin-top: 10px !important;}\u00bb]<\/p>\n<p style=\"text-align: center; font-size: 18px;\"><strong>Cooperaci\u00f3n Internacional<\/strong><\/p>\n<p>[\/vc_column_text][\/vc_column][vc_column width=\u00bb1\/6&#8243;][vc_hoverbox image=\u00bb18890&#8243; primary_title=\u00bb\u00bb hover_title=\u00bb\u00bb shape=\u00bbsquare\u00bb hover_background_color=\u00bbgreen\u00bb hover_btn_title=\u00bbVer m\u00e1s\u00bb hover_add_button=\u00bbtrue\u00bb hover_btn_link=\u00bburl:https%3A%2F%2Fwww.manabi.gob.ec%2Findex.php%2Fdireccion-desarrollo|||\u00bb]<span style=\"color: #ffffff;\">Desarrollo Social<\/span>[\/vc_hoverbox][vc_column_text css=\u00bb.vc_custom_1774469302222{margin-top: 10px !important;}\u00bb]<\/p>\n<p style=\"text-align: center; font-size: 18px;\"><strong>Desarrollo -Humano<\/strong><\/p>\n<p>[\/vc_column_text][\/vc_column][vc_column width=\u00bb1\/6&#8243;][vc_hoverbox image=\u00bb19827&#8243; primary_title=\u00bb\u00bb hover_title=\u00bb\u00bb shape=\u00bbsquare\u00bb hover_background_color=\u00bbgreen\u00bb hover_btn_title=\u00bbVer m\u00e1s\u00bb hover_add_button=\u00bbtrue\u00bb hover_btn_link=\u00bburl:https%3A%2F%2Fwww.manabi.gob.ec%2Findex.php%2Festudios-y-fiscalizacion%2F|||\u00bb]<span style=\"color: #ffffff;\">Estudios, Proyectos y fiscalizaci\u00f3n<\/span>[\/vc_hoverbox][vc_column_text css=\u00bb.vc_custom_1696351396813{margin-top: 10px !important;}\u00bb]<\/p>\n<p style=\"text-align: center; font-size: 18px;\"><b>Estudios, Proyectos y Fiscalizaci\u00f3n<\/b><\/p>\n<p>[\/vc_column_text][\/vc_column][\/vc_row][vc_row][vc_column][vc_empty_space height=\u00bb42px\u00bb][\/vc_column][\/vc_row][vc_row color_skin=\u00bbskin-light\u00bb gap=\u00bb1&#8243; equal_height=\u00bbyes\u00bb parallax=\u00bbcontent-moving\u00bb css=\u00bb.vc_custom_1636120792766{background-position: center;background-repeat: no-repeat;background-size:cover;}\u00bb][vc_column color_skin=\u00bbskin-light\u00bb width=\u00bb1\/6&#8243;][vc_hoverbox image=\u00bb18891&#8243; primary_title=\u00bb\u00bb hover_title=\u00bb\u00bb shape=\u00bbsquare\u00bb hover_background_color=\u00bbgreen\u00bb hover_btn_title=\u00bbVer m\u00e1s\u00bb hover_add_button=\u00bbtrue\u00bb hover_btn_link=\u00bburl:https%3A%2F%2Fwww.manabi.gob.ec%2Findex.php%2Fdireccion-fomento|||\u00bb]<span style=\"color: #ffffff;\">Fomento Productivo<\/span>[\/vc_hoverbox][vc_column_text css=\u00bb.vc_custom_1636490322275{margin-top: 10px !important;}\u00bb]<\/p>\n<p style=\"text-align: center; font-size: 18px;\"><strong>Fomento Productivo<\/strong><\/p>\n<p>[\/vc_column_text][\/vc_column][vc_column width=\u00bb1\/6&#8243; css=\u00bb.vc_custom_1622148120192{background-position: center !important;background-repeat: no-repeat !important;background-size: cover !important;}\u00bb offset=\u00bbvc_col-xs-12&#8243;][vc_hoverbox image=\u00bb18895&#8243; primary_title=\u00bb\u00bb hover_title=\u00bb\u00bb shape=\u00bbsquare\u00bb hover_background_color=\u00bbgreen\u00bb hover_btn_title=\u00bbVer m\u00e1s\u00bb hover_add_button=\u00bbtrue\u00bb hover_btn_link=\u00bburl:https%3A%2F%2Fwww.manabi.gob.ec%2Findex.php%2Fdireccion-mejora-continua-tecnologia|||\u00bb]<span style=\"color: #ffffff;\">Innovaci\u00f3n y Tecnolog\u00eda<\/span>[\/vc_hoverbox][vc_column_text css=\u00bb.vc_custom_1774540799937{margin-top: 10px !important;}\u00bb]<\/p>\n<p style=\"text-align: center; font-size: 18px;\"><strong>Innovaci\u00f3n y Tecnolog\u00eda <\/strong><\/p>\n<p>[\/vc_column_text][\/vc_column][vc_column width=\u00bb1\/6&#8243;][vc_hoverbox image=\u00bb24321&#8243; primary_title=\u00bb\u00bb hover_title=\u00bb\u00bb shape=\u00bbsquare\u00bb hover_background_color=\u00bbgreen\u00bb hover_btn_title=\u00bbVer m\u00e1s\u00bb hover_add_button=\u00bbtrue\u00bb hover_btn_link=\u00bburl:https%3A%2F%2Fwww.manabi.gob.ec%2Findex.php%2Fdireccion-de-participacion-ciudadana-y-promocion-de-derechos%2F|||\u00bb]<span style=\"color: #ffffff;\">Participaci\u00f3n Ciudadana<\/span>[\/vc_hoverbox][vc_column_text css=\u00bb.vc_custom_1774540831271{margin-top: 10px !important;}\u00bb]<\/p>\n<p style=\"text-align: center; font-size: 18px;\"><strong>Participaci\u00f3n Ciudadana<\/strong><\/p>\n<p>[\/vc_column_text][\/vc_column][vc_column width=\u00bb1\/6&#8243;][vc_hoverbox image=\u00bb18946&#8243; primary_title=\u00bb\u00bb hover_title=\u00bb\u00bb shape=\u00bbsquare\u00bb hover_background_color=\u00bbgreen\u00bb hover_btn_title=\u00bbVer m\u00e1s\u00bb hover_add_button=\u00bbtrue\u00bb hover_btn_link=\u00bburl:https%3A%2F%2Fwww.manabi.gob.ec%2Findex.php%2Fdireccion-ordenamiento|||\u00bb]<span style=\"color: #ffffff;\">Planificaci\u00f3n para el Desarrollo<\/span>[\/vc_hoverbox][vc_column_text css=\u00bb.vc_custom_1696351003102{margin-top: 10px !important;}\u00bb]<\/p>\n<p style=\"text-align: center; font-size: 18px;\"><strong>Planificaci\u00f3n para el Desarrollo<\/strong><\/p>\n<p>[\/vc_column_text][\/vc_column][vc_column width=\u00bb1\/6&#8243;][vc_hoverbox image=\u00bb18894&#8243; primary_title=\u00bb\u00bb hover_title=\u00bb\u00bb shape=\u00bbsquare\u00bb hover_background_color=\u00bbgreen\u00bb hover_btn_title=\u00bbVer m\u00e1s\u00bb hover_add_button=\u00bbtrue\u00bb hover_btn_link=\u00bburl:https%3A%2F%2Fwww.manabi.gob.ec%2Findex.php%2Fdireccion-riego|||\u00bb]<span style=\"color: #ffffff;\">Riego y Recursos H\u00eddricos<\/span>[\/vc_hoverbox][vc_column_text css=\u00bb.vc_custom_1774540882073{margin-top: 10px !important;}\u00bb]<\/p>\n<p style=\"text-align: center; font-size: 18px;\"><strong>Riego y Recursos H\u00eddricos<\/strong><\/p>\n<p>[\/vc_column_text][\/vc_column][vc_column width=\u00bb1\/6&#8243;][vc_hoverbox image=\u00bb18892&#8243; primary_title=\u00bb\u00bb hover_title=\u00bb\u00bb shape=\u00bbsquare\u00bb hover_background_color=\u00bbgreen\u00bb hover_btn_title=\u00bbVer m\u00e1s\u00bb hover_add_button=\u00bbtrue\u00bb hover_btn_link=\u00bburl:https%3A%2F%2Fwww.manabi.gob.ec%2Findex.php%2Fdireccion-talento%2F|||\u00bb]<span style=\"color: #ffffff;\">Talento Humano<\/span>[\/vc_hoverbox][vc_column_text css=\u00bb.vc_custom_1636490886354{margin-top: 10px !important;}\u00bb]<\/p>\n<p style=\"text-align: center; font-size: 18px;\"><strong>Talento Humano<\/strong><\/p>\n<p>[\/vc_column_text][\/vc_column][\/vc_row][vc_row][vc_column][vc_empty_space height=\u00bb42px\u00bb][\/vc_column][\/vc_row][vc_row color_skin=\u00bbskin-light\u00bb gap=\u00bb1&#8243; equal_height=\u00bbyes\u00bb parallax=\u00bbcontent-moving\u00bb css=\u00bb.vc_custom_1636120792766{background-position: center;background-repeat: no-repeat;background-size:cover;}\u00bb][vc_column color_skin=\u00bbskin-light\u00bb width=\u00bb1\/6&#8243;][vc_hoverbox image=\u00bb20872&#8243; primary_title=\u00bb\u00bb hover_title=\u00bb\u00bb shape=\u00bbsquare\u00bb hover_background_color=\u00bbgreen\u00bb hover_btn_title=\u00bbVer m\u00e1s\u00bb hover_add_button=\u00bbtrue\u00bb hover_btn_link=\u00bburl:https%3A%2F%2Fwww.manabi.gob.ec%2Findex.php%2Fdireccion-de-transparencia%2F|||\u00bb]<span style=\"color: #ffffff;\">Transparencia<\/span>[\/vc_hoverbox][vc_column_text css=\u00bb.vc_custom_1696351925923{margin-top: 10px !important;}\u00bb]<\/p>\n<p style=\"text-align: center; font-size: 18px;\"><strong>Transparencia<\/strong><\/p>\n<p>[\/vc_column_text][\/vc_column][vc_column width=\u00bb1\/6&#8243; css=\u00bb.vc_custom_1622148120192{background-position: center !important;background-repeat: no-repeat !important;background-size: cover !important;}\u00bb offset=\u00bbvc_col-xs-12&#8243;][vc_hoverbox image=\u00bb18896&#8243; primary_title=\u00bb\u00bb hover_title=\u00bb\u00bb shape=\u00bbsquare\u00bb hover_background_color=\u00bbgreen\u00bb hover_btn_title=\u00bbVer m\u00e1s\u00bb hover_add_button=\u00bbtrue\u00bb hover_btn_link=\u00bburl:https%3A%2F%2Fwww.manabi.gob.ec%2Findex.php%2Fdireccion-turismo|||\u00bb]<span style=\"color: #ffffff;\">Turismo Cultura y Patrimonio<\/span>[\/vc_hoverbox][vc_column_text css=\u00bb.vc_custom_1636491177592{margin-top: 10px !important;}\u00bb]<\/p>\n<p style=\"text-align: center; font-size: 18px;\"><strong>Turismo Cultura y Patrimonio<\/strong><\/p>\n<p>[\/vc_column_text][\/vc_column][vc_column width=\u00bb1\/6&#8243;][vc_hoverbox image=\u00bb32768&#8243; primary_title=\u00bb\u00bb hover_title=\u00bb\u00bb shape=\u00bbsquare\u00bb hover_background_color=\u00bbgreen\u00bb hover_btn_title=\u00bbVer m\u00e1s\u00bb hover_add_button=\u00bbtrue\u00bb hover_btn_link=\u00bburl:https%3A%2F%2Fwww.manabi.gob.ec%2Findex.php%2Fugp%2F|||\u00bb]<span style=\"color: #ffffff;\">Unidad de Gerenciamiento de Programas<\/span>[\/vc_hoverbox][vc_column_text css=\u00bb.vc_custom_1769443061261{margin-top: 10px !important;}\u00bb]<\/p>\n<p style=\"text-align: center; font-size: 18px;\"><strong>Unidad de Gerenciamiento de Programas<\/strong><\/p>\n<p>[\/vc_column_text][\/vc_column][vc_column width=\u00bb1\/6&#8243;][vc_hoverbox image=\u00bb18893&#8243; primary_title=\u00bb\u00bb hover_title=\u00bb\u00bb shape=\u00bbsquare\u00bb hover_background_color=\u00bbgreen\u00bb hover_btn_title=\u00bbVer m\u00e1s\u00bb hover_btn_el_class=\u00bb\u00bb hover_add_button=\u00bbtrue\u00bb hover_btn_link=\u00bburl:https%3A%2F%2Fwww.manabi.gob.ec%2Findex.php%2Fdireccion-vialidad-e-infraestructura%2F|||\u00bb]<span style=\"color: #ffffff;\">Vialidad e Infraestructura P\u00fablica<\/span>[\/vc_hoverbox][vc_column_text css=\u00bb.vc_custom_1774540530939{margin-top: 10px !important;}\u00bb]<\/p>\n<p style=\"text-align: center; font-size: 18px;\"><strong>Vialidad e Infraestructura P\u00fablica<\/strong><\/p>\n<p>[\/vc_column_text][\/vc_column][vc_column width=\u00bb1\/6&#8243;][\/vc_column][vc_column width=\u00bb1\/6&#8243;][\/vc_column][\/vc_row][vc_row][vc_column][vc_empty_space height=\u00bb42px\u00bb][\/vc_column][\/vc_row]<\/p>\n","protected":false},"excerpt":{"rendered":"<p>[vc_row][vc_column][vc_empty_space height=\u00bb50px\u00bb][\/vc_column][\/vc_row][vc_row][vc_column width=\u00bb1\/6&#8243;][\/vc_column][vc_column width=\u00bb4\/6&#8243;][vc_column_text] TRANSPARENTAMOS LOS PROCESOS DE CONTRATACI\u00d3N P\u00daBLICA. Se pone a disposici\u00f3n de la ciudadan\u00eda en general, informaci\u00f3n de los procesos de contrataci\u00f3n p\u00fablica elevados a la plataforma SERCOP, por cada una de las direcciones que conforman el Gobierno Provincial de Manab\u00ed. [\/vc_column_text][\/vc_column][vc_column width=\u00bb1\/6&#8243;][\/vc_column][\/vc_row][vc_row][vc_column][vc_empty_space height=\u00bb55px\u00bb][\/vc_column][\/vc_row][vc_row color_skin=\u00bbskin-light\u00bb gap=\u00bb1&#8243; equal_height=\u00bbyes\u00bb parallax=\u00bbcontent-moving\u00bb css=\u00bb.vc_custom_1636120792766{background-position: center;background-repeat: no-repeat;background-size:cover !important;}\u00bb][vc_column [&hellip;]<\/p>\n","protected":false},"author":1,"featured_media":0,"parent":0,"menu_order":0,"comment_status":"closed","ping_status":"closed","template":"","meta":{"_joinchat":[],"footnotes":""},"class_list":["post-18870","page","type-page","status-publish","hentry"],"yoast_head":"<!-- This site is optimized with the Yoast SEO plugin v27.4 - https:\/\/yoast.com\/product\/yoast-seo-wordpress\/ -->\n<title>Transparencia en los procesos - Prefectura de Manab\u00ed<\/title>\n<meta name=\"robots\" content=\"index, follow, max-snippet:-1, max-image-preview:large, max-video-preview:-1\" \/>\n<link rel=\"canonical\" href=\"https:\/\/www.manabi.gob.ec\/index.php\/transparencia-en-los-procesos\/\" \/>\n<meta property=\"og:locale\" content=\"es_ES\" \/>\n<meta property=\"og:type\" content=\"article\" \/>\n<meta property=\"og:title\" content=\"Transparencia en los procesos - Prefectura de Manab\u00ed\" \/>\n<meta property=\"og:description\" content=\"[vc_row][vc_column][vc_empty_space height=\u00bb50px\u00bb][\/vc_column][\/vc_row][vc_row][vc_column width=\u00bb1\/6&#8243;][\/vc_column][vc_column width=\u00bb4\/6&#8243;][vc_column_text] TRANSPARENTAMOS LOS PROCESOS DE CONTRATACI\u00d3N P\u00daBLICA. Se pone a disposici\u00f3n de la ciudadan\u00eda en general, informaci\u00f3n de los procesos de contrataci\u00f3n p\u00fablica elevados a la plataforma SERCOP, por cada una de las direcciones que conforman el Gobierno Provincial de Manab\u00ed. [\/vc_column_text][\/vc_column][vc_column width=\u00bb1\/6&#8243;][\/vc_column][\/vc_row][vc_row][vc_column][vc_empty_space height=\u00bb55px\u00bb][\/vc_column][\/vc_row][vc_row color_skin=\u00bbskin-light\u00bb gap=\u00bb1&#8243; equal_height=\u00bbyes\u00bb parallax=\u00bbcontent-moving\u00bb css=\u00bb.vc_custom_1636120792766{background-position: center;background-repeat: no-repeat;background-size:cover !important;}\u00bb][vc_column [&hellip;]\" \/>\n<meta property=\"og:url\" content=\"https:\/\/www.manabi.gob.ec\/index.php\/transparencia-en-los-procesos\/\" \/>\n<meta property=\"og:site_name\" content=\"Prefectura de Manab\u00ed\" \/>\n<meta property=\"article:modified_time\" content=\"2026-03-26T16:52:39+00:00\" \/>\n<meta name=\"twitter:card\" content=\"summary_large_image\" \/>\n<meta name=\"twitter:label1\" content=\"Tiempo de lectura\" \/>\n\t<meta name=\"twitter:data1\" content=\"2 minutos\" \/>\n<script type=\"application\/ld+json\" class=\"yoast-schema-graph\">{\"@context\":\"https:\\\/\\\/schema.org\",\"@graph\":[{\"@type\":\"WebPage\",\"@id\":\"https:\\\/\\\/www.manabi.gob.ec\\\/index.php\\\/transparencia-en-los-procesos\\\/\",\"url\":\"https:\\\/\\\/www.manabi.gob.ec\\\/index.php\\\/transparencia-en-los-procesos\\\/\",\"name\":\"Transparencia en los procesos - Prefectura de Manab\u00ed\",\"isPartOf\":{\"@id\":\"https:\\\/\\\/www.manabi.gob.ec\\\/#website\"},\"datePublished\":\"2021-11-05T13:57:53+00:00\",\"dateModified\":\"2026-03-26T16:52:39+00:00\",\"breadcrumb\":{\"@id\":\"https:\\\/\\\/www.manabi.gob.ec\\\/index.php\\\/transparencia-en-los-procesos\\\/#breadcrumb\"},\"inLanguage\":\"es\",\"potentialAction\":[{\"@type\":\"ReadAction\",\"target\":[\"https:\\\/\\\/www.manabi.gob.ec\\\/index.php\\\/transparencia-en-los-procesos\\\/\"]}]},{\"@type\":\"BreadcrumbList\",\"@id\":\"https:\\\/\\\/www.manabi.gob.ec\\\/index.php\\\/transparencia-en-los-procesos\\\/#breadcrumb\",\"itemListElement\":[{\"@type\":\"ListItem\",\"position\":1,\"name\":\"Portada\",\"item\":\"https:\\\/\\\/www.manabi.gob.ec\\\/\"},{\"@type\":\"ListItem\",\"position\":2,\"name\":\"Transparencia en los procesos\"}]},{\"@type\":\"WebSite\",\"@id\":\"https:\\\/\\\/www.manabi.gob.ec\\\/#website\",\"url\":\"https:\\\/\\\/www.manabi.gob.ec\\\/\",\"name\":\"Prefectura de Manab\u00ed\",\"description\":\"P\u00e1gina web de la prefectura\",\"potentialAction\":[{\"@type\":\"SearchAction\",\"target\":{\"@type\":\"EntryPoint\",\"urlTemplate\":\"https:\\\/\\\/www.manabi.gob.ec\\\/?s={search_term_string}\"},\"query-input\":{\"@type\":\"PropertyValueSpecification\",\"valueRequired\":true,\"valueName\":\"search_term_string\"}}],\"inLanguage\":\"es\"}]}<\/script>\n<!-- \/ Yoast SEO plugin. -->","yoast_head_json":{"title":"Transparencia en los procesos - Prefectura de Manab\u00ed","robots":{"index":"index","follow":"follow","max-snippet":"max-snippet:-1","max-image-preview":"max-image-preview:large","max-video-preview":"max-video-preview:-1"},"canonical":"https:\/\/www.manabi.gob.ec\/index.php\/transparencia-en-los-procesos\/","og_locale":"es_ES","og_type":"article","og_title":"Transparencia en los procesos - Prefectura de Manab\u00ed","og_description":"[vc_row][vc_column][vc_empty_space height=\u00bb50px\u00bb][\/vc_column][\/vc_row][vc_row][vc_column width=\u00bb1\/6&#8243;][\/vc_column][vc_column width=\u00bb4\/6&#8243;][vc_column_text] TRANSPARENTAMOS LOS PROCESOS DE CONTRATACI\u00d3N P\u00daBLICA. Se pone a disposici\u00f3n de la ciudadan\u00eda en general, informaci\u00f3n de los procesos de contrataci\u00f3n p\u00fablica elevados a la plataforma SERCOP, por cada una de las direcciones que conforman el Gobierno Provincial de Manab\u00ed. [\/vc_column_text][\/vc_column][vc_column width=\u00bb1\/6&#8243;][\/vc_column][\/vc_row][vc_row][vc_column][vc_empty_space height=\u00bb55px\u00bb][\/vc_column][\/vc_row][vc_row color_skin=\u00bbskin-light\u00bb gap=\u00bb1&#8243; equal_height=\u00bbyes\u00bb parallax=\u00bbcontent-moving\u00bb css=\u00bb.vc_custom_1636120792766{background-position: center;background-repeat: no-repeat;background-size:cover !important;}\u00bb][vc_column [&hellip;]","og_url":"https:\/\/www.manabi.gob.ec\/index.php\/transparencia-en-los-procesos\/","og_site_name":"Prefectura de Manab\u00ed","article_modified_time":"2026-03-26T16:52:39+00:00","twitter_card":"summary_large_image","twitter_misc":{"Tiempo de lectura":"2 minutos"},"schema":{"@context":"https:\/\/schema.org","@graph":[{"@type":"WebPage","@id":"https:\/\/www.manabi.gob.ec\/index.php\/transparencia-en-los-procesos\/","url":"https:\/\/www.manabi.gob.ec\/index.php\/transparencia-en-los-procesos\/","name":"Transparencia en los procesos - Prefectura de Manab\u00ed","isPartOf":{"@id":"https:\/\/www.manabi.gob.ec\/#website"},"datePublished":"2021-11-05T13:57:53+00:00","dateModified":"2026-03-26T16:52:39+00:00","breadcrumb":{"@id":"https:\/\/www.manabi.gob.ec\/index.php\/transparencia-en-los-procesos\/#breadcrumb"},"inLanguage":"es","potentialAction":[{"@type":"ReadAction","target":["https:\/\/www.manabi.gob.ec\/index.php\/transparencia-en-los-procesos\/"]}]},{"@type":"BreadcrumbList","@id":"https:\/\/www.manabi.gob.ec\/index.php\/transparencia-en-los-procesos\/#breadcrumb","itemListElement":[{"@type":"ListItem","position":1,"name":"Portada","item":"https:\/\/www.manabi.gob.ec\/"},{"@type":"ListItem","position":2,"name":"Transparencia en los procesos"}]},{"@type":"WebSite","@id":"https:\/\/www.manabi.gob.ec\/#website","url":"https:\/\/www.manabi.gob.ec\/","name":"Prefectura de Manab\u00ed","description":"P\u00e1gina web de la prefectura","potentialAction":[{"@type":"SearchAction","target":{"@type":"EntryPoint","urlTemplate":"https:\/\/www.manabi.gob.ec\/?s={search_term_string}"},"query-input":{"@type":"PropertyValueSpecification","valueRequired":true,"valueName":"search_term_string"}}],"inLanguage":"es"}]}},"_links":{"self":[{"href":"https:\/\/www.manabi.gob.ec\/index.php\/wp-json\/wp\/v2\/pages\/18870","targetHints":{"allow":["GET"]}}],"collection":[{"href":"https:\/\/www.manabi.gob.ec\/index.php\/wp-json\/wp\/v2\/pages"}],"about":[{"href":"https:\/\/www.manabi.gob.ec\/index.php\/wp-json\/wp\/v2\/types\/page"}],"author":[{"embeddable":true,"href":"https:\/\/www.manabi.gob.ec\/index.php\/wp-json\/wp\/v2\/users\/1"}],"replies":[{"embeddable":true,"href":"https:\/\/www.manabi.gob.ec\/index.php\/wp-json\/wp\/v2\/comments?post=18870"}],"version-history":[{"count":10,"href":"https:\/\/www.manabi.gob.ec\/index.php\/wp-json\/wp\/v2\/pages\/18870\/revisions"}],"predecessor-version":[{"id":33709,"href":"https:\/\/www.manabi.gob.ec\/index.php\/wp-json\/wp\/v2\/pages\/18870\/revisions\/33709"}],"wp:attachment":[{"href":"https:\/\/www.manabi.gob.ec\/index.php\/wp-json\/wp\/v2\/media?parent=18870"}],"curies":[{"name":"wp","href":"https:\/\/api.w.org\/{rel}","templated":true}]}}