{"id":19909,"date":"2022-03-25T22:19:50","date_gmt":"2022-03-25T22:19:50","guid":{"rendered":"https:\/\/www.manabi.gob.ec\/?page_id=19909"},"modified":"2024-07-31T21:10:15","modified_gmt":"2024-07-31T21:10:15","slug":"rendicion-de-cuentas-2021","status":"publish","type":"page","link":"https:\/\/www.manabi.gob.ec\/index.php\/rendicion-de-cuentas-2021\/","title":{"rendered":"Rendici\u00f3n de Cuentas 2021"},"content":{"rendered":"<p>[vc_row gap=\u00bb25&#8243; css=\u00bb.vc_custom_1621009670807{border-left-width: 2px !important;border-left-color: #cecece !important;border-left-style: solid !important;}\u00bb][vc_column][gsf_space desktop=\u00bb90&#8243; tablet=\u00bb70&#8243; tablet_portrait=\u00bb60&#8243; mobile_landscape=\u00bb50&#8243; mobile=\u00bb40&#8243;][vc_column_text]<\/p>\n<h5>Documentos<\/h5>\n<p>[\/vc_column_text][gsf_call_to_action title=\u00bbDescargar documento\u00bb style=\u00bb3d\u00bb size=\u00bbxs\u00bb link=\u00bburl:https%3A%2F%2Fwww.manabi.gob.ec%2Fwp-content%2Fuploads%2F2024%2F07%2FViceprefecta-2021.pdf||target:%20_blank|\u00bb css=\u00bb.vc_custom_1722354473836{margin-bottom: 20px !important;}\u00bb]<span style=\"color: #333300;\"><b>Viceprefecta 2021<\/b><\/span>[\/gsf_call_to_action][gsf_call_to_action title=\u00bbDescargar documento\u00bb style=\u00bb3d\u00bb size=\u00bbxs\u00bb link=\u00bburl:https%3A%2F%2Fwww.manabi.gob.ec%2Fwp-content%2Fuploads%2F2024%2F07%2FPrefecto-2021.pdf||target:%20_blank|\u00bb css=\u00bb.vc_custom_1722354375200{margin-bottom: 20px !important;}\u00bb]<span style=\"color: #333300;\"><b>Prefecto 2021<\/b><\/span>[\/gsf_call_to_action][gsf_call_to_action title=\u00bbDescargar documento\u00bb style=\u00bb3d\u00bb size=\u00bbxs\u00bb link=\u00bburl:https%3A%2F%2Fwww.manabi.gob.ec%2Fwp-content%2Fuploads%2F2024%2F07%2FOficio-de-entrega-de-informes.pdf||target:%20_blank|\u00bb css=\u00bb.vc_custom_1722354263794{margin-bottom: 20px !important;}\u00bb]<span style=\"color: #333300;\"><span style=\"color: #333300;\"><b>Oficio de entrega de informes<\/b><\/span><\/span>[\/gsf_call_to_action][gsf_call_to_action title=\u00bbDescargar documento\u00bb style=\u00bb3d\u00bb size=\u00bbxs\u00bb link=\u00bburl:https%3A%2F%2Fwww.manabi.gob.ec%2Fwp-content%2Fuploads%2F2024%2F07%2FOficio-Ciudadano.pdf||target:%20_blank|\u00bb css=\u00bb.vc_custom_1722354129795{margin-bottom: 20px !important;}\u00bb]<span style=\"color: #333300;\"><span style=\"color: #333300;\"><b>Oficio Ciudadano<\/b><\/span><\/span>[\/gsf_call_to_action][gsf_call_to_action title=\u00bbDescargar documento\u00bb style=\u00bb3d\u00bb size=\u00bbxs\u00bb link=\u00bburl:https%3A%2F%2Fwww.manabi.gob.ec%2Fwp-content%2Fuploads%2F2024%2F07%2FMANABI-2030.pdf||target:%20_blank|\u00bb css=\u00bb.vc_custom_1722353866846{margin-bottom: 20px !important;}\u00bb]<span style=\"color: #333300;\"><span style=\"color: #333300;\"><b>MANABI 2030<\/b><\/span><\/span>[\/gsf_call_to_action][gsf_call_to_action title=\u00bbDescargar documento\u00bb style=\u00bb3d\u00bb size=\u00bbxs\u00bb link=\u00bburl:https%3A%2F%2Fwww.manabi.gob.ec%2Fwp-content%2Fuploads%2F2024%2F07%2FInformeGad2021.pdf||target:%20_blank|\u00bb css=\u00bb.vc_custom_1722353813899{margin-bottom: 20px !important;}\u00bb]<span style=\"color: #333300;\"><strong><a style=\"color: #333300;\">InformeGad 2021<\/a><\/strong><\/span>[\/gsf_call_to_action][gsf_call_to_action title=\u00bbDescargar documento\u00bb style=\u00bb3d\u00bb size=\u00bbxs\u00bb link=\u00bburl:https%3A%2F%2Fwww.manabi.gob.ec%2Fwp-content%2Fuploads%2F2024%2F07%2FInforme-de-Asambleas-de-Consultas-Ciudadanas-2022.pdf||target:%20_blank|\u00bb css=\u00bb.vc_custom_1722353684075{margin-bottom: 20px !important;}\u00bb]<span style=\"color: #333300;\"><strong><a style=\"color: #333300;\">Informe de Asambleas de Consultas Ciudadanas 2022<\/a><\/strong><\/span>[\/gsf_call_to_action][gsf_call_to_action title=\u00bbDescargar documento\u00bb style=\u00bb3d\u00bb size=\u00bbxs\u00bb link=\u00bburl:https%3A%2F%2Fwww.manabi.gob.ec%2Fwp-content%2Fuploads%2F2024%2F07%2FINFORME-COMPARATIVO-PP_2021.pdf||target:%20_blank|\u00bb css=\u00bb.vc_custom_1722353644887{margin-bottom: 20px !important;}\u00bb]<span style=\"color: #333300;\"><strong><a style=\"color: #333300;\">INFORME COMPARATIVO PP_2021<\/a><\/strong><\/span>[\/gsf_call_to_action][gsf_call_to_action title=\u00bbDescargar documento\u00bb style=\u00bb3d\u00bb size=\u00bbxs\u00bb link=\u00bburl:https%3A%2F%2Fwww.manabi.gob.ec%2Fwp-content%2Fuploads%2F2024%2F07%2FGOBIERNO-PROVINCIAL-DE-MANABI-PLAN-OPERATIVO-ANUAL2-2021-firmado.pdf||target:%20_blank|\u00bb css=\u00bb.vc_custom_1722353609577{margin-bottom: 20px !important;}\u00bb]<span style=\"color: #333300;\"><strong><a style=\"color: #333300;\">GOBIERNO PROVINCIAL DE MANAB\u00cd &#8211; PLAN OPERATIVO ANUAL2 2021<\/a><\/strong><\/span>[\/gsf_call_to_action][gsf_call_to_action title=\u00bbDescargar documento\u00bb style=\u00bb3d\u00bb size=\u00bbxs\u00bb link=\u00bburl:https%3A%2F%2Fwww.manabi.gob.ec%2Fwp-content%2Fuploads%2F2024%2F07%2FFormulario-informe-aprobado-excel-RdC2021.pdf||target:%20_blank|\u00bb css=\u00bb.vc_custom_1722353565488{margin-bottom: 20px !important;}\u00bb]<span style=\"color: #333300;\"><strong><a style=\"color: #333300;\">Formulario Informe aprobado Excel RdC2021<\/a><\/strong><\/span>[\/gsf_call_to_action][gsf_call_to_action title=\u00bbDescargar documento\u00bb style=\u00bb3d\u00bb size=\u00bbxs\u00bb link=\u00bburl:https%3A%2F%2Fwww.manabi.gob.ec%2Fwp-content%2Fuploads%2F2024%2F07%2FCONVOCATORIA-DELIBERACION-PUBLICA.jpeg||target:%20_blank|\u00bb css=\u00bb.vc_custom_1722353343598{margin-bottom: 20px !important;}\u00bb]<span style=\"color: #333300;\"><strong><a style=\"color: #333300;\">Convocatoria de Deliberaci\u00f3n P\u00fablica<\/a><\/strong><\/span>[\/gsf_call_to_action][gsf_call_to_action title=\u00bbDescargar documento\u00bb style=\u00bb3d\u00bb size=\u00bbxs\u00bb link=\u00bburl:https%3A%2F%2Fwww.manabi.gob.ec%2Fwp-content%2Fuploads%2F2024%2F07%2FActa-Sugerencias-y-Recomendaciones-RdC-2021.pdf||target:%20_blank|\u00bb css=\u00bb.vc_custom_1722351582753{margin-bottom: 20px !important;}\u00bb]<span style=\"color: #333300;\"><strong><a style=\"color: #333300;\">Acta de Sugerencias y Recomendaciones RdC2021<\/a><\/strong><\/span>[\/gsf_call_to_action][gsf_call_to_action title=\u00bbDescargar documento\u00bb style=\u00bb3d\u00bb size=\u00bbxs\u00bb link=\u00bburl:https%3A%2F%2Fwww.manabi.gob.ec%2Fwp-content%2Fuploads%2F2024%2F07%2FActa-de-conformacion-mixta.pdf||target:%20_blank|\u00bb css=\u00bb.vc_custom_1722351430000{margin-bottom: 20px !important;}\u00bb]<span style=\"color: #333300;\"><strong><a style=\"color: #333300;\">Acta de Conformaci\u00f3n mixta<\/a><\/strong><\/span>[\/gsf_call_to_action][gsf_call_to_action title=\u00bbDescargar documento\u00bb style=\u00bb3d\u00bb size=\u00bbxs\u00bb link=\u00bburl:https%3A%2F%2Fwww.manabi.gob.ec%2Fwp-content%2Fuploads%2F2024%2F07%2FInforme-narrativo-aprobado-RdC2021.pdf||target:%20_blank|\u00bb css=\u00bb.vc_custom_1722459992925{margin-bottom: 20px !important;}\u00bb]<span style=\"color: #333300;\"><strong><a style=\"color: #333300;\">Informe narrativo preliminar del proceso de Rendici\u00f3n de Cuentas del Gobierno Provincial de Manab\u00ed del per\u00edodo 2021<\/a><\/strong><\/span>[\/gsf_call_to_action][gsf_call_to_action title=\u00bbDescargar documento\u00bb style=\u00bb3d\u00bb size=\u00bbxs\u00bb link=\u00bburl:https%3A%2F%2Fwww.manabi.gob.ec%2Fwp-content%2Fuploads%2F2022%2F04%2FRespuesta-a-preguntas-ciudadanas-del-proceso-de-Rendicion-de-Cuentas-GPM-2021.pdf||target:%20_blank|\u00bb css=\u00bb.vc_custom_1651155528695{margin-bottom: 20px !important;}\u00bb]<span style=\"color: #333300;\"><strong><a style=\"color: #333300;\">Respuesta a preguntas ciudadanas del proceso de Rendici\u00f3n de Cuentas del Gobierno Provincial de Manab\u00ed del per\u00edodo 2021<\/a><\/strong><\/span>[\/gsf_call_to_action][gsf_call_to_action title=\u00bbDescargar documento\u00bb style=\u00bb3d\u00bb size=\u00bbxs\u00bb link=\u00bburl:https%3A%2F%2Fwww.manabi.gob.ec%2Fwp-content%2Fuploads%2F2022%2F04%2FInfomre-Preliminar-de-Rendicion-de-Cuentas-2021-%E2%80%93-Manabi-Construye-signed.pdf||target:%20_blank|\u00bb css=\u00bb.vc_custom_1651093821461{margin-bottom: 20px !important;}\u00bb]<span style=\"color: #333300;\"><strong><a style=\"color: #333300;\">Informe Preliminar de Rendicion de Cuentas 2021 \u2013 Manabi Construye<\/a><\/strong><\/span>[\/gsf_call_to_action][gsf_call_to_action title=\u00bbDescargar documento\u00bb style=\u00bb3d\u00bb size=\u00bbxs\u00bb link=\u00bburl:https%3A%2F%2Fwww.manabi.gob.ec%2Fwp-content%2Fuploads%2F2022%2F04%2FFormulario-de-Rendicion-de-Cuentas-2021-%E2%80%93-Manabi-Construye.pdf||target:%20_blank|\u00bb css=\u00bb.vc_custom_1651093709978{margin-bottom: 20px !important;}\u00bb]<span style=\"color: #333300;\"><strong><a style=\"color: #333300;\">Formulario de Rendici\u00f3n de Cuentas 2021 \u2013 Manabi Construye<\/a><\/strong><\/span>[\/gsf_call_to_action][gsf_call_to_action title=\u00bbDescargar documento\u00bb style=\u00bb3d\u00bb size=\u00bbxs\u00bb link=\u00bburl:https%3A%2F%2Fwww.manabi.gob.ec%2Fwp-content%2Fuploads%2F2024%2F07%2Fplan-de-trabajo-de-leonardo-orlando-FIRMADO.pdf||target:%20_blank|\u00bb css=\u00bb.vc_custom_1722371518879{margin-bottom: 20px !important;}\u00bb]<span style=\"color: #333300;\"><strong><a style=\"color: #333300;\">Plan de Gobierno<\/a><\/strong><\/span>[\/gsf_call_to_action][\/vc_column][\/vc_row]<\/p>\n","protected":false},"excerpt":{"rendered":"<p>[vc_row gap=\u00bb25&#8243; css=\u00bb.vc_custom_1621009670807{border-left-width: 2px !important;border-left-color: #cecece !important;border-left-style: solid !important;}\u00bb][vc_column][gsf_space desktop=\u00bb90&#8243; tablet=\u00bb70&#8243; tablet_portrait=\u00bb60&#8243; mobile_landscape=\u00bb50&#8243; mobile=\u00bb40&#8243;][vc_column_text] Documentos [\/vc_column_text][gsf_call_to_action title=\u00bbDescargar documento\u00bb style=\u00bb3d\u00bb size=\u00bbxs\u00bb link=\u00bburl:https%3A%2F%2Fwww.manabi.gob.ec%2Fwp-content%2Fuploads%2F2024%2F07%2FViceprefecta-2021.pdf||target:%20_blank|\u00bb css=\u00bb.vc_custom_1722354473836{margin-bottom: 20px !important;}\u00bb]Viceprefecta 2021[\/gsf_call_to_action][gsf_call_to_action title=\u00bbDescargar documento\u00bb style=\u00bb3d\u00bb size=\u00bbxs\u00bb link=\u00bburl:https%3A%2F%2Fwww.manabi.gob.ec%2Fwp-content%2Fuploads%2F2024%2F07%2FPrefecto-2021.pdf||target:%20_blank|\u00bb css=\u00bb.vc_custom_1722354375200{margin-bottom: 20px !important;}\u00bb]Prefecto 2021[\/gsf_call_to_action][gsf_call_to_action title=\u00bbDescargar documento\u00bb style=\u00bb3d\u00bb size=\u00bbxs\u00bb link=\u00bburl:https%3A%2F%2Fwww.manabi.gob.ec%2Fwp-content%2Fuploads%2F2024%2F07%2FOficio-de-entrega-de-informes.pdf||target:%20_blank|\u00bb css=\u00bb.vc_custom_1722354263794{margin-bottom: 20px !important;}\u00bb]Oficio de entrega de informes[\/gsf_call_to_action][gsf_call_to_action title=\u00bbDescargar documento\u00bb style=\u00bb3d\u00bb size=\u00bbxs\u00bb link=\u00bburl:https%3A%2F%2Fwww.manabi.gob.ec%2Fwp-content%2Fuploads%2F2024%2F07%2FOficio-Ciudadano.pdf||target:%20_blank|\u00bb css=\u00bb.vc_custom_1722354129795{margin-bottom: 20px !important;}\u00bb]Oficio Ciudadano[\/gsf_call_to_action][gsf_call_to_action [&hellip;]<\/p>\n","protected":false},"author":1,"featured_media":0,"parent":0,"menu_order":0,"comment_status":"closed","ping_status":"closed","template":"","meta":{"_joinchat":[],"footnotes":""},"class_list":["post-19909","page","type-page","status-publish","hentry"],"yoast_head":"<!-- This site is optimized with the Yoast SEO plugin v26.9 - https:\/\/yoast.com\/product\/yoast-seo-wordpress\/ -->\n<title>Rendici\u00f3n de Cuentas 2021 - Prefectura de Manab\u00ed<\/title>\n<meta name=\"robots\" content=\"index, follow, max-snippet:-1, max-image-preview:large, max-video-preview:-1\" \/>\n<link rel=\"canonical\" href=\"https:\/\/www.manabi.gob.ec\/index.php\/rendicion-de-cuentas-2021\/\" \/>\n<meta property=\"og:locale\" content=\"es_ES\" \/>\n<meta property=\"og:type\" content=\"article\" \/>\n<meta property=\"og:title\" content=\"Rendici\u00f3n de Cuentas 2021 - Prefectura de Manab\u00ed\" \/>\n<meta property=\"og:description\" content=\"[vc_row gap=\u00bb25&#8243; css=\u00bb.vc_custom_1621009670807{border-left-width: 2px !important;border-left-color: #cecece !important;border-left-style: solid !important;}\u00bb][vc_column][gsf_space desktop=\u00bb90&#8243; tablet=\u00bb70&#8243; tablet_portrait=\u00bb60&#8243; mobile_landscape=\u00bb50&#8243; mobile=\u00bb40&#8243;][vc_column_text] Documentos [\/vc_column_text][gsf_call_to_action title=\u00bbDescargar documento\u00bb style=\u00bb3d\u00bb size=\u00bbxs\u00bb link=\u00bburl:https%3A%2F%2Fwww.manabi.gob.ec%2Fwp-content%2Fuploads%2F2024%2F07%2FViceprefecta-2021.pdf||target:%20_blank|\u00bb css=\u00bb.vc_custom_1722354473836{margin-bottom: 20px !important;}\u00bb]Viceprefecta 2021[\/gsf_call_to_action][gsf_call_to_action title=\u00bbDescargar documento\u00bb style=\u00bb3d\u00bb size=\u00bbxs\u00bb link=\u00bburl:https%3A%2F%2Fwww.manabi.gob.ec%2Fwp-content%2Fuploads%2F2024%2F07%2FPrefecto-2021.pdf||target:%20_blank|\u00bb css=\u00bb.vc_custom_1722354375200{margin-bottom: 20px !important;}\u00bb]Prefecto 2021[\/gsf_call_to_action][gsf_call_to_action title=\u00bbDescargar documento\u00bb style=\u00bb3d\u00bb size=\u00bbxs\u00bb link=\u00bburl:https%3A%2F%2Fwww.manabi.gob.ec%2Fwp-content%2Fuploads%2F2024%2F07%2FOficio-de-entrega-de-informes.pdf||target:%20_blank|\u00bb css=\u00bb.vc_custom_1722354263794{margin-bottom: 20px !important;}\u00bb]Oficio de entrega de informes[\/gsf_call_to_action][gsf_call_to_action title=\u00bbDescargar documento\u00bb style=\u00bb3d\u00bb size=\u00bbxs\u00bb link=\u00bburl:https%3A%2F%2Fwww.manabi.gob.ec%2Fwp-content%2Fuploads%2F2024%2F07%2FOficio-Ciudadano.pdf||target:%20_blank|\u00bb css=\u00bb.vc_custom_1722354129795{margin-bottom: 20px !important;}\u00bb]Oficio Ciudadano[\/gsf_call_to_action][gsf_call_to_action [&hellip;]\" \/>\n<meta property=\"og:url\" content=\"https:\/\/www.manabi.gob.ec\/index.php\/rendicion-de-cuentas-2021\/\" \/>\n<meta property=\"og:site_name\" content=\"Prefectura de Manab\u00ed\" \/>\n<meta property=\"article:modified_time\" content=\"2024-07-31T21:10:15+00:00\" \/>\n<meta name=\"twitter:card\" content=\"summary_large_image\" \/>\n<meta name=\"twitter:label1\" content=\"Tiempo de lectura\" \/>\n\t<meta name=\"twitter:data1\" content=\"2 minutos\" \/>\n<script type=\"application\/ld+json\" class=\"yoast-schema-graph\">{\"@context\":\"https:\/\/schema.org\",\"@graph\":[{\"@type\":\"WebPage\",\"@id\":\"https:\/\/www.manabi.gob.ec\/index.php\/rendicion-de-cuentas-2021\/\",\"url\":\"https:\/\/www.manabi.gob.ec\/index.php\/rendicion-de-cuentas-2021\/\",\"name\":\"Rendici\u00f3n de Cuentas 2021 - Prefectura de Manab\u00ed\",\"isPartOf\":{\"@id\":\"https:\/\/www.manabi.gob.ec\/#website\"},\"datePublished\":\"2022-03-25T22:19:50+00:00\",\"dateModified\":\"2024-07-31T21:10:15+00:00\",\"breadcrumb\":{\"@id\":\"https:\/\/www.manabi.gob.ec\/index.php\/rendicion-de-cuentas-2021\/#breadcrumb\"},\"inLanguage\":\"es\",\"potentialAction\":[{\"@type\":\"ReadAction\",\"target\":[\"https:\/\/www.manabi.gob.ec\/index.php\/rendicion-de-cuentas-2021\/\"]}]},{\"@type\":\"BreadcrumbList\",\"@id\":\"https:\/\/www.manabi.gob.ec\/index.php\/rendicion-de-cuentas-2021\/#breadcrumb\",\"itemListElement\":[{\"@type\":\"ListItem\",\"position\":1,\"name\":\"Portada\",\"item\":\"https:\/\/www.manabi.gob.ec\/\"},{\"@type\":\"ListItem\",\"position\":2,\"name\":\"Rendici\u00f3n de Cuentas 2021\"}]},{\"@type\":\"WebSite\",\"@id\":\"https:\/\/www.manabi.gob.ec\/#website\",\"url\":\"https:\/\/www.manabi.gob.ec\/\",\"name\":\"Prefectura de Manab\u00ed\",\"description\":\"P\u00e1gina web de la prefectura\",\"potentialAction\":[{\"@type\":\"SearchAction\",\"target\":{\"@type\":\"EntryPoint\",\"urlTemplate\":\"https:\/\/www.manabi.gob.ec\/?s={search_term_string}\"},\"query-input\":{\"@type\":\"PropertyValueSpecification\",\"valueRequired\":true,\"valueName\":\"search_term_string\"}}],\"inLanguage\":\"es\"}]}<\/script>\n<!-- \/ Yoast SEO plugin. -->","yoast_head_json":{"title":"Rendici\u00f3n de Cuentas 2021 - Prefectura de Manab\u00ed","robots":{"index":"index","follow":"follow","max-snippet":"max-snippet:-1","max-image-preview":"max-image-preview:large","max-video-preview":"max-video-preview:-1"},"canonical":"https:\/\/www.manabi.gob.ec\/index.php\/rendicion-de-cuentas-2021\/","og_locale":"es_ES","og_type":"article","og_title":"Rendici\u00f3n de Cuentas 2021 - Prefectura de Manab\u00ed","og_description":"[vc_row gap=\u00bb25&#8243; css=\u00bb.vc_custom_1621009670807{border-left-width: 2px !important;border-left-color: #cecece !important;border-left-style: solid !important;}\u00bb][vc_column][gsf_space desktop=\u00bb90&#8243; tablet=\u00bb70&#8243; tablet_portrait=\u00bb60&#8243; mobile_landscape=\u00bb50&#8243; mobile=\u00bb40&#8243;][vc_column_text] Documentos [\/vc_column_text][gsf_call_to_action title=\u00bbDescargar documento\u00bb style=\u00bb3d\u00bb size=\u00bbxs\u00bb link=\u00bburl:https%3A%2F%2Fwww.manabi.gob.ec%2Fwp-content%2Fuploads%2F2024%2F07%2FViceprefecta-2021.pdf||target:%20_blank|\u00bb css=\u00bb.vc_custom_1722354473836{margin-bottom: 20px !important;}\u00bb]Viceprefecta 2021[\/gsf_call_to_action][gsf_call_to_action title=\u00bbDescargar documento\u00bb style=\u00bb3d\u00bb size=\u00bbxs\u00bb link=\u00bburl:https%3A%2F%2Fwww.manabi.gob.ec%2Fwp-content%2Fuploads%2F2024%2F07%2FPrefecto-2021.pdf||target:%20_blank|\u00bb css=\u00bb.vc_custom_1722354375200{margin-bottom: 20px !important;}\u00bb]Prefecto 2021[\/gsf_call_to_action][gsf_call_to_action title=\u00bbDescargar documento\u00bb style=\u00bb3d\u00bb size=\u00bbxs\u00bb link=\u00bburl:https%3A%2F%2Fwww.manabi.gob.ec%2Fwp-content%2Fuploads%2F2024%2F07%2FOficio-de-entrega-de-informes.pdf||target:%20_blank|\u00bb css=\u00bb.vc_custom_1722354263794{margin-bottom: 20px !important;}\u00bb]Oficio de entrega de informes[\/gsf_call_to_action][gsf_call_to_action title=\u00bbDescargar documento\u00bb style=\u00bb3d\u00bb size=\u00bbxs\u00bb link=\u00bburl:https%3A%2F%2Fwww.manabi.gob.ec%2Fwp-content%2Fuploads%2F2024%2F07%2FOficio-Ciudadano.pdf||target:%20_blank|\u00bb css=\u00bb.vc_custom_1722354129795{margin-bottom: 20px !important;}\u00bb]Oficio Ciudadano[\/gsf_call_to_action][gsf_call_to_action [&hellip;]","og_url":"https:\/\/www.manabi.gob.ec\/index.php\/rendicion-de-cuentas-2021\/","og_site_name":"Prefectura de Manab\u00ed","article_modified_time":"2024-07-31T21:10:15+00:00","twitter_card":"summary_large_image","twitter_misc":{"Tiempo de lectura":"2 minutos"},"schema":{"@context":"https:\/\/schema.org","@graph":[{"@type":"WebPage","@id":"https:\/\/www.manabi.gob.ec\/index.php\/rendicion-de-cuentas-2021\/","url":"https:\/\/www.manabi.gob.ec\/index.php\/rendicion-de-cuentas-2021\/","name":"Rendici\u00f3n de Cuentas 2021 - Prefectura de Manab\u00ed","isPartOf":{"@id":"https:\/\/www.manabi.gob.ec\/#website"},"datePublished":"2022-03-25T22:19:50+00:00","dateModified":"2024-07-31T21:10:15+00:00","breadcrumb":{"@id":"https:\/\/www.manabi.gob.ec\/index.php\/rendicion-de-cuentas-2021\/#breadcrumb"},"inLanguage":"es","potentialAction":[{"@type":"ReadAction","target":["https:\/\/www.manabi.gob.ec\/index.php\/rendicion-de-cuentas-2021\/"]}]},{"@type":"BreadcrumbList","@id":"https:\/\/www.manabi.gob.ec\/index.php\/rendicion-de-cuentas-2021\/#breadcrumb","itemListElement":[{"@type":"ListItem","position":1,"name":"Portada","item":"https:\/\/www.manabi.gob.ec\/"},{"@type":"ListItem","position":2,"name":"Rendici\u00f3n de Cuentas 2021"}]},{"@type":"WebSite","@id":"https:\/\/www.manabi.gob.ec\/#website","url":"https:\/\/www.manabi.gob.ec\/","name":"Prefectura de Manab\u00ed","description":"P\u00e1gina web de la prefectura","potentialAction":[{"@type":"SearchAction","target":{"@type":"EntryPoint","urlTemplate":"https:\/\/www.manabi.gob.ec\/?s={search_term_string}"},"query-input":{"@type":"PropertyValueSpecification","valueRequired":true,"valueName":"search_term_string"}}],"inLanguage":"es"}]}},"_links":{"self":[{"href":"https:\/\/www.manabi.gob.ec\/index.php\/wp-json\/wp\/v2\/pages\/19909","targetHints":{"allow":["GET"]}}],"collection":[{"href":"https:\/\/www.manabi.gob.ec\/index.php\/wp-json\/wp\/v2\/pages"}],"about":[{"href":"https:\/\/www.manabi.gob.ec\/index.php\/wp-json\/wp\/v2\/types\/page"}],"author":[{"embeddable":true,"href":"https:\/\/www.manabi.gob.ec\/index.php\/wp-json\/wp\/v2\/users\/1"}],"replies":[{"embeddable":true,"href":"https:\/\/www.manabi.gob.ec\/index.php\/wp-json\/wp\/v2\/comments?post=19909"}],"version-history":[{"count":31,"href":"https:\/\/www.manabi.gob.ec\/index.php\/wp-json\/wp\/v2\/pages\/19909\/revisions"}],"predecessor-version":[{"id":28575,"href":"https:\/\/www.manabi.gob.ec\/index.php\/wp-json\/wp\/v2\/pages\/19909\/revisions\/28575"}],"wp:attachment":[{"href":"https:\/\/www.manabi.gob.ec\/index.php\/wp-json\/wp\/v2\/media?parent=19909"}],"curies":[{"name":"wp","href":"https:\/\/api.w.org\/{rel}","templated":true}]}}