{"id":21667,"date":"2022-08-02T21:00:19","date_gmt":"2022-08-02T21:00:19","guid":{"rendered":"https:\/\/www.manabi.gob.ec\/?page_id=21667"},"modified":"2025-04-15T13:39:17","modified_gmt":"2025-04-15T13:39:17","slug":"catalogo-de-servicios-y-tramites-de-la-prefectura-de-manabi","status":"publish","type":"page","link":"https:\/\/www.manabi.gob.ec\/index.php\/catalogo-de-servicios-y-tramites-de-la-prefectura-de-manabi\/","title":{"rendered":"Cat\u00e1logo de Servicios y Tr\u00e1mites de la Prefectura de Manab\u00ed"},"content":{"rendered":"<p>[vc_row css=\u00bb.vc_custom_1630103050682{background-color: #f4f4f4 !important;}\u00bb][vc_column][vc_empty_space height=\u00bb102px\u00bb][\/vc_column][\/vc_row][vc_row color_skin=\u00bbskin-light\u00bb full_height=\u00bbyes\u00bb equal_height=\u00bbyes\u00bb parallax=\u00bbcontent-moving\u00bb css=\u00bb.vc_custom_1659474191602{background-color: #f4f4f4 !important;background-position: center;background-repeat: no-repeat;background-size:cover;}\u00bb][vc_column color_skin=\u00bbskin-light\u00bb width=\u00bb1\/4&#8243; css=\u00bb.vc_custom_1629243021998{border-right-width: 2px !important;background-color: #f4f4f4 !important;border-right-color: #cecece !important;border-right-style: solid !important;}\u00bb][gsf_icon_box icon_font=\u00bbfa fa-file-pdf-o\u00bb box_shadow_hover=\u00bb\u00bb link=\u00bburl:https%3A%2F%2Fwww.manabi.gob.ec%2Fwp-content%2Fuploads%2F2021%2F08%2FPDOT_Manabi_2021-2030_Borrador.pdf|||\u00bb icon_size=\u00bbicon-large\u00bb icon_align=\u00bbalign-top-left\u00bb][gsf_heading sub_title=\u00bb\u00bb]<\/p>\n<h5><strong class=\"uppercase\">Cat\u00e1logo de Tr\u00e1mites de la Prefectura de Manab\u00ed<br \/>\n<\/strong><\/h5>\n<p>[\/gsf_heading][gsf_button title=\u00bbDescargar PDF\u00bb link=\u00bburl:https%3A%2F%2Fwww.manabi.gob.ec%2Fwp-content%2Fuploads%2F2025%2F04%2FCatalogo-de-tramites-Febrero-2025-original-signed-signed-signed-signed.pdf|||\u00bb][gsf_space desktop=\u00bb15&#8243; tablet=\u00bb70&#8243; tablet_portrait=\u00bb60&#8243; mobile_landscape=\u00bb15&#8243; mobile=\u00bb15&#8243;][gsf_button title=\u00bbDescargar CSV\u00bb link=\u00bburl:https%3A%2F%2Fwww.manabi.gob.ec%2Fwp-content%2Fuploads%2F2025%2F02%2FCatalogos-de-Tramites.csv|||\u00bb][\/vc_column][vc_column width=\u00bb3\/4&#8243; css=\u00bb.vc_custom_1622148120192{background-position: center !important;background-repeat: no-repeat !important;background-size: cover !important;}\u00bb offset=\u00bbvc_col-xs-12&#8243;][vc_raw_html]JTVCZGZsaXAlMjBpZCUzRCUyMjMwMDA5JTIyJTVEJTVCJTJGZGZsaXAlNUQ=[\/vc_raw_html][\/vc_column][\/vc_row][vc_row css=\u00bb.vc_custom_1622148209970{background-color: #f4f4f4 !important;}\u00bb][vc_column][vc_empty_space height=\u00bb102px\u00bb][\/vc_column][\/vc_row][vc_row color_skin=\u00bbskin-light\u00bb full_height=\u00bbyes\u00bb equal_height=\u00bbyes\u00bb parallax=\u00bbcontent-moving\u00bb css=\u00bb.vc_custom_1659474191602{background-color: #f4f4f4 !important;background-position: center;background-repeat: no-repeat;background-size:cover;}\u00bb][vc_column color_skin=\u00bbskin-light\u00bb width=\u00bb1\/4&#8243; css=\u00bb.vc_custom_1629243021998{border-right-width: 2px !important;background-color: #f4f4f4 !important;border-right-color: #cecece !important;border-right-style: solid !important;}\u00bb][gsf_icon_box icon_font=\u00bbfa fa-file-pdf-o\u00bb box_shadow_hover=\u00bb\u00bb link=\u00bburl:https%3A%2F%2Fwww.manabi.gob.ec%2Fwp-content%2Fuploads%2F2021%2F08%2FPDOT_Manabi_2021-2030_Borrador.pdf|||\u00bb icon_size=\u00bbicon-large\u00bb icon_align=\u00bbalign-top-left\u00bb][gsf_heading sub_title=\u00bb\u00bb]<\/p>\n<h5><strong class=\"uppercase\">Cat\u00e1logo de servicios de la Prefectura de Manab\u00ed<br \/>\n<\/strong><\/h5>\n<p>[\/gsf_heading][gsf_button title=\u00bbDescargar PDF\u00bb el_class=\u00bb\u00bb link=\u00bburl:https%3A%2F%2Fwww.manabi.gob.ec%2Fwp-content%2Fuploads%2F2025%2F04%2FCatalogo-servicio-Febrero-2025-original-signed-signed-signed-signed-1.pdf|||\u00bb][gsf_space desktop=\u00bb15&#8243; tablet=\u00bb70&#8243; tablet_portrait=\u00bb60&#8243; mobile_landscape=\u00bb15&#8243; mobile=\u00bb15&#8243;][gsf_button title=\u00bbDescargar CSV\u00bb link=\u00bburl:https%3A%2F%2Fwww.manabi.gob.ec%2Fwp-content%2Fuploads%2F2025%2F02%2FCatalogos-de-Servicios.csv|||\u00bb][\/vc_column][vc_column width=\u00bb3\/4&#8243; css=\u00bb.vc_custom_1622148120192{background-position: center !important;background-repeat: no-repeat !important;background-size: cover !important;}\u00bb offset=\u00bbvc_col-xs-12&#8243;][vc_raw_html]JTVCZGZsaXAlMjBpZCUzRCUyMjMwMDEzJTIyJTVEJTVCJTJGZGZsaXAlNUQ=[\/vc_raw_html][\/vc_column][\/vc_row][vc_row css=\u00bb.vc_custom_1622148209970{background-color: #f4f4f4 !important;}\u00bb][vc_column][vc_empty_space height=\u00bb102px\u00bb][\/vc_column][\/vc_row][vc_row][vc_column width=\u00bb1\/3&#8243;][\/vc_column][vc_column width=\u00bb1\/3&#8243;][\/vc_column][vc_column width=\u00bb1\/3&#8243;][\/vc_column][\/vc_row]<\/p>\n","protected":false},"excerpt":{"rendered":"<p>[vc_row css=\u00bb.vc_custom_1630103050682{background-color: #f4f4f4 !important;}\u00bb][vc_column][vc_empty_space height=\u00bb102px\u00bb][\/vc_column][\/vc_row][vc_row color_skin=\u00bbskin-light\u00bb full_height=\u00bbyes\u00bb equal_height=\u00bbyes\u00bb parallax=\u00bbcontent-moving\u00bb css=\u00bb.vc_custom_1659474191602{background-color: #f4f4f4 !important;background-position: center;background-repeat: no-repeat;background-size:cover;}\u00bb][vc_column color_skin=\u00bbskin-light\u00bb width=\u00bb1\/4&#8243; css=\u00bb.vc_custom_1629243021998{border-right-width: 2px !important;background-color: #f4f4f4 !important;border-right-color: #cecece !important;border-right-style: solid !important;}\u00bb][gsf_icon_box icon_font=\u00bbfa fa-file-pdf-o\u00bb box_shadow_hover=\u00bb\u00bb link=\u00bburl:https%3A%2F%2Fwww.manabi.gob.ec%2Fwp-content%2Fuploads%2F2021%2F08%2FPDOT_Manabi_2021-2030_Borrador.pdf|||\u00bb icon_size=\u00bbicon-large\u00bb icon_align=\u00bbalign-top-left\u00bb][gsf_heading sub_title=\u00bb\u00bb] Cat\u00e1logo de Tr\u00e1mites de la Prefectura de Manab\u00ed [\/gsf_heading][gsf_button title=\u00bbDescargar PDF\u00bb link=\u00bburl:https%3A%2F%2Fwww.manabi.gob.ec%2Fwp-content%2Fuploads%2F2025%2F04%2FCatalogo-de-tramites-Febrero-2025-original-signed-signed-signed-signed.pdf|||\u00bb][gsf_space desktop=\u00bb15&#8243; tablet=\u00bb70&#8243; tablet_portrait=\u00bb60&#8243; mobile_landscape=\u00bb15&#8243; mobile=\u00bb15&#8243;][gsf_button title=\u00bbDescargar CSV\u00bb link=\u00bburl:https%3A%2F%2Fwww.manabi.gob.ec%2Fwp-content%2Fuploads%2F2025%2F02%2FCatalogos-de-Tramites.csv|||\u00bb][\/vc_column][vc_column width=\u00bb3\/4&#8243; css=\u00bb.vc_custom_1622148120192{background-position: center [&hellip;]<\/p>\n","protected":false},"author":1,"featured_media":0,"parent":0,"menu_order":0,"comment_status":"closed","ping_status":"closed","template":"","meta":{"_joinchat":[],"footnotes":""},"class_list":["post-21667","page","type-page","status-publish","hentry"],"yoast_head":"<!-- This site is optimized with the Yoast SEO plugin v27.4 - https:\/\/yoast.com\/product\/yoast-seo-wordpress\/ -->\n<title>Cat\u00e1logo de Servicios y Tr\u00e1mites de la Prefectura de Manab\u00ed - Prefectura de Manab\u00ed<\/title>\n<meta name=\"robots\" content=\"index, follow, max-snippet:-1, max-image-preview:large, max-video-preview:-1\" \/>\n<link rel=\"canonical\" href=\"https:\/\/www.manabi.gob.ec\/index.php\/catalogo-de-servicios-y-tramites-de-la-prefectura-de-manabi\/\" \/>\n<meta property=\"og:locale\" content=\"es_ES\" \/>\n<meta property=\"og:type\" content=\"article\" \/>\n<meta property=\"og:title\" content=\"Cat\u00e1logo de Servicios y Tr\u00e1mites de la Prefectura de Manab\u00ed - Prefectura de Manab\u00ed\" \/>\n<meta property=\"og:description\" content=\"[vc_row css=\u00bb.vc_custom_1630103050682{background-color: #f4f4f4 !important;}\u00bb][vc_column][vc_empty_space height=\u00bb102px\u00bb][\/vc_column][\/vc_row][vc_row color_skin=\u00bbskin-light\u00bb full_height=\u00bbyes\u00bb equal_height=\u00bbyes\u00bb parallax=\u00bbcontent-moving\u00bb css=\u00bb.vc_custom_1659474191602{background-color: #f4f4f4 !important;background-position: center;background-repeat: no-repeat;background-size:cover;}\u00bb][vc_column color_skin=\u00bbskin-light\u00bb width=\u00bb1\/4&#8243; css=\u00bb.vc_custom_1629243021998{border-right-width: 2px !important;background-color: #f4f4f4 !important;border-right-color: #cecece !important;border-right-style: solid !important;}\u00bb][gsf_icon_box icon_font=\u00bbfa fa-file-pdf-o\u00bb box_shadow_hover=\u00bb\u00bb link=\u00bburl:https%3A%2F%2Fwww.manabi.gob.ec%2Fwp-content%2Fuploads%2F2021%2F08%2FPDOT_Manabi_2021-2030_Borrador.pdf|||\u00bb icon_size=\u00bbicon-large\u00bb icon_align=\u00bbalign-top-left\u00bb][gsf_heading sub_title=\u00bb\u00bb] Cat\u00e1logo de Tr\u00e1mites de la Prefectura de Manab\u00ed [\/gsf_heading][gsf_button title=\u00bbDescargar PDF\u00bb link=\u00bburl:https%3A%2F%2Fwww.manabi.gob.ec%2Fwp-content%2Fuploads%2F2025%2F04%2FCatalogo-de-tramites-Febrero-2025-original-signed-signed-signed-signed.pdf|||\u00bb][gsf_space desktop=\u00bb15&#8243; tablet=\u00bb70&#8243; tablet_portrait=\u00bb60&#8243; mobile_landscape=\u00bb15&#8243; mobile=\u00bb15&#8243;][gsf_button title=\u00bbDescargar CSV\u00bb link=\u00bburl:https%3A%2F%2Fwww.manabi.gob.ec%2Fwp-content%2Fuploads%2F2025%2F02%2FCatalogos-de-Tramites.csv|||\u00bb][\/vc_column][vc_column width=\u00bb3\/4&#8243; css=\u00bb.vc_custom_1622148120192{background-position: center [&hellip;]\" \/>\n<meta property=\"og:url\" content=\"https:\/\/www.manabi.gob.ec\/index.php\/catalogo-de-servicios-y-tramites-de-la-prefectura-de-manabi\/\" \/>\n<meta property=\"og:site_name\" content=\"Prefectura de Manab\u00ed\" \/>\n<meta property=\"article:modified_time\" content=\"2025-04-15T13:39:17+00:00\" \/>\n<meta name=\"twitter:card\" content=\"summary_large_image\" \/>\n<meta name=\"twitter:label1\" content=\"Tiempo de lectura\" \/>\n\t<meta name=\"twitter:data1\" content=\"1 minuto\" \/>\n<script type=\"application\/ld+json\" class=\"yoast-schema-graph\">{\"@context\":\"https:\\\/\\\/schema.org\",\"@graph\":[{\"@type\":\"WebPage\",\"@id\":\"https:\\\/\\\/www.manabi.gob.ec\\\/index.php\\\/catalogo-de-servicios-y-tramites-de-la-prefectura-de-manabi\\\/\",\"url\":\"https:\\\/\\\/www.manabi.gob.ec\\\/index.php\\\/catalogo-de-servicios-y-tramites-de-la-prefectura-de-manabi\\\/\",\"name\":\"Cat\u00e1logo de Servicios y Tr\u00e1mites de la Prefectura de Manab\u00ed - Prefectura de Manab\u00ed\",\"isPartOf\":{\"@id\":\"https:\\\/\\\/www.manabi.gob.ec\\\/#website\"},\"datePublished\":\"2022-08-02T21:00:19+00:00\",\"dateModified\":\"2025-04-15T13:39:17+00:00\",\"breadcrumb\":{\"@id\":\"https:\\\/\\\/www.manabi.gob.ec\\\/index.php\\\/catalogo-de-servicios-y-tramites-de-la-prefectura-de-manabi\\\/#breadcrumb\"},\"inLanguage\":\"es\",\"potentialAction\":[{\"@type\":\"ReadAction\",\"target\":[\"https:\\\/\\\/www.manabi.gob.ec\\\/index.php\\\/catalogo-de-servicios-y-tramites-de-la-prefectura-de-manabi\\\/\"]}]},{\"@type\":\"BreadcrumbList\",\"@id\":\"https:\\\/\\\/www.manabi.gob.ec\\\/index.php\\\/catalogo-de-servicios-y-tramites-de-la-prefectura-de-manabi\\\/#breadcrumb\",\"itemListElement\":[{\"@type\":\"ListItem\",\"position\":1,\"name\":\"Portada\",\"item\":\"https:\\\/\\\/www.manabi.gob.ec\\\/\"},{\"@type\":\"ListItem\",\"position\":2,\"name\":\"Cat\u00e1logo de Servicios y Tr\u00e1mites de la Prefectura de Manab\u00ed\"}]},{\"@type\":\"WebSite\",\"@id\":\"https:\\\/\\\/www.manabi.gob.ec\\\/#website\",\"url\":\"https:\\\/\\\/www.manabi.gob.ec\\\/\",\"name\":\"Prefectura de Manab\u00ed\",\"description\":\"P\u00e1gina web de la prefectura\",\"potentialAction\":[{\"@type\":\"SearchAction\",\"target\":{\"@type\":\"EntryPoint\",\"urlTemplate\":\"https:\\\/\\\/www.manabi.gob.ec\\\/?s={search_term_string}\"},\"query-input\":{\"@type\":\"PropertyValueSpecification\",\"valueRequired\":true,\"valueName\":\"search_term_string\"}}],\"inLanguage\":\"es\"}]}<\/script>\n<!-- \/ Yoast SEO plugin. -->","yoast_head_json":{"title":"Cat\u00e1logo de Servicios y Tr\u00e1mites de la Prefectura de Manab\u00ed - Prefectura de Manab\u00ed","robots":{"index":"index","follow":"follow","max-snippet":"max-snippet:-1","max-image-preview":"max-image-preview:large","max-video-preview":"max-video-preview:-1"},"canonical":"https:\/\/www.manabi.gob.ec\/index.php\/catalogo-de-servicios-y-tramites-de-la-prefectura-de-manabi\/","og_locale":"es_ES","og_type":"article","og_title":"Cat\u00e1logo de Servicios y Tr\u00e1mites de la Prefectura de Manab\u00ed - Prefectura de Manab\u00ed","og_description":"[vc_row css=\u00bb.vc_custom_1630103050682{background-color: #f4f4f4 !important;}\u00bb][vc_column][vc_empty_space height=\u00bb102px\u00bb][\/vc_column][\/vc_row][vc_row color_skin=\u00bbskin-light\u00bb full_height=\u00bbyes\u00bb equal_height=\u00bbyes\u00bb parallax=\u00bbcontent-moving\u00bb css=\u00bb.vc_custom_1659474191602{background-color: #f4f4f4 !important;background-position: center;background-repeat: no-repeat;background-size:cover;}\u00bb][vc_column color_skin=\u00bbskin-light\u00bb width=\u00bb1\/4&#8243; css=\u00bb.vc_custom_1629243021998{border-right-width: 2px !important;background-color: #f4f4f4 !important;border-right-color: #cecece !important;border-right-style: solid !important;}\u00bb][gsf_icon_box icon_font=\u00bbfa fa-file-pdf-o\u00bb box_shadow_hover=\u00bb\u00bb link=\u00bburl:https%3A%2F%2Fwww.manabi.gob.ec%2Fwp-content%2Fuploads%2F2021%2F08%2FPDOT_Manabi_2021-2030_Borrador.pdf|||\u00bb icon_size=\u00bbicon-large\u00bb icon_align=\u00bbalign-top-left\u00bb][gsf_heading sub_title=\u00bb\u00bb] Cat\u00e1logo de Tr\u00e1mites de la Prefectura de Manab\u00ed [\/gsf_heading][gsf_button title=\u00bbDescargar PDF\u00bb link=\u00bburl:https%3A%2F%2Fwww.manabi.gob.ec%2Fwp-content%2Fuploads%2F2025%2F04%2FCatalogo-de-tramites-Febrero-2025-original-signed-signed-signed-signed.pdf|||\u00bb][gsf_space desktop=\u00bb15&#8243; tablet=\u00bb70&#8243; tablet_portrait=\u00bb60&#8243; mobile_landscape=\u00bb15&#8243; mobile=\u00bb15&#8243;][gsf_button title=\u00bbDescargar CSV\u00bb link=\u00bburl:https%3A%2F%2Fwww.manabi.gob.ec%2Fwp-content%2Fuploads%2F2025%2F02%2FCatalogos-de-Tramites.csv|||\u00bb][\/vc_column][vc_column width=\u00bb3\/4&#8243; css=\u00bb.vc_custom_1622148120192{background-position: center [&hellip;]","og_url":"https:\/\/www.manabi.gob.ec\/index.php\/catalogo-de-servicios-y-tramites-de-la-prefectura-de-manabi\/","og_site_name":"Prefectura de Manab\u00ed","article_modified_time":"2025-04-15T13:39:17+00:00","twitter_card":"summary_large_image","twitter_misc":{"Tiempo de lectura":"1 minuto"},"schema":{"@context":"https:\/\/schema.org","@graph":[{"@type":"WebPage","@id":"https:\/\/www.manabi.gob.ec\/index.php\/catalogo-de-servicios-y-tramites-de-la-prefectura-de-manabi\/","url":"https:\/\/www.manabi.gob.ec\/index.php\/catalogo-de-servicios-y-tramites-de-la-prefectura-de-manabi\/","name":"Cat\u00e1logo de Servicios y Tr\u00e1mites de la Prefectura de Manab\u00ed - Prefectura de Manab\u00ed","isPartOf":{"@id":"https:\/\/www.manabi.gob.ec\/#website"},"datePublished":"2022-08-02T21:00:19+00:00","dateModified":"2025-04-15T13:39:17+00:00","breadcrumb":{"@id":"https:\/\/www.manabi.gob.ec\/index.php\/catalogo-de-servicios-y-tramites-de-la-prefectura-de-manabi\/#breadcrumb"},"inLanguage":"es","potentialAction":[{"@type":"ReadAction","target":["https:\/\/www.manabi.gob.ec\/index.php\/catalogo-de-servicios-y-tramites-de-la-prefectura-de-manabi\/"]}]},{"@type":"BreadcrumbList","@id":"https:\/\/www.manabi.gob.ec\/index.php\/catalogo-de-servicios-y-tramites-de-la-prefectura-de-manabi\/#breadcrumb","itemListElement":[{"@type":"ListItem","position":1,"name":"Portada","item":"https:\/\/www.manabi.gob.ec\/"},{"@type":"ListItem","position":2,"name":"Cat\u00e1logo de Servicios y Tr\u00e1mites de la Prefectura de Manab\u00ed"}]},{"@type":"WebSite","@id":"https:\/\/www.manabi.gob.ec\/#website","url":"https:\/\/www.manabi.gob.ec\/","name":"Prefectura de Manab\u00ed","description":"P\u00e1gina web de la prefectura","potentialAction":[{"@type":"SearchAction","target":{"@type":"EntryPoint","urlTemplate":"https:\/\/www.manabi.gob.ec\/?s={search_term_string}"},"query-input":{"@type":"PropertyValueSpecification","valueRequired":true,"valueName":"search_term_string"}}],"inLanguage":"es"}]}},"_links":{"self":[{"href":"https:\/\/www.manabi.gob.ec\/index.php\/wp-json\/wp\/v2\/pages\/21667","targetHints":{"allow":["GET"]}}],"collection":[{"href":"https:\/\/www.manabi.gob.ec\/index.php\/wp-json\/wp\/v2\/pages"}],"about":[{"href":"https:\/\/www.manabi.gob.ec\/index.php\/wp-json\/wp\/v2\/types\/page"}],"author":[{"embeddable":true,"href":"https:\/\/www.manabi.gob.ec\/index.php\/wp-json\/wp\/v2\/users\/1"}],"replies":[{"embeddable":true,"href":"https:\/\/www.manabi.gob.ec\/index.php\/wp-json\/wp\/v2\/comments?post=21667"}],"version-history":[{"count":10,"href":"https:\/\/www.manabi.gob.ec\/index.php\/wp-json\/wp\/v2\/pages\/21667\/revisions"}],"predecessor-version":[{"id":30520,"href":"https:\/\/www.manabi.gob.ec\/index.php\/wp-json\/wp\/v2\/pages\/21667\/revisions\/30520"}],"wp:attachment":[{"href":"https:\/\/www.manabi.gob.ec\/index.php\/wp-json\/wp\/v2\/media?parent=21667"}],"curies":[{"name":"wp","href":"https:\/\/api.w.org\/{rel}","templated":true}]}}