{"id":22950,"date":"2022-11-29T21:24:34","date_gmt":"2022-11-29T21:24:34","guid":{"rendered":"https:\/\/www.manabi.gob.ec\/?page_id=22950"},"modified":"2026-01-22T19:52:36","modified_gmt":"2026-01-22T19:52:36","slug":"gestion-antisoborno-preguntas-frecuentes","status":"publish","type":"page","link":"https:\/\/www.manabi.gob.ec\/index.php\/gestion-antisoborno-preguntas-frecuentes\/","title":{"rendered":"Gesti\u00f3n Antisoborno &#8211; Preguntas Frecuentes"},"content":{"rendered":"<p>[vc_row color_skin=\u00bbskin-dark\u00bb bg_overlay_mode=\u00bbcolor\u00bb bg_overlay_color=\u00bbrgba(3,75,102,0.95)\u00bb css=\u00bb.vc_custom_1659391361993{background-image: url(http:\/\/www.manabi.gob.ec\/wp-content\/uploads\/2020\/06\/09abr.jpg?id=2823) !important;background-position: center !important;background-repeat: no-repeat !important;background-size: cover !important;}\u00bb][vc_column][gsf_space desktop=\u00bb75&#8243; tablet=\u00bb80&#8243; tablet_portrait=\u00bb70&#8243; mobile_landscape=\u00bb60&#8243; mobile=\u00bb60&#8243;][\/vc_column][vc_column width=\u00bb1\/3&#8243; offset=\u00bbvc_col-md-offset-1&#8243;][vc_column_text]<\/p>\n<h2 class=\"primary-font fs-40\" style=\"margin-top: 0px; letter-spacing: 0.02em; text-align: left;\">Sistema de Gesti\u00f3n<br \/>\n<span class=\"fw-light\">Antisoborno.<\/span><\/h2>\n<div id=\"gtx-trans\" style=\"position: absolute; left: 1px; top: 30.3333px;\">\n<div class=\"gtx-trans-icon\"><\/div>\n<\/div>\n<p>[\/vc_column_text][\/vc_column][vc_column width=\u00bb7\/12&#8243; offset=\u00bbvc_col-md-6&#8243;][vc_column_text el_class=\u00bb\u00bb css=\u00bb.vc_custom_1769111406418{margin-bottom: 45px !important;}\u00bb]<\/p>\n<p style=\"font-size: 26px; color: white; line-height: 33px;\"><em>Desde enero de 2023 la Prefectura de Manab\u00ed ha implementado el Sistema de Gesti\u00f3n Antisoborno, obteniendo la Certificaci\u00f3n ISO 37001:2016 que fue renovada en noviembre de 2025, constituyendo un hito m\u00e1s para nuestra instituci\u00f3n y Provincia<\/em><\/p>\n<p>[\/vc_column_text][\/vc_column][vc_column][gsf_space desktop=\u00bb50&#8243; tablet=\u00bb80&#8243; tablet_portrait=\u00bb70&#8243; mobile_landscape=\u00bb60&#8243; mobile=\u00bb60&#8243;][\/vc_column][\/vc_row][vc_row color_skin=\u00bbskin-light\u00bb gap=\u00bb30&#8243; css=\u00bb.vc_custom_1669224374443{padding-top: 20px !important;padding-bottom: 10px !important;background-color: #b9becc !important;background-position: center !important;background-repeat: no-repeat !important;background-size: cover !important;}\u00bb][vc_column][gsf_heading sub_title=\u00bb\u00bb]<strong class=\"uppercase\">PREGUNTAS FRECUENTES<\/strong>[\/gsf_heading][\/vc_column][\/vc_row][vc_row color_skin=\u00bbskin-light\u00bb gap=\u00bb30&#8243; css=\u00bb.vc_custom_1669758393436{padding-top: 0px !important;padding-bottom: 100px !important;background-color: #b9becc !important;background-position: center !important;background-repeat: no-repeat !important;background-size: cover !important;}\u00bb][vc_column][vc_tta_accordion color=\u00bbmulled-wine\u00bb active_section=\u00bb1&#8243;][vc_tta_section title=\u00bb\u00bfPor qu\u00e9 es importante combatir la corrupci\u00f3n?\u00bb tab_id=\u00bb1669757221433-d1c86ed2-1842&#8243;][vc_column_text]Debido al alto nivel de lesividad que produce la corrupci\u00f3n, su da\u00f1o puede ser contemplado desde diversos puntos, as\u00ed por ejemplo desde el punto de vista social, en la medida que disminuye recursos p\u00fablicos, destinados a satisfacer necesidades ciudadanas, afecta a las personas en mayor situaci\u00f3n de vulnerabilidad, reforzando las asimetr\u00edas sociales. La corrupci\u00f3n tambi\u00e9n produce da\u00f1os en el \u00e1mbito econ\u00f3mico, pues altera los mecanismos de asignaci\u00f3n eficiente del mercado, disminuye la inversi\u00f3n como consecuencia del aumento de la incertidumbre sobre las ganancias esperadas, deteriora las empresas honestas y afecta a la libre competencia mundial.<\/p>\n<p>Adem\u00e1s, afecta al sistema de gobierno, restando legitimidad a los gobernante e instituciones, acrecentando el nivel de desconfianza ciudadana, produciendo un debilitamiento del orden democr\u00e1tico que termina por restar eficacia a la actuaci\u00f3n contra la corrupci\u00f3n.[\/vc_column_text][\/vc_tta_section][vc_tta_section title=\u00bb\u00bfQu\u00e9 puedo denunciar?\u00bb tab_id=\u00bb1669757423820-49255bda-37c4&#8243;][vc_column_text]El Sistema de Gesti\u00f3n Antisoborno implementado est\u00e1 basado en los requerimientos previstos en la Norma\u00a0 Internacional ISO 37001:2016, la cual tiene como alcance prevenir, detectar y enfrentar conductas de soborno. En este contexto el Gobierno Aut\u00f3nomo Descentralizado Provincial de Manab\u00ed, ha desarrollado procedimientos internos con la finalidad de que tanto las partes internas como externas puedan reportar presuntos casos de soborno que puedan producirse dentro de la instituci\u00f3n. El soborno, en la Norma ISO 37001:2016 ha sido definido como \u201coferta, promesa, entrega aceptaci\u00f3n o solicitud de una ventaja indebida de cualquier valor (que puede ser de naturaleza financiera o no financiera), directamente o indirectamente, e independiente de su ubicaci\u00f3n, en violaci\u00f3n de la Ley aplicable, como incentivo o recompensa para que una persona act\u00fae o deje de actuar en relaci\u00f3n con el desempe\u00f1o, de las obligaciones de esa persona.\u201d<\/p>\n<p>La legislaci\u00f3n ecuatoriana ha tipificado estas conductas como cohecho y concusi\u00f3n, para mayor detalle ver art\u00edculos 280 y 281 del C\u00f3digo Org\u00e1nico Integral Penal. (ver al final del documento) As\u00ed, cualquier conducta contraria a la\u00a0 Pol\u00edtica Antisoborno definida en el Sistema de Gesti\u00f3n de Antisoborno, que pueda constituir cohecho o concusi\u00f3n podr\u00e1 ser reportado a trav\u00e9s de nuestros canales de denuncias o presencialmente a la Direcci\u00f3n de Transparencia.[\/vc_column_text][\/vc_tta_section][vc_tta_section title=\u00bb\u00bfPor qu\u00e9 debo denunciar?\u00bb tab_id=\u00bb1669757522908-baeec1a1-d1de\u00bb][vc_column_text]La finalidad de denunciar un acto de corrupci\u00f3n como el soborno contribuye a nivel individual como colectivo. As\u00ed, a nivel individual el perjudicado obtiene justicia y a nivel social permite vivir en una sociedad equitativa. A nivel institucional, ayudar\u00e1 a la Prefectura de Manab\u00ed a prevenir que se produzcan estas conductas, y en el caso de que se materialice el hecho su reporte servir\u00e1 para sancionar a aquellos servidores que han actuado en contra de la ley y disposiciones internas.[\/vc_column_text][\/vc_tta_section][vc_tta_section title=\u00bb\u00bfCu\u00e1les son los canales de denuncias establecidos?\u00bb tab_id=\u00bb1669757585356-815bba8c-233e\u00bb][vc_column_text]1. En la direcci\u00f3n de correo electr\u00f3nico transparencia@manabi.gob.ec<br \/>\n2. En el buz\u00f3n f\u00edsico ubicado en las instalaciones del GADPM en Portoviejo y Oficina Desconcentrada en Chone<br \/>\n3. En el Buz\u00f3n de Transparencia en la p\u00e1gina web www.manabi.gob.ec<br \/>\n4. De manera presencial ante el Director\/a de Transparencia<br \/>\n5. A trav\u00e9s del chatbot institucional[\/vc_column_text][\/vc_tta_section][vc_tta_section title=\u00bb\u00bfSe pueden hacer denuncias an\u00f3nimas?\u00bb tab_id=\u00bb1669757713576-ce6b5bfa-1122&#8243;][vc_column_text]El Sistema de Gesti\u00f3n Antisoborno del GADPM, dar\u00e1 tramite interno a las denuncias que carezcan de un denunciante debidamente identificado, promoviendo las denuncias an\u00f3nimas.[\/vc_column_text][\/vc_tta_section][vc_tta_section title=\u00bb\u00bfMe ver\u00e9 protegido?\u00bb tab_id=\u00bb1669757764698-f6e29ffc-2df0&#8243;][vc_column_text]La Instituci\u00f3n se compromete a no adoptar ninguna forma de represalia, directa o indirecta, contra las personas que hubieran comunicado a trav\u00e9s de los canales de denuncias una conducta de presunto soborno que deba ser denunciada.<\/p>\n<p>Todo el proceso de investigaci\u00f3n se mantendr\u00e1 en absoluta reserva, garantizando el debido proceso y la eliminaci\u00f3n de cualquier tipo de represalias contra el denunciante de buena fe. Sin perjuicio de lo anterior, los datos de las personas que efect\u00faen la denuncia, podr\u00e1n ser facilitados tanto a las autoridades administrativas o judiciales, en la medida en que fueren requeridos por tales autoridades como consecuencia de cualquier procedimiento derivado del objeto de la denuncia, como a las personas implicadas en cualquier investigaci\u00f3n posterior o procedimiento judicial incoado como consecuencia de la investigaci\u00f3n.<\/p>\n<p>El otorgamiento de estos datos a las autoridades administrativas o judiciales se realizar\u00e1 siempre dando pleno cumplimiento a la legislaci\u00f3n correspondiente.[\/vc_column_text][\/vc_tta_section][vc_tta_section title=\u00bb\u00bfQu\u00e9 datos debo incluir en la denuncia?\u00bb tab_id=\u00bb1669757853176-548e35fe-dd0b\u00bb][vc_column_text]<\/p>\n<ol>\n<li>Nombres y apellidos completos del denunciante<\/li>\n<li>Correo electr\u00f3nico<\/li>\n<li>Relaci\u00f3n clara y precisa de los hechos y de ser posible con expresi\u00f3n del lugar, d\u00eda y hora en el que fue cometido.<\/li>\n<li>Nombres y apellidos completos de las o los autores, c\u00f3mplices, as\u00ed como, los de las personas que presenciaron la infracci\u00f3n o que puedan tener conocimiento de ella.<\/li>\n<li>Todas las dem\u00e1s indicaciones y circunstancias que puedan conducir a la comprobaci\u00f3n de la existencia de la infracci\u00f3n y a la identificaci\u00f3n de los denunciados.<\/li>\n<\/ol>\n<p>[\/vc_column_text][\/vc_tta_section][vc_tta_section title=\u00bb\u00bfSe puede denunciar un hecho sin tener pruebas?\u00bb tab_id=\u00bb1669757947047-bb6afa52-e7ed\u00bb][vc_column_text]El Sistema de Gesti\u00f3n Antisoborno, permite interponer la denuncia sin pruebas, sin embargo, en la etapa correspondiente, ser\u00e1 necesario que las partes presenten las pruebas de cargo y descargo, caso contrario al carecer de medios probatorios que demuestren la infracci\u00f3n, la denuncia tendr\u00e1 que ser desechada. Sin perjuicio de que el denunciado, pueda interponer las acciones legales pertinentes en contra del denunciante.<\/p>\n<p>Las pruebas obtenidas o actuadas con violaci\u00f3n de la Constituci\u00f3n o la ley no tendr\u00e1n validez alguna y carecer\u00e1n de eficacia probatoria[\/vc_column_text][\/vc_tta_section][vc_tta_section title=\u00bb\u00bfQu\u00e9 ocurre si una denuncia es falsa?\u00bb tab_id=\u00bb1669757996781-f6a56ad8-2a46&#8243;][vc_column_text]Las denuncias presentadas deben ser veraces y de buena fe. Sin embargo, en caso de que se presenten denuncias falsas, el perjudicado podr\u00e1 interponer las acciones legales pertinentes para que esta acusaci\u00f3n sea declarada por la autoridad competente como maliciosas o temerarias, de conformidad con el marco jur\u00eddico aplicable.<\/p>\n<p>La Prefectura de Manab\u00ed se reserva el derecho de adoptar las medidas legales que correspondan, para evitar este tipo de conductas.[\/vc_column_text][\/vc_tta_section][vc_tta_section title=\u00bb\u00bfSe va a informar al denunciado que existe una acusaci\u00f3n en su contra?\u00bb tab_id=\u00bb1669758126517-d6eb3114-59cb\u00bb][vc_column_text]En el marco del debido proceso, las partes tienen derecho a conocer si existe alguna acusaci\u00f3n en su contra con la finalidad ejercer su derecho a la defensa conforme las garant\u00edas del debido proceso reconocidas Constitucionalmente estando facultadas ambas partes para presentar de forma verbal o escrita las razones o argumentos de los que se crean asistidas y replicar los argumentos de las otras partes; presentar pruebas y contradecir las que se presenten en su contra.[\/vc_column_text][\/vc_tta_section][vc_tta_section title=\u00bb\u00bfC\u00f3mo puedo conocer el estado de la investigaci\u00f3n?\u00bb tab_id=\u00bb1669758163947-bb5a226e-7bb3&#8243;][vc_column_text]Para conocer el estado del tr\u00e1mite dado a la denuncia previa, se deber\u00e1 solicitar a la Secretar\u00eda General o enviar a la direcci\u00f3n de correo electr\u00f3nico transparencia@manabi.gob.ec, la solicitud del estado del Caso.[\/vc_column_text][\/vc_tta_section][vc_tta_section title=\u00bb\u00bfC\u00f3mo da tratamiento la prefectura a Regalos, hospitalidad, donaciones y beneficios similares?\u00bb tab_id=\u00bb1669758228003-18fe271b-df5f\u00bb][vc_column_text]La Prefectura de Manab\u00ed aplica una pol\u00edtica de tolerancia cero frente al soborno y la corrupci\u00f3n. Por ello, ning\u00fan servidor p\u00fablico puede ofrecer ni aceptar regalos, favores, donaciones o beneficios, sin importar su valor, si estos pueden influir o aparentar influir en sus decisiones o acciones.<\/p>\n<p>Cuando se reciben bienes o donaciones institucionales, estos se registran, controlan y administran de manera transparente, conforme al Manual de Integridad y las normas legales vigentes, garantizando su uso adecuado en beneficio de la ciudadan\u00eda. La Prefectura cuenta con normas internas y ordenanzas que regulan estos procesos, entre ellas:<\/p>\n<p>* Normas de Control Interno.<br \/>\n* Reglamento para el Registro y Control de Regalos o Presentes.<br \/>\n* Ordenanzas y Reglamentos sobre donaciones no reembolsables.<br \/>\n* Reglamento Interno de Bienes e Inventarios.<\/p>\n<p>En resumen, la Prefectura no acepta regalos personales y solo permite donaciones institucionales tramitadas legalmente, destinadas a proyectos que beneficien a la comunidad manabita.[\/vc_column_text][\/vc_tta_section][\/vc_tta_accordion][\/vc_column][\/vc_row]<\/p>\n","protected":false},"excerpt":{"rendered":"<p>[vc_row color_skin=\u00bbskin-dark\u00bb bg_overlay_mode=\u00bbcolor\u00bb bg_overlay_color=\u00bbrgba(3,75,102,0.95)\u00bb css=\u00bb.vc_custom_1659391361993{background-image: url(http:\/\/www.manabi.gob.ec\/wp-content\/uploads\/2020\/06\/09abr.jpg?id=2823) !important;background-position: center !important;background-repeat: no-repeat !important;background-size: cover !important;}\u00bb][vc_column][gsf_space desktop=\u00bb75&#8243; tablet=\u00bb80&#8243; tablet_portrait=\u00bb70&#8243; mobile_landscape=\u00bb60&#8243; mobile=\u00bb60&#8243;][\/vc_column][vc_column width=\u00bb1\/3&#8243; offset=\u00bbvc_col-md-offset-1&#8243;][vc_column_text] Sistema de Gesti\u00f3n Antisoborno. [\/vc_column_text][\/vc_column][vc_column width=\u00bb7\/12&#8243; offset=\u00bbvc_col-md-6&#8243;][vc_column_text el_class=\u00bb\u00bb css=\u00bb.vc_custom_1769111406418{margin-bottom: 45px !important;}\u00bb] Desde enero de 2023 la Prefectura de Manab\u00ed ha implementado el Sistema de Gesti\u00f3n Antisoborno, obteniendo la Certificaci\u00f3n ISO 37001:2016 que fue renovada en [&hellip;]<\/p>\n","protected":false},"author":1,"featured_media":0,"parent":0,"menu_order":0,"comment_status":"closed","ping_status":"closed","template":"","meta":{"_joinchat":[],"footnotes":""},"class_list":["post-22950","page","type-page","status-publish","hentry"],"yoast_head":"<!-- This site is optimized with the Yoast SEO plugin v27.4 - https:\/\/yoast.com\/product\/yoast-seo-wordpress\/ -->\n<title>Gesti\u00f3n Antisoborno - Preguntas Frecuentes - Prefectura de Manab\u00ed<\/title>\n<meta name=\"robots\" content=\"index, follow, max-snippet:-1, max-image-preview:large, max-video-preview:-1\" \/>\n<link rel=\"canonical\" href=\"https:\/\/www.manabi.gob.ec\/index.php\/gestion-antisoborno-preguntas-frecuentes\/\" \/>\n<meta property=\"og:locale\" content=\"es_ES\" \/>\n<meta property=\"og:type\" content=\"article\" \/>\n<meta property=\"og:title\" content=\"Gesti\u00f3n Antisoborno - Preguntas Frecuentes - Prefectura de Manab\u00ed\" \/>\n<meta property=\"og:description\" content=\"[vc_row color_skin=\u00bbskin-dark\u00bb bg_overlay_mode=\u00bbcolor\u00bb bg_overlay_color=\u00bbrgba(3,75,102,0.95)\u00bb css=\u00bb.vc_custom_1659391361993{background-image: url(http:\/\/www.manabi.gob.ec\/wp-content\/uploads\/2020\/06\/09abr.jpg?id=2823) !important;background-position: center !important;background-repeat: no-repeat !important;background-size: cover !important;}\u00bb][vc_column][gsf_space desktop=\u00bb75&#8243; tablet=\u00bb80&#8243; tablet_portrait=\u00bb70&#8243; mobile_landscape=\u00bb60&#8243; mobile=\u00bb60&#8243;][\/vc_column][vc_column width=\u00bb1\/3&#8243; offset=\u00bbvc_col-md-offset-1&#8243;][vc_column_text] Sistema de Gesti\u00f3n Antisoborno. [\/vc_column_text][\/vc_column][vc_column width=\u00bb7\/12&#8243; offset=\u00bbvc_col-md-6&#8243;][vc_column_text el_class=\u00bb\u00bb css=\u00bb.vc_custom_1769111406418{margin-bottom: 45px !important;}\u00bb] Desde enero de 2023 la Prefectura de Manab\u00ed ha implementado el Sistema de Gesti\u00f3n Antisoborno, obteniendo la Certificaci\u00f3n ISO 37001:2016 que fue renovada en [&hellip;]\" \/>\n<meta property=\"og:url\" content=\"https:\/\/www.manabi.gob.ec\/index.php\/gestion-antisoborno-preguntas-frecuentes\/\" \/>\n<meta property=\"og:site_name\" content=\"Prefectura de Manab\u00ed\" \/>\n<meta property=\"article:modified_time\" content=\"2026-01-22T19:52:36+00:00\" \/>\n<meta name=\"twitter:card\" content=\"summary_large_image\" \/>\n<meta name=\"twitter:label1\" content=\"Tiempo de lectura\" \/>\n\t<meta name=\"twitter:data1\" content=\"7 minutos\" \/>\n<script type=\"application\/ld+json\" class=\"yoast-schema-graph\">{\"@context\":\"https:\\\/\\\/schema.org\",\"@graph\":[{\"@type\":\"WebPage\",\"@id\":\"https:\\\/\\\/www.manabi.gob.ec\\\/index.php\\\/gestion-antisoborno-preguntas-frecuentes\\\/\",\"url\":\"https:\\\/\\\/www.manabi.gob.ec\\\/index.php\\\/gestion-antisoborno-preguntas-frecuentes\\\/\",\"name\":\"Gesti\u00f3n Antisoborno - Preguntas Frecuentes - Prefectura de Manab\u00ed\",\"isPartOf\":{\"@id\":\"https:\\\/\\\/www.manabi.gob.ec\\\/#website\"},\"datePublished\":\"2022-11-29T21:24:34+00:00\",\"dateModified\":\"2026-01-22T19:52:36+00:00\",\"breadcrumb\":{\"@id\":\"https:\\\/\\\/www.manabi.gob.ec\\\/index.php\\\/gestion-antisoborno-preguntas-frecuentes\\\/#breadcrumb\"},\"inLanguage\":\"es\",\"potentialAction\":[{\"@type\":\"ReadAction\",\"target\":[\"https:\\\/\\\/www.manabi.gob.ec\\\/index.php\\\/gestion-antisoborno-preguntas-frecuentes\\\/\"]}]},{\"@type\":\"BreadcrumbList\",\"@id\":\"https:\\\/\\\/www.manabi.gob.ec\\\/index.php\\\/gestion-antisoborno-preguntas-frecuentes\\\/#breadcrumb\",\"itemListElement\":[{\"@type\":\"ListItem\",\"position\":1,\"name\":\"Portada\",\"item\":\"https:\\\/\\\/www.manabi.gob.ec\\\/\"},{\"@type\":\"ListItem\",\"position\":2,\"name\":\"Gesti\u00f3n Antisoborno &#8211; Preguntas Frecuentes\"}]},{\"@type\":\"WebSite\",\"@id\":\"https:\\\/\\\/www.manabi.gob.ec\\\/#website\",\"url\":\"https:\\\/\\\/www.manabi.gob.ec\\\/\",\"name\":\"Prefectura de Manab\u00ed\",\"description\":\"P\u00e1gina web de la prefectura\",\"potentialAction\":[{\"@type\":\"SearchAction\",\"target\":{\"@type\":\"EntryPoint\",\"urlTemplate\":\"https:\\\/\\\/www.manabi.gob.ec\\\/?s={search_term_string}\"},\"query-input\":{\"@type\":\"PropertyValueSpecification\",\"valueRequired\":true,\"valueName\":\"search_term_string\"}}],\"inLanguage\":\"es\"}]}<\/script>\n<!-- \/ Yoast SEO plugin. -->","yoast_head_json":{"title":"Gesti\u00f3n Antisoborno - Preguntas Frecuentes - Prefectura de Manab\u00ed","robots":{"index":"index","follow":"follow","max-snippet":"max-snippet:-1","max-image-preview":"max-image-preview:large","max-video-preview":"max-video-preview:-1"},"canonical":"https:\/\/www.manabi.gob.ec\/index.php\/gestion-antisoborno-preguntas-frecuentes\/","og_locale":"es_ES","og_type":"article","og_title":"Gesti\u00f3n Antisoborno - Preguntas Frecuentes - Prefectura de Manab\u00ed","og_description":"[vc_row color_skin=\u00bbskin-dark\u00bb bg_overlay_mode=\u00bbcolor\u00bb bg_overlay_color=\u00bbrgba(3,75,102,0.95)\u00bb css=\u00bb.vc_custom_1659391361993{background-image: url(http:\/\/www.manabi.gob.ec\/wp-content\/uploads\/2020\/06\/09abr.jpg?id=2823) !important;background-position: center !important;background-repeat: no-repeat !important;background-size: cover !important;}\u00bb][vc_column][gsf_space desktop=\u00bb75&#8243; tablet=\u00bb80&#8243; tablet_portrait=\u00bb70&#8243; mobile_landscape=\u00bb60&#8243; mobile=\u00bb60&#8243;][\/vc_column][vc_column width=\u00bb1\/3&#8243; offset=\u00bbvc_col-md-offset-1&#8243;][vc_column_text] Sistema de Gesti\u00f3n Antisoborno. [\/vc_column_text][\/vc_column][vc_column width=\u00bb7\/12&#8243; offset=\u00bbvc_col-md-6&#8243;][vc_column_text el_class=\u00bb\u00bb css=\u00bb.vc_custom_1769111406418{margin-bottom: 45px !important;}\u00bb] Desde enero de 2023 la Prefectura de Manab\u00ed ha implementado el Sistema de Gesti\u00f3n Antisoborno, obteniendo la Certificaci\u00f3n ISO 37001:2016 que fue renovada en [&hellip;]","og_url":"https:\/\/www.manabi.gob.ec\/index.php\/gestion-antisoborno-preguntas-frecuentes\/","og_site_name":"Prefectura de Manab\u00ed","article_modified_time":"2026-01-22T19:52:36+00:00","twitter_card":"summary_large_image","twitter_misc":{"Tiempo de lectura":"7 minutos"},"schema":{"@context":"https:\/\/schema.org","@graph":[{"@type":"WebPage","@id":"https:\/\/www.manabi.gob.ec\/index.php\/gestion-antisoborno-preguntas-frecuentes\/","url":"https:\/\/www.manabi.gob.ec\/index.php\/gestion-antisoborno-preguntas-frecuentes\/","name":"Gesti\u00f3n Antisoborno - Preguntas Frecuentes - Prefectura de Manab\u00ed","isPartOf":{"@id":"https:\/\/www.manabi.gob.ec\/#website"},"datePublished":"2022-11-29T21:24:34+00:00","dateModified":"2026-01-22T19:52:36+00:00","breadcrumb":{"@id":"https:\/\/www.manabi.gob.ec\/index.php\/gestion-antisoborno-preguntas-frecuentes\/#breadcrumb"},"inLanguage":"es","potentialAction":[{"@type":"ReadAction","target":["https:\/\/www.manabi.gob.ec\/index.php\/gestion-antisoborno-preguntas-frecuentes\/"]}]},{"@type":"BreadcrumbList","@id":"https:\/\/www.manabi.gob.ec\/index.php\/gestion-antisoborno-preguntas-frecuentes\/#breadcrumb","itemListElement":[{"@type":"ListItem","position":1,"name":"Portada","item":"https:\/\/www.manabi.gob.ec\/"},{"@type":"ListItem","position":2,"name":"Gesti\u00f3n Antisoborno &#8211; Preguntas Frecuentes"}]},{"@type":"WebSite","@id":"https:\/\/www.manabi.gob.ec\/#website","url":"https:\/\/www.manabi.gob.ec\/","name":"Prefectura de Manab\u00ed","description":"P\u00e1gina web de la prefectura","potentialAction":[{"@type":"SearchAction","target":{"@type":"EntryPoint","urlTemplate":"https:\/\/www.manabi.gob.ec\/?s={search_term_string}"},"query-input":{"@type":"PropertyValueSpecification","valueRequired":true,"valueName":"search_term_string"}}],"inLanguage":"es"}]}},"_links":{"self":[{"href":"https:\/\/www.manabi.gob.ec\/index.php\/wp-json\/wp\/v2\/pages\/22950","targetHints":{"allow":["GET"]}}],"collection":[{"href":"https:\/\/www.manabi.gob.ec\/index.php\/wp-json\/wp\/v2\/pages"}],"about":[{"href":"https:\/\/www.manabi.gob.ec\/index.php\/wp-json\/wp\/v2\/types\/page"}],"author":[{"embeddable":true,"href":"https:\/\/www.manabi.gob.ec\/index.php\/wp-json\/wp\/v2\/users\/1"}],"replies":[{"embeddable":true,"href":"https:\/\/www.manabi.gob.ec\/index.php\/wp-json\/wp\/v2\/comments?post=22950"}],"version-history":[{"count":9,"href":"https:\/\/www.manabi.gob.ec\/index.php\/wp-json\/wp\/v2\/pages\/22950\/revisions"}],"predecessor-version":[{"id":32757,"href":"https:\/\/www.manabi.gob.ec\/index.php\/wp-json\/wp\/v2\/pages\/22950\/revisions\/32757"}],"wp:attachment":[{"href":"https:\/\/www.manabi.gob.ec\/index.php\/wp-json\/wp\/v2\/media?parent=22950"}],"curies":[{"name":"wp","href":"https:\/\/api.w.org\/{rel}","templated":true}]}}