{"id":2709,"date":"2020-06-04T23:48:45","date_gmt":"2020-06-04T23:48:45","guid":{"rendered":"http:\/\/www.manabi.gob.ec\/?page_id=2709"},"modified":"2025-07-25T13:40:17","modified_gmt":"2025-07-25T13:40:17","slug":"direccion-de-participacion-ciudadana","status":"publish","type":"page","link":"https:\/\/www.manabi.gob.ec\/index.php\/direccion-de-participacion-ciudadana\/","title":{"rendered":"Direcci\u00f3n de Participaci\u00f3n Ciudadana"},"content":{"rendered":"<p>[vc_row color_skin=\u00bbskin-dark\u00bb bg_overlay_mode=\u00bbcolor\u00bb bg_overlay_color=\u00bbrgba(3,101,54,0.95)\u00bb css=\u00bb.vc_custom_1591483343843{background-image: url(http:\/\/www.manabi.gob.ec\/wp-content\/uploads\/2020\/06\/09abr.jpg?id=2823) !important;background-position: center !important;background-repeat: no-repeat !important;background-size: cover !important;}\u00bb][vc_column][gsf_space desktop=\u00bb75&#8243; tablet=\u00bb80&#8243; tablet_portrait=\u00bb70&#8243; mobile_landscape=\u00bb60&#8243; mobile=\u00bb60&#8243;][\/vc_column][vc_column width=\u00bb1\/3&#8243; offset=\u00bbvc_col-md-offset-1&#8243;][vc_column_text]<\/p>\n<h4 class=\"primary-font fs-40\" style=\"margin-top: 0px; letter-spacing: 0.02em; text-align: left;\">Participaci\u00f3n Ciudadana.<br \/>\n<span class=\"fw-light\">Integrando a los manabitas.<\/span><\/h4>\n<div id=\"gtx-trans\" style=\"position: absolute; left: 1px; top: 30.3333px;\">\n<div class=\"gtx-trans-icon\"><\/div>\n<\/div>\n<p>[\/vc_column_text][\/vc_column][vc_column width=\u00bb7\/12&#8243; offset=\u00bbvc_col-md-6&#8243;][vc_column_text css=\u00bb.vc_custom_1591483560889{margin-bottom: 45px !important;}\u00bb]<\/p>\n<h5><em>Creemos en la participaci\u00f3n ciudadana real y efectiva. En un a\u00f1o de gesti\u00f3n llegamos a todo Manab\u00ed para trabajar junto a las comunidades y gobiernos locales en m\u00faltiples espacios de formaci\u00f3n c\u00edvica y para el ejercicio de derechos.<\/em><\/h5>\n<p>[\/vc_column_text][\/vc_column][vc_column][gsf_space desktop=\u00bb70&#8243; tablet=\u00bb80&#8243; tablet_portrait=\u00bb70&#8243; mobile_landscape=\u00bb60&#8243; mobile=\u00bb60&#8243;][\/vc_column][\/vc_row][vc_row color_skin=\u00bbskin-light\u00bb bg_overlay_mode=\u00bbcolor\u00bb css=\u00bb.vc_custom_1753388534207{background-position: center !important;background-repeat: no-repeat !important;background-size: cover !important;}\u00bb][vc_column][gsf_space desktop=\u00bb90&#8243; tablet=\u00bb80&#8243; tablet_portrait=\u00bb70&#8243; mobile_landscape=\u00bb60&#8243; mobile=\u00bb60&#8243;][\/vc_column][\/vc_row][vc_row color_skin=\u00bbskin-light\u00bb bg_overlay_mode=\u00bbcolor\u00bb css=\u00bb.vc_custom_1753388538791{background-position: center !important;background-repeat: no-repeat !important;background-size: cover !important;}\u00bb][vc_column width=\u00bb1\/4&#8243;][\/vc_column][vc_column width=\u00bb1\/4&#8243;][vc_hoverbox image=\u00bb30726&#8243; primary_title=\u00bb\u00bb hover_title=\u00bb\u00bb shape=\u00bbsquare\u00bb hover_background_color=\u00bbsky\u00bb hover_add_button=\u00bbtrue\u00bb hover_btn_link=\u00bburl:https%3A%2F%2Fwww.manabi.gob.ec%2Findex.php%2Frendicion-de-cuentas-2024%2F|||\u00bb]<span style=\"color: #ffffff; font-size: 20px;\"><strong>Rendici\u00f3n de cuentas 2024<\/strong>s<\/span>[\/vc_hoverbox][vc_column_text]<\/p>\n<p style=\"text-align: center; font-size: 18px;\"><strong>Rendici\u00f3n de Cuentas<\/strong><\/p>\n<p>[\/vc_column_text][\/vc_column][vc_column width=\u00bb1\/4&#8243;][vc_hoverbox image=\u00bb31372&#8243; primary_title=\u00bb\u00bb hover_title=\u00bb\u00bb shape=\u00bbsquare\u00bb hover_background_color=\u00bbsky\u00bb hover_add_button=\u00bbtrue\u00bb hover_btn_link=\u00bburl:https%3A%2F%2Fwww.manabi.gob.ec%2Findex.php%2Faudiencias%2F|||\u00bb]<span style=\"color: #ffffff; font-size: 20px;\"><strong>Audiencias P\u00fablicas<\/strong>s<\/span>[\/vc_hoverbox][vc_column_text]<\/p>\n<p style=\"text-align: center; font-size: 18px;\"><strong>Audiencias P\u00fablicas<\/strong><\/p>\n<p>[\/vc_column_text][\/vc_column][vc_column width=\u00bb1\/4&#8243;][\/vc_column][\/vc_row][vc_row color_skin=\u00bbskin-light\u00bb bg_overlay_mode=\u00bbcolor\u00bb disable_element=\u00bbyes\u00bb el_class=\u00bb\u00bb css=\u00bb.vc_custom_1753450815726{background-position: center !important;background-repeat: no-repeat !important;background-size: cover !important;}\u00bb][vc_column width=\u00bb1\/4&#8243;][vc_hoverbox image=\u00bb22592&#8243; primary_title=\u00bb\u00bb hover_title=\u00bb\u00bb shape=\u00bbsquare\u00bb hover_background_color=\u00bbsky\u00bb hover_add_button=\u00bbtrue\u00bb hover_btn_link=\u00bburl:%23|||\u00bb]<span style=\"color: #ffffff; font-size: 20px;\"><strong>Formaci\u00f3n Ciudadana<\/strong>s<\/span>[\/vc_hoverbox][vc_column_text]<\/p>\n<p style=\"text-align: center; font-size: 18px;\"><strong>Formaci\u00f3n Ciudadana<\/strong><\/p>\n<p>[\/vc_column_text][\/vc_column][vc_column width=\u00bb1\/4&#8243;][vc_hoverbox image=\u00bb30726&#8243; primary_title=\u00bb\u00bb hover_title=\u00bb\u00bb shape=\u00bbsquare\u00bb hover_background_color=\u00bbsky\u00bb hover_add_button=\u00bbtrue\u00bb hover_btn_link=\u00bburl:https%3A%2F%2Fwww.manabi.gob.ec%2Findex.php%2Frendicion-de-cuentas-2024%2F|||\u00bb]<span style=\"color: #ffffff; font-size: 20px;\"><strong>Rendici\u00f3n de cuentas 2024<\/strong>s<\/span>[\/vc_hoverbox][vc_column_text]<\/p>\n<p style=\"text-align: center; font-size: 18px;\"><strong>Rendici\u00f3n de Cuentas<\/strong><\/p>\n<p>[\/vc_column_text][\/vc_column][vc_column width=\u00bb1\/4&#8243;][vc_hoverbox image=\u00bb28721&#8243; primary_title=\u00bb\u00bb hover_title=\u00bb\u00bb shape=\u00bbsquare\u00bb hover_background_color=\u00bbsky\u00bb hover_add_button=\u00bbtrue\u00bb hover_btn_link=\u00bburl:%23|||\u00bb]<span style=\"color: #ffffff; font-size: 20px;\"><strong>Veedur\u00edas<\/strong>s<\/span>[\/vc_hoverbox][vc_column_text]<\/p>\n<p style=\"text-align: center; font-size: 18px;\"><strong>Veedur\u00edas<\/strong><\/p>\n<p>[\/vc_column_text][\/vc_column][vc_column width=\u00bb1\/4&#8243;][vc_hoverbox image=\u00bb31372&#8243; primary_title=\u00bb\u00bb hover_title=\u00bb\u00bb shape=\u00bbsquare\u00bb hover_background_color=\u00bbsky\u00bb hover_add_button=\u00bbtrue\u00bb hover_btn_link=\u00bburl:https%3A%2F%2Fwww.manabi.gob.ec%2Findex.php%2Faudiencias%2F|||\u00bb]<span style=\"color: #ffffff; font-size: 20px;\"><strong>Audiencias P\u00fablicas<\/strong>s<\/span>[\/vc_hoverbox][vc_column_text]<\/p>\n<p style=\"text-align: center; font-size: 18px;\"><strong>Audiencias P\u00fablicas<\/strong><\/p>\n<p>[\/vc_column_text][\/vc_column][\/vc_row][vc_row color_skin=\u00bbskin-light\u00bb bg_overlay_mode=\u00bbcolor\u00bb bg_overlay_color=\u00bbrgba(255,255,255,0.95)\u00bb css=\u00bb.vc_custom_1591484278362{background-image: url(http:\/\/www.manabi.gob.ec\/wp-content\/uploads\/2020\/06\/obtieneimagen.jpg?id=2831) !important;background-position: center !important;background-repeat: no-repeat !important;background-size: cover !important;}\u00bb][vc_column][gsf_space desktop=\u00bb75&#8243; tablet=\u00bb80&#8243; tablet_portrait=\u00bb70&#8243; mobile_landscape=\u00bb60&#8243; mobile=\u00bb60&#8243;][\/vc_column][vc_column width=\u00bb1\/3&#8243; offset=\u00bbvc_col-md-offset-1&#8243;][vc_column_text]<\/p>\n<h4 class=\"primary-font fs-40\" style=\"line-height: 1.125; margin-top: 0px; letter-spacing: 0.02em;\">Creemos en la participaci\u00f3n<br \/>\n<span class=\"fw-light\">Ciudadana real y efectiva.<\/span><\/h4>\n<div id=\"gtx-trans\" style=\"position: absolute; left: 17px; top: 148.667px;\">\n<div class=\"gtx-trans-icon\"><\/div>\n<\/div>\n<p>[\/vc_column_text][vc_column_text]Junto a las ciudadan\u00eda de nuestra provincia construimos un Manab\u00ed participativo que avanza hacia el Desarrollo y Equidad.<\/p>\n<div id=\"gtx-trans\" style=\"position: absolute; left: 180px; top: 80.6667px;\">\n<div class=\"gtx-trans-icon\"><\/div>\n<\/div>\n<p>[\/vc_column_text][\/vc_column][vc_column width=\u00bb7\/12&#8243; offset=\u00bbvc_col-md-6&#8243;][gsf_space desktop=\u00bb40&#8243; tablet=\u00bb70&#8243; tablet_portrait=\u00bb60&#8243; mobile_landscape=\u00bb50&#8243; mobile=\u00bb40&#8243;][vc_single_image image=\u00bb2829&#8243; img_size=\u00bbfull\u00bb][\/vc_column][\/vc_row]<\/p>\n","protected":false},"excerpt":{"rendered":"<p>[vc_row color_skin=\u00bbskin-dark\u00bb bg_overlay_mode=\u00bbcolor\u00bb bg_overlay_color=\u00bbrgba(3,101,54,0.95)\u00bb css=\u00bb.vc_custom_1591483343843{background-image: url(http:\/\/www.manabi.gob.ec\/wp-content\/uploads\/2020\/06\/09abr.jpg?id=2823) !important;background-position: center !important;background-repeat: no-repeat !important;background-size: cover !important;}\u00bb][vc_column][gsf_space desktop=\u00bb75&#8243; tablet=\u00bb80&#8243; tablet_portrait=\u00bb70&#8243; mobile_landscape=\u00bb60&#8243; mobile=\u00bb60&#8243;][\/vc_column][vc_column width=\u00bb1\/3&#8243; offset=\u00bbvc_col-md-offset-1&#8243;][vc_column_text] Participaci\u00f3n Ciudadana. Integrando a los manabitas. [\/vc_column_text][\/vc_column][vc_column width=\u00bb7\/12&#8243; offset=\u00bbvc_col-md-6&#8243;][vc_column_text css=\u00bb.vc_custom_1591483560889{margin-bottom: 45px !important;}\u00bb] Creemos en la participaci\u00f3n ciudadana real y efectiva. En un a\u00f1o de gesti\u00f3n llegamos a todo Manab\u00ed para trabajar junto a las comunidades [&hellip;]<\/p>\n","protected":false},"author":1,"featured_media":0,"parent":0,"menu_order":0,"comment_status":"closed","ping_status":"closed","template":"","meta":{"_joinchat":[],"footnotes":""},"class_list":["post-2709","page","type-page","status-publish","hentry"],"yoast_head":"<!-- This site is optimized with the Yoast SEO plugin v27.4 - https:\/\/yoast.com\/product\/yoast-seo-wordpress\/ -->\n<title>Direcci\u00f3n de Participaci\u00f3n Ciudadana - Prefectura de Manab\u00ed<\/title>\n<meta name=\"robots\" content=\"index, follow, max-snippet:-1, max-image-preview:large, max-video-preview:-1\" \/>\n<link rel=\"canonical\" href=\"https:\/\/www.manabi.gob.ec\/index.php\/direccion-de-participacion-ciudadana\/\" \/>\n<meta property=\"og:locale\" content=\"es_ES\" \/>\n<meta property=\"og:type\" content=\"article\" \/>\n<meta property=\"og:title\" content=\"Direcci\u00f3n de Participaci\u00f3n Ciudadana - Prefectura de Manab\u00ed\" \/>\n<meta property=\"og:description\" content=\"[vc_row color_skin=\u00bbskin-dark\u00bb bg_overlay_mode=\u00bbcolor\u00bb bg_overlay_color=\u00bbrgba(3,101,54,0.95)\u00bb css=\u00bb.vc_custom_1591483343843{background-image: url(http:\/\/www.manabi.gob.ec\/wp-content\/uploads\/2020\/06\/09abr.jpg?id=2823) !important;background-position: center !important;background-repeat: no-repeat !important;background-size: cover !important;}\u00bb][vc_column][gsf_space desktop=\u00bb75&#8243; tablet=\u00bb80&#8243; tablet_portrait=\u00bb70&#8243; mobile_landscape=\u00bb60&#8243; mobile=\u00bb60&#8243;][\/vc_column][vc_column width=\u00bb1\/3&#8243; offset=\u00bbvc_col-md-offset-1&#8243;][vc_column_text] Participaci\u00f3n Ciudadana. Integrando a los manabitas. [\/vc_column_text][\/vc_column][vc_column width=\u00bb7\/12&#8243; offset=\u00bbvc_col-md-6&#8243;][vc_column_text css=\u00bb.vc_custom_1591483560889{margin-bottom: 45px !important;}\u00bb] Creemos en la participaci\u00f3n ciudadana real y efectiva. En un a\u00f1o de gesti\u00f3n llegamos a todo Manab\u00ed para trabajar junto a las comunidades [&hellip;]\" \/>\n<meta property=\"og:url\" content=\"https:\/\/www.manabi.gob.ec\/index.php\/direccion-de-participacion-ciudadana\/\" \/>\n<meta property=\"og:site_name\" content=\"Prefectura de Manab\u00ed\" \/>\n<meta property=\"article:modified_time\" content=\"2025-07-25T13:40:17+00:00\" \/>\n<meta name=\"twitter:card\" content=\"summary_large_image\" \/>\n<meta name=\"twitter:label1\" content=\"Tiempo de lectura\" \/>\n\t<meta name=\"twitter:data1\" content=\"2 minutos\" \/>\n<script type=\"application\/ld+json\" class=\"yoast-schema-graph\">{\"@context\":\"https:\\\/\\\/schema.org\",\"@graph\":[{\"@type\":\"WebPage\",\"@id\":\"https:\\\/\\\/www.manabi.gob.ec\\\/index.php\\\/direccion-de-participacion-ciudadana\\\/\",\"url\":\"https:\\\/\\\/www.manabi.gob.ec\\\/index.php\\\/direccion-de-participacion-ciudadana\\\/\",\"name\":\"Direcci\u00f3n de Participaci\u00f3n Ciudadana - Prefectura de Manab\u00ed\",\"isPartOf\":{\"@id\":\"https:\\\/\\\/www.manabi.gob.ec\\\/#website\"},\"datePublished\":\"2020-06-04T23:48:45+00:00\",\"dateModified\":\"2025-07-25T13:40:17+00:00\",\"breadcrumb\":{\"@id\":\"https:\\\/\\\/www.manabi.gob.ec\\\/index.php\\\/direccion-de-participacion-ciudadana\\\/#breadcrumb\"},\"inLanguage\":\"es\",\"potentialAction\":[{\"@type\":\"ReadAction\",\"target\":[\"https:\\\/\\\/www.manabi.gob.ec\\\/index.php\\\/direccion-de-participacion-ciudadana\\\/\"]}]},{\"@type\":\"BreadcrumbList\",\"@id\":\"https:\\\/\\\/www.manabi.gob.ec\\\/index.php\\\/direccion-de-participacion-ciudadana\\\/#breadcrumb\",\"itemListElement\":[{\"@type\":\"ListItem\",\"position\":1,\"name\":\"Portada\",\"item\":\"https:\\\/\\\/www.manabi.gob.ec\\\/\"},{\"@type\":\"ListItem\",\"position\":2,\"name\":\"Direcci\u00f3n de Participaci\u00f3n Ciudadana\"}]},{\"@type\":\"WebSite\",\"@id\":\"https:\\\/\\\/www.manabi.gob.ec\\\/#website\",\"url\":\"https:\\\/\\\/www.manabi.gob.ec\\\/\",\"name\":\"Prefectura de Manab\u00ed\",\"description\":\"P\u00e1gina web de la prefectura\",\"potentialAction\":[{\"@type\":\"SearchAction\",\"target\":{\"@type\":\"EntryPoint\",\"urlTemplate\":\"https:\\\/\\\/www.manabi.gob.ec\\\/?s={search_term_string}\"},\"query-input\":{\"@type\":\"PropertyValueSpecification\",\"valueRequired\":true,\"valueName\":\"search_term_string\"}}],\"inLanguage\":\"es\"}]}<\/script>\n<!-- \/ Yoast SEO plugin. -->","yoast_head_json":{"title":"Direcci\u00f3n de Participaci\u00f3n Ciudadana - Prefectura de Manab\u00ed","robots":{"index":"index","follow":"follow","max-snippet":"max-snippet:-1","max-image-preview":"max-image-preview:large","max-video-preview":"max-video-preview:-1"},"canonical":"https:\/\/www.manabi.gob.ec\/index.php\/direccion-de-participacion-ciudadana\/","og_locale":"es_ES","og_type":"article","og_title":"Direcci\u00f3n de Participaci\u00f3n Ciudadana - Prefectura de Manab\u00ed","og_description":"[vc_row color_skin=\u00bbskin-dark\u00bb bg_overlay_mode=\u00bbcolor\u00bb bg_overlay_color=\u00bbrgba(3,101,54,0.95)\u00bb css=\u00bb.vc_custom_1591483343843{background-image: url(http:\/\/www.manabi.gob.ec\/wp-content\/uploads\/2020\/06\/09abr.jpg?id=2823) !important;background-position: center !important;background-repeat: no-repeat !important;background-size: cover !important;}\u00bb][vc_column][gsf_space desktop=\u00bb75&#8243; tablet=\u00bb80&#8243; tablet_portrait=\u00bb70&#8243; mobile_landscape=\u00bb60&#8243; mobile=\u00bb60&#8243;][\/vc_column][vc_column width=\u00bb1\/3&#8243; offset=\u00bbvc_col-md-offset-1&#8243;][vc_column_text] Participaci\u00f3n Ciudadana. Integrando a los manabitas. [\/vc_column_text][\/vc_column][vc_column width=\u00bb7\/12&#8243; offset=\u00bbvc_col-md-6&#8243;][vc_column_text css=\u00bb.vc_custom_1591483560889{margin-bottom: 45px !important;}\u00bb] Creemos en la participaci\u00f3n ciudadana real y efectiva. En un a\u00f1o de gesti\u00f3n llegamos a todo Manab\u00ed para trabajar junto a las comunidades [&hellip;]","og_url":"https:\/\/www.manabi.gob.ec\/index.php\/direccion-de-participacion-ciudadana\/","og_site_name":"Prefectura de Manab\u00ed","article_modified_time":"2025-07-25T13:40:17+00:00","twitter_card":"summary_large_image","twitter_misc":{"Tiempo de lectura":"2 minutos"},"schema":{"@context":"https:\/\/schema.org","@graph":[{"@type":"WebPage","@id":"https:\/\/www.manabi.gob.ec\/index.php\/direccion-de-participacion-ciudadana\/","url":"https:\/\/www.manabi.gob.ec\/index.php\/direccion-de-participacion-ciudadana\/","name":"Direcci\u00f3n de Participaci\u00f3n Ciudadana - Prefectura de Manab\u00ed","isPartOf":{"@id":"https:\/\/www.manabi.gob.ec\/#website"},"datePublished":"2020-06-04T23:48:45+00:00","dateModified":"2025-07-25T13:40:17+00:00","breadcrumb":{"@id":"https:\/\/www.manabi.gob.ec\/index.php\/direccion-de-participacion-ciudadana\/#breadcrumb"},"inLanguage":"es","potentialAction":[{"@type":"ReadAction","target":["https:\/\/www.manabi.gob.ec\/index.php\/direccion-de-participacion-ciudadana\/"]}]},{"@type":"BreadcrumbList","@id":"https:\/\/www.manabi.gob.ec\/index.php\/direccion-de-participacion-ciudadana\/#breadcrumb","itemListElement":[{"@type":"ListItem","position":1,"name":"Portada","item":"https:\/\/www.manabi.gob.ec\/"},{"@type":"ListItem","position":2,"name":"Direcci\u00f3n de Participaci\u00f3n Ciudadana"}]},{"@type":"WebSite","@id":"https:\/\/www.manabi.gob.ec\/#website","url":"https:\/\/www.manabi.gob.ec\/","name":"Prefectura de Manab\u00ed","description":"P\u00e1gina web de la prefectura","potentialAction":[{"@type":"SearchAction","target":{"@type":"EntryPoint","urlTemplate":"https:\/\/www.manabi.gob.ec\/?s={search_term_string}"},"query-input":{"@type":"PropertyValueSpecification","valueRequired":true,"valueName":"search_term_string"}}],"inLanguage":"es"}]}},"_links":{"self":[{"href":"https:\/\/www.manabi.gob.ec\/index.php\/wp-json\/wp\/v2\/pages\/2709","targetHints":{"allow":["GET"]}}],"collection":[{"href":"https:\/\/www.manabi.gob.ec\/index.php\/wp-json\/wp\/v2\/pages"}],"about":[{"href":"https:\/\/www.manabi.gob.ec\/index.php\/wp-json\/wp\/v2\/types\/page"}],"author":[{"embeddable":true,"href":"https:\/\/www.manabi.gob.ec\/index.php\/wp-json\/wp\/v2\/users\/1"}],"replies":[{"embeddable":true,"href":"https:\/\/www.manabi.gob.ec\/index.php\/wp-json\/wp\/v2\/comments?post=2709"}],"version-history":[{"count":10,"href":"https:\/\/www.manabi.gob.ec\/index.php\/wp-json\/wp\/v2\/pages\/2709\/revisions"}],"predecessor-version":[{"id":31572,"href":"https:\/\/www.manabi.gob.ec\/index.php\/wp-json\/wp\/v2\/pages\/2709\/revisions\/31572"}],"wp:attachment":[{"href":"https:\/\/www.manabi.gob.ec\/index.php\/wp-json\/wp\/v2\/media?parent=2709"}],"curies":[{"name":"wp","href":"https:\/\/api.w.org\/{rel}","templated":true}]}}